{"id":417,"date":"2022-01-12T14:47:36","date_gmt":"2022-01-12T16:47:36","guid":{"rendered":"https:\/\/portal-sima-homologacao.azurewebsites.net\/ipa\/?page_id=417"},"modified":"2026-02-09T15:02:06","modified_gmt":"2026-02-09T18:02:06","slug":"conselho-editorial","status":"publish","type":"page","link":"https:\/\/www.infraestruturameioambiente.sp.gov.br\/ipa\/conselho-editorial\/","title":{"rendered":"Conselho Editorial"},"content":{"rendered":"<p>[vc_row][vc_column width=&#8221;2\/3&#8243;][vc_column_text]<img decoding=\"async\" loading=\"lazy\" class=\"alignleft size-wcfixedheight wp-image-1228\" src=\"https:\/\/smastr16.blob.core.windows.net\/2001\/sites\/261\/2022\/04\/conselho-editorial-site-ipa-1-1358x500.jpg\" alt=\"\" width=\"1358\" height=\"500\" srcset=\"https:\/\/www.infraestruturameioambiente.sp.gov.br\/ipa\/wp-content\/uploads\/sites\/261\/2022\/04\/conselho-editorial-site-ipa-1-1358x500.jpg 1358w, https:\/\/www.infraestruturameioambiente.sp.gov.br\/ipa\/wp-content\/uploads\/sites\/261\/2022\/04\/conselho-editorial-site-ipa-1-300x110.jpg 300w, https:\/\/www.infraestruturameioambiente.sp.gov.br\/ipa\/wp-content\/uploads\/sites\/261\/2022\/04\/conselho-editorial-site-ipa-1-1024x377.jpg 1024w, https:\/\/www.infraestruturameioambiente.sp.gov.br\/ipa\/wp-content\/uploads\/sites\/261\/2022\/04\/conselho-editorial-site-ipa-1-768x283.jpg 768w, https:\/\/www.infraestruturameioambiente.sp.gov.br\/ipa\/wp-content\/uploads\/sites\/261\/2022\/04\/conselho-editorial-site-ipa-1-1536x566.jpg 1536w, https:\/\/www.infraestruturameioambiente.sp.gov.br\/ipa\/wp-content\/uploads\/sites\/261\/2022\/04\/conselho-editorial-site-ipa-1-250x92.jpg 250w, https:\/\/www.infraestruturameioambiente.sp.gov.br\/ipa\/wp-content\/uploads\/sites\/261\/2022\/04\/conselho-editorial-site-ipa-1-550x203.jpg 550w, https:\/\/www.infraestruturameioambiente.sp.gov.br\/ipa\/wp-content\/uploads\/sites\/261\/2022\/04\/conselho-editorial-site-ipa-1-800x295.jpg 800w, https:\/\/www.infraestruturameioambiente.sp.gov.br\/ipa\/wp-content\/uploads\/sites\/261\/2022\/04\/conselho-editorial-site-ipa-1-489x180.jpg 489w, https:\/\/www.infraestruturameioambiente.sp.gov.br\/ipa\/wp-content\/uploads\/sites\/261\/2022\/04\/conselho-editorial-site-ipa-1-815x300.jpg 815w, https:\/\/www.infraestruturameioambiente.sp.gov.br\/ipa\/wp-content\/uploads\/sites\/261\/2022\/04\/conselho-editorial-site-ipa-1.jpg 1765w\" sizes=\"(max-width: 1358px) 100vw, 1358px\" \/><\/p>\n<p>&nbsp;<\/p>\n<p>O Conselho Editorial \u00e9 o encarregado da pol\u00edtica editorial do\u00a0<strong>IPA &#8211; Instituto de Pesquisas Ambientais, <\/strong>sempre com base em crit\u00e9rios \u00e9ticos de publica\u00e7\u00e3o, mantendo os mais altos padr\u00f5es de integridade editorial, confidencialidade e imparcialidade<\/p>\n<p>Suas atribui\u00e7\u00f5es compreendem a promo\u00e7\u00e3o de interc\u00e2mbio e coopera\u00e7\u00e3o entre os peri\u00f3dicos e publica\u00e7\u00f5es do instituto, e o planejamento de mecanismos para a qualifica\u00e7\u00e3o, atualiza\u00e7\u00e3o, valoriza\u00e7\u00e3o e divulga\u00e7\u00e3o dos peri\u00f3dicos e demais publica\u00e7\u00f5es.<\/p>\n<p>Opina sobre t\u00edtulos a serem publicados e arte final das publica\u00e7\u00f5es, recomendando crit\u00e9rios para a defini\u00e7\u00e3o de tiragem e distribui\u00e7\u00e3o das publica\u00e7\u00f5es.<\/p>\n<p>Sobre recursos humanos, prop\u00f5e medidas para a aloca\u00e7\u00e3o destes recursos e para a capacita\u00e7\u00e3o das comiss\u00f5es editoriais dos peri\u00f3dicos e demais publica\u00e7\u00f5es, al\u00e9m de zelar pelos materiais para a produ\u00e7\u00e3o editorial do Instituto de Pesquisas Ambientais.<\/p>\n<p>Composi\u00e7\u00e3o:<\/p>\n<div class=\"x_elementToProof\" data-ogsc=\"rgb(0, 0, 0)\"><b data-ogsc=\"\" data-olk-copy-source=\"MessageBody\">Membros do Conselho Editorial do IPA (Portaria IPA N\u00ba 010 de 27\/05\/2025)<\/b><\/div>\n<div class=\"x_elementToProof\" data-ogsc=\"rgb(0, 0, 0)\"><b data-ogsc=\"\">Membros natos:<\/b><\/div>\n<div data-ogsc=\"rgb(0, 0, 0)\"><span style=\"text-decoration: underline\">Coordenadora da Coordenadoria de Gest\u00e3o do Conhecimento<\/span>:<\/div>\n<div data-ogsc=\"rgb(0, 0, 0)\">Vanessa Rebou\u00e7as dos Santos<\/div>\n<div data-ogsc=\"rgb(0, 0, 0)\"><span style=\"text-decoration: underline\">Departamento de Gest\u00e3o de Acervos<\/span>:<\/div>\n<div data-ogsc=\"rgb(0, 0, 0)\">Elvis Jose Nunes da Silva<\/div>\n<div data-ogsc=\"rgb(0, 0, 0)\"><span style=\"text-decoration: underline\">Servi\u00e7o de Bibliotecas, Mapotecas, Museus, Acervos Arquiv\u00edsticos e Iconogr\u00e1ficos<\/span>:<\/div>\n<div data-ogsc=\"rgb(0, 0, 0)\">Marcia Vieira Silva<\/div>\n<div data-ogsc=\"rgb(0, 0, 0)\"><b data-ogsc=\"\">Membros Internos:<\/b><\/div>\n<div data-ogsc=\"rgb(0, 0, 0)\">Iracema Helena Schoenlein-Crusius &#8211; \u00c1rea de Bot\u00e2nica<\/div>\n<div data-ogsc=\"rgb(0, 0, 0)\">Frederico Alexandre Roccia Dal Pozzo Arzolla &#8211; \u00c1rea de Ci\u00eancias Florestais<\/div>\n<div data-ogsc=\"rgb(0, 0, 0)\">Silvio Takashi Hiruma &#8211; \u00c1rea de Geoci\u00eancias<\/div>\n<div data-ogsc=\"rgb(0, 0, 0)\">Nelson Augusto dos Santos Junior &#8211; \u00c1rea de Biodiversidade<\/div>\n<div data-ogsc=\"rgb(0, 0, 0)\">Humberto Gallo J\u00fanior &#8211; Representante da Comunidade Cient\u00edfica Interna<\/div>\n<div data-ogsc=\"rgb(0, 0, 0)\">Gustavo Armani &#8211; Representante da Comunidade Cient\u00edfica Interna<\/div>\n<div data-ogsc=\"rgb(0, 0, 0)\"><b data-ogsc=\"\">Membros Internos:<\/b><\/div>\n<div data-ogsc=\"rgb(0, 0, 0)\">Maria Beatriz Rossi Caruzo &#8211; Representante da Comunidade Cient\u00edfica Externa<\/div>\n<div data-ogsc=\"rgb(0, 0, 0)\">Mirian Ramos Gutjahr &#8211; Representante da Comunidade Cient\u00edfica Externa<\/div>\n<p>&nbsp;<\/p>\n<table style=\"height: 416px;width: 97.5832%;border-style: solid;border-color: #000000\">\n<tbody>\n<tr style=\"border-style: solid;border-color: #000000\">\n<td style=\"height: 24px;border-style: solid;border-color: #000000;text-align: center;width: 98.8991%\" colspan=\"2\"><strong>PORTARIAS<\/strong><\/td>\n<\/tr>\n<tr style=\"border-style: solid;border-color: #000000\">\n<td style=\"height: 24px;border-style: solid;border-color: #000000;width: 98.8991%\" colspan=\"2\"><a href=\"https:\/\/www.doe.sp.gov.br\/executivo\/secretaria-de-meio-ambiente-infraestrutura-e-logistica\/portaria-ipa-n-010-2025-de-27-de-maio-de-2025-2025052711321882151103742\"><span data-olk-copy-source=\"MessageBody\">Portaria IPA n\u00ba 010-2025 \u2013 Membros do Conselho Editorial<\/span><\/a><strong><br \/>\n<\/strong><\/td>\n<\/tr>\n<tr style=\"border-style: solid;border-color: #000000\">\n<td style=\"height: 24px;border-color: #000000;border-style: solid;width: 98.8991%\" colspan=\"2\"><a href=\"https:\/\/www.doe.sp.gov.br\/executivo\/secretaria-de-meio-ambiente-infraestrutura-e-logistica\/portaria-ipa-n-009-2025-de-28-de-maio-de-2025-2025052811321882151106488\">Portaria IPA n\u00ba 009-2025 \u2013 Regimento d<span data-olk-copy-source=\"MessageBody\">o Conselho Editorial<\/span><\/a><\/td>\n<\/tr>\n<tr style=\"border-style: solid;border-color: #000000\">\n<td style=\"height: 24px;border-style: solid;border-color: #000000;text-align: center;width: 98.8991%\" colspan=\"2\"><strong>ATAS<\/strong><\/td>\n<\/tr>\n<tr style=\"border-style: solid;border-color: #000000\">\n<td style=\"height: 24px;border-style: solid;border-color: #000000;width: 48.9908%;text-align: center\"><strong>TIPO DE REUNI\u00c3O<\/strong><\/td>\n<td style=\"height: 24px;border-style: solid;border-color: #000000;width: 49.9083%;text-align: center\"><strong>DATA<\/strong><\/td>\n<\/tr>\n<tr style=\"border-style: solid;border-color: #000000\">\n<td style=\"height: 248px;border-style: solid;border-color: #000000;width: 48.9908%;text-align: center\" rowspan=\"4\"><strong>Reuni\u00e3o Ordin\u00e1ria<\/strong><strong><br \/>\n<\/strong><\/td>\n<td style=\"height: 80px;border-style: solid;border-color: #000000;width: 49.9083%\"><a href=\"https:\/\/smastr16.blob.core.windows.net\/2001\/sites\/261\/2022\/11\/sumula_01_posse_conselho_editorial_ipa.pdf.pdf\">ATA 1\u00aa Reuni\u00e3o e posse dos Conselheiros<\/a>\u00a0(PDF)<\/td>\n<\/tr>\n<tr style=\"border-style: solid;border-color: #000000\">\n<td style=\"height: 56px;border-style: solid;border-color: #000000;width: 49.9083%\"><a href=\"https:\/\/smastr16.blob.core.windows.net\/2001\/sites\/261\/2022\/11\/sumula_02_reuniao_conselho_editorial_ipa.pdf.pdf\">ATA 2\u00aa Reuni\u00e3o<\/a> (PDF)<\/td>\n<\/tr>\n<tr style=\"border-style: solid;border-color: #000000\">\n<td style=\"height: 56px;border-style: solid;border-color: #000000;width: 49.9083%\"><a href=\"https:\/\/smastr16.blob.core.windows.net\/2001\/sites\/261\/2022\/11\/sumula_03_reuniao_conselho_editorial_ipa.pdf.pdf\">ATA 3\u00aa Reuni\u00e3o<\/a> (PDF)<\/td>\n<\/tr>\n<tr style=\"border-style: solid;border-color: #000000\">\n<td style=\"height: 56px;border-style: solid;border-color: #000000;width: 49.9083%\"><a href=\"https:\/\/smastr16.blob.core.windows.net\/2001\/sites\/261\/2022\/11\/sumula_04_reuniao_conselho_editorial_ipa.pdf.pdf\">ATA 4\u00aa Reuni\u00e3o<\/a> (PDF)<\/td>\n<\/tr>\n<tr style=\"border-style: solid;border-color: #000000\">\n<td style=\"height: 48px;border-style: solid;border-color: #000000;width: 48.9908%;text-align: center\"><strong>Reuni\u00e3o Extraordin\u00e1ria<\/strong><\/td>\n<td style=\"height: 48px;border-style: solid;border-color: #000000;width: 49.9083%\"><\/td>\n<\/tr>\n<\/tbody>\n<\/table>\n<p>[\/vc_column_text][\/vc_column][vc_column width=&#8221;1\/3&#8243;][vc_column_text]<\/p>\n<h4>Gest\u00e3o do Conhecimento<\/h4>\n<ul>\n<li><strong>Conselho Editorial<\/strong><\/li>\n<li><a href=\"https:\/\/www.infraestruturameioambiente.sp.gov.br\/ipa\/orgaos-colegiados\/comissao-de-ensino-e-extensao\/\">Comiss\u00e3o de Ensino e Extens\u00e3o<\/a><\/li>\n<\/ul>\n<p>[\/vc_column_text][\/vc_column][\/vc_row]<\/p>\n","protected":false},"excerpt":{"rendered":"<p>[vc_row][vc_column width=&#8221;2\/3&#8243;][vc_column_text] &nbsp; O Conselho Editorial \u00e9 o encarregado da pol\u00edtica editorial do\u00a0IPA &#8211; Instituto de Pesquisas Ambientais, sempre com base em crit\u00e9rios \u00e9ticos de publica\u00e7\u00e3o, mantendo os mais altos [&hellip;]<\/p>\n","protected":false},"author":184,"featured_media":0,"parent":0,"menu_order":0,"comment_status":"closed","ping_status":"closed","template":"","meta":[],"_links":{"self":[{"href":"https:\/\/www.infraestruturameioambiente.sp.gov.br\/ipa\/wp-json\/wp\/v2\/pages\/417"}],"collection":[{"href":"https:\/\/www.infraestruturameioambiente.sp.gov.br\/ipa\/wp-json\/wp\/v2\/pages"}],"about":[{"href":"https:\/\/www.infraestruturameioambiente.sp.gov.br\/ipa\/wp-json\/wp\/v2\/types\/page"}],"author":[{"embeddable":true,"href":"https:\/\/www.infraestruturameioambiente.sp.gov.br\/ipa\/wp-json\/wp\/v2\/users\/184"}],"replies":[{"embeddable":true,"href":"https:\/\/www.infraestruturameioambiente.sp.gov.br\/ipa\/wp-json\/wp\/v2\/comments?post=417"}],"version-history":[{"count":12,"href":"https:\/\/www.infraestruturameioambiente.sp.gov.br\/ipa\/wp-json\/wp\/v2\/pages\/417\/revisions"}],"predecessor-version":[{"id":9254,"href":"https:\/\/www.infraestruturameioambiente.sp.gov.br\/ipa\/wp-json\/wp\/v2\/pages\/417\/revisions\/9254"}],"wp:attachment":[{"href":"https:\/\/www.infraestruturameioambiente.sp.gov.br\/ipa\/wp-json\/wp\/v2\/media?parent=417"}],"curies":[{"name":"wp","href":"https:\/\/api.w.org\/{rel}","templated":true}]}}