{"id":3843,"date":"2023-07-10T13:13:14","date_gmt":"2023-07-10T16:13:14","guid":{"rendered":"https:\/\/www.infraestruturameioambiente.sp.gov.br\/ipa\/?page_id=3843"},"modified":"2024-11-19T13:42:50","modified_gmt":"2024-11-19T16:42:50","slug":"palinoteca-do-laboratorio-de-palinologia-palino-ipa","status":"publish","type":"page","link":"https:\/\/www.infraestruturameioambiente.sp.gov.br\/ipa\/colecoes\/palinoteca-do-laboratorio-de-palinologia-palino-ipa\/","title":{"rendered":"Palinoteca do Laborat\u00f3rio de Palinologia (PALINO-IPA)"},"content":{"rendered":"<p>[vc_row][vc_column width=&#8221;2\/3&#8243;][vc_column_text]<\/p>\n<div class=\"wc-gallery\"><div class='wcflexslider-container wc-gallery-bottomspace-default wc-gallery-clear'><div id='gallery-1' class='gallery wc-gallery-captions-onhover gallery-link-file wcflexslider wcsliderauto' data-gutter-width='5' data-columns='1' data-hide-controls='false'><ul class='slides'>\n\t\t\t\t<li class='gallery-item gallery-item-position-1 gallery-item-attachment-3844 wcflex-slide-item'>\n\t\t\t\t\t<div class='gallery-icon landscape'>\n\t\t\t\t\t\t<a href=\"https:\/\/smastr16.blob.core.windows.net\/2001\/sites\/261\/2023\/07\/palinoteca-01.jpg\" target=\"_self\"><img src='https:\/\/smastr16.blob.core.windows.net\/2001\/sites\/261\/2023\/07\/palinoteca-01.jpg' width='844' height='703' alt='' \/><\/a>\n\t\t\t\t\t<\/div><\/li>\n\t\t\t\t<li class='gallery-item gallery-item-position-2 gallery-item-attachment-3845 wcflex-slide-item'>\n\t\t\t\t\t<div class='gallery-icon landscape'>\n\t\t\t\t\t\t<a href=\"https:\/\/smastr16.blob.core.windows.net\/2001\/sites\/261\/2023\/07\/palinoteca-02.jpg\" target=\"_self\"><img src='https:\/\/smastr16.blob.core.windows.net\/2001\/sites\/261\/2023\/07\/palinoteca-02.jpg' width='767' height='662' alt='' \/><\/a>\n\t\t\t\t\t<\/div><\/li>\n\t\t\t\t<li class='gallery-item gallery-item-position-3 gallery-item-attachment-3846 wcflex-slide-item'>\n\t\t\t\t\t<div class='gallery-icon landscape'>\n\t\t\t\t\t\t<a href=\"https:\/\/smastr16.blob.core.windows.net\/2001\/sites\/261\/2023\/07\/palinoteca-03.jpg\" target=\"_self\"><img src='https:\/\/smastr16.blob.core.windows.net\/2001\/sites\/261\/2023\/07\/palinoteca-03.jpg' width='985' height='699' alt='' \/><\/a>\n\t\t\t\t\t<\/div><\/li>\n\t\t\t\t<li class='gallery-item gallery-item-position-4 gallery-item-attachment-3847 wcflex-slide-item'>\n\t\t\t\t\t<div class='gallery-icon portrait'>\n\t\t\t\t\t\t<a href=\"https:\/\/smastr16.blob.core.windows.net\/2001\/sites\/261\/2023\/07\/palinoteca-04.jpg\" target=\"_self\"><img src='https:\/\/smastr16.blob.core.windows.net\/2001\/sites\/261\/2023\/07\/palinoteca-04.jpg' width='610' height='620' alt='' \/><\/a>\n\t\t\t\t\t<\/div><\/li>\n\t\t\t\t<li class='gallery-item gallery-item-position-5 gallery-item-attachment-3848 wcflex-slide-item'>\n\t\t\t\t\t<div class='gallery-icon portrait'>\n\t\t\t\t\t\t<a href=\"https:\/\/smastr16.blob.core.windows.net\/2001\/sites\/261\/2023\/07\/palinoteca-05.jpg\" target=\"_self\"><img src='https:\/\/smastr16.blob.core.windows.net\/2001\/sites\/261\/2023\/07\/palinoteca-05.jpg' width='599' height='651' alt='' \/><\/a>\n\t\t\t\t\t<\/div><\/li>\n\t\t\t\t<li class='gallery-item gallery-item-position-6 gallery-item-attachment-3849 wcflex-slide-item'>\n\t\t\t\t\t<div class='gallery-icon portrait'>\n\t\t\t\t\t\t<a href=\"https:\/\/smastr16.blob.core.windows.net\/2001\/sites\/261\/2023\/07\/palinoteca-06.jpg\" target=\"_self\"><img src='https:\/\/smastr16.blob.core.windows.net\/2001\/sites\/261\/2023\/07\/palinoteca-06.jpg' width='588' height='617' alt='' \/><\/a>\n\t\t\t\t\t<\/div><\/li><\/ul><\/div>\n<\/div>\n<\/div>\n<p>&nbsp;<\/p>\n<p><strong>OBJETIVO<\/strong><\/p>\n<p>A Palinoteca do Laborat\u00f3rio de Palinologia &#8211; PALINO-IPA tem como objetivo ser deposit\u00e1ria, realizar a guarda, a preserva\u00e7\u00e3o e a manuten\u00e7\u00e3o do acervo de l\u00e2minas de microscopia contendo gr\u00e3os de p\u00f3len e esporos de samambaias e lic\u00f3fitas, possibilitando e subsidiando a pesquisa cient\u00edfica e o uso t\u00e9cnico e educativo dos materiais.<\/p>\n<p>Tem como miss\u00e3o gerar, organizar, perpetuar e difundir o conhecimento palinol\u00f3gico, subsidiando pesquisas e projetos cient\u00edficos na \u00e1rea palinol\u00f3gica e biogeogr\u00e1fica realizados no \u00e2mbito nacional e internacional.<\/p>\n<p><strong>HIST\u00d3RIA<\/strong><\/p>\n<p>A Palinoteca do antigo Instituto de Bot\u00e2nica teve in\u00edcio na d\u00e9cada de 60 do s\u00e9culo XX, com a cole\u00e7\u00e3o de l\u00e2minas de Cerrado, advinda das pesquisas desenvolvidas pelo grupo liderado pela Dra. Maria L\u00e9a Salgado-Labouriau, no Laborat\u00f3rio de Fisiologia Vegetal da Se\u00e7\u00e3o de Geobot\u00e2nica. Em 1969, a cole\u00e7\u00e3o foi transferida para o Edif\u00edcio da Fitotaxonomia, na Se\u00e7\u00e3o de Dicotiled\u00f4neas, sob a curadoria da Dra. Therezinha Sant\u00b4Anna Melhem, local onde permanece at\u00e9 os dias atuais.<\/p>\n<p>A Palinoteca passou por uma reforma em 1998, com recursos oriundos da FAPESP, ampliando seus espa\u00e7os e adquirindo novos arm\u00e1rios planejados especialmente para a cole\u00e7\u00e3o, com gavetas para acomoda\u00e7\u00e3o das l\u00e2minas de microscopia horizontalmente, possibilitando sua expans\u00e3o para at\u00e9 180.000 l\u00e2minas.<\/p>\n<p>Pelo Decreto 55.165\/2009, que instituiu, \u00e0 \u00e9poca, um novo organograma para o Instituto de Bot\u00e2nica, criou-se o Conselho de Curadores dos acervos. Na ocasi\u00e3o, a Dra Cynthia Fernandes Pinto da Luz assumiu a curadoria da Palinoteca, permanecendo na fun\u00e7\u00e3o at\u00e9 os dias atuais.<\/p>\n<p><strong>IMPORT\u00c2NCIA e USOS<\/strong><\/p>\n<p>A Cole\u00e7\u00e3o Palinoteca &#8211; PALINO-IPA \u00e9 um rico acervo que rotineiramente \u00e9 utilizado pelos pesquisadores cient\u00edficos em suas an\u00e1lises, auxiliando as pesquisas desenvolvidas pela equipe do laborat\u00f3rio e por alunos de gradua\u00e7\u00e3o e p\u00f3s-gradua\u00e7\u00e3o. Constitui-se em um suporte para as pesquisas voltadas aos estudos taxon\u00f4micos, de esp\u00e9cies mel\u00edferas, alerg\u00f3genas, contidas nos sedimentos de solo, na precipita\u00e7\u00e3o esporo-pol\u00ednica da atmosfera, dentre outras.<\/p>\n<p>Os dados gerados sobre a morfologia esporo-pol\u00ednica dos esp\u00e9cimes depositados na Palinoteca podem ser aplicados em diversas \u00e1reas do conhecimento, como na Sa\u00fade, em especial auxiliando os m\u00e9dicos alergistas e ind\u00fastrias farmac\u00eauticas ao identificar o p\u00f3len alerg\u00eanico de algumas esp\u00e9cies vegetais; nas Ci\u00eancias Agr\u00e1rias, Zootecnia, Recursos Florestais e Engenharia Florestal e Tecnologia de Alimentos, certificando a origem bot\u00e2nica e a qualidade dos produtos das abelhas para apicultores, meliponicultores e ind\u00fastrias de alimentos; nas Ci\u00eancias Biol\u00f3gicas (Bot\u00e2nica, Ecologia, Zoologia), embasando os estudos de poliniza\u00e7\u00e3o; nas Geoci\u00eancias (Geologia) e Ci\u00eancias Humanas (Geografia), fornecendo informa\u00e7\u00f5es atuais e pret\u00e9ritas sobre a sedimenta\u00e7\u00e3o esporo-pol\u00ednica nos diferentes ecossistemas, para complementar as pesquisas de ge\u00f3logos, paleobot\u00e2nicos, arque\u00f3logos, e para a ind\u00fastria petrol\u00edfera.<\/p>\n<p><strong>DESCRI\u00c7\u00c3O DO ACERVO<\/strong><\/p>\n<p>O Laborat\u00f3rio de Palinologia &#8211; PALINO-IPA possui o maior acervo palinol\u00f3gico do pa\u00eds, depositado em uma Palinoteca.<\/p>\n<p>A Palinoteca conta com l\u00e2minas de microscopia contendo p\u00f3len e esporos de fam\u00edlias de plantas da atualidade, bem como de diversos tipos de amostras, com os dados descritivos e registros fotogr\u00e1ficos desse material j\u00e1 publicados em peri\u00f3dicos institucional, nacionais e internacionais.<\/p>\n<p>Existem quatro subcole\u00e7\u00f5es da Palinoteca:<\/p>\n<p><strong>Palinoteca de refer\u00eancia:<\/strong> \u00e9 a cole\u00e7\u00e3o de l\u00e2minas de microscopia contendo gr\u00e3os de p\u00f3len e esporos de samambaias e lic\u00f3fitas acetolisados, montados em gelatina-glicerinada e selados com parafina.<\/p>\n<p>Conta com cerca de 25.253 l\u00e2minas, provenientes de cerca de 3.000 esp\u00e9cies vegetais brasileiras, determinadas por especialistas nas diversas fam\u00edlias bot\u00e2nicas e que possuem <em>vouchers<\/em> depositados nos herb\u00e1rios, compreendendo centenas de esp\u00e9cies viventes, incluindo as plantas herb\u00e1ceas, arbustivas e arb\u00f3reas;<\/p>\n<p><strong>Palinoteca ecol\u00f3gica:<\/strong> \u00e9 a cole\u00e7\u00e3o de l\u00e2minas de microscopia contendo gr\u00e3os de p\u00f3len e esporos de samambaias e lic\u00f3fitas n\u00e3o acetolisados e acetolisados, montados em gelatina-glicerinada e selados com parafina, provenientes de amostras analisadas de produtos ap\u00edcolas e melipon\u00edcolas, de v\u00e1rias regi\u00f5es do Brasil.<\/p>\n<p>Conta com cerca de 4.579 l\u00e2minas, provenientes de produtos ap\u00edcolas e melipon\u00edcolas, bem como com aproximadamente 4.000 l\u00e2minas de amostras recolhidas dos corpos de polinizadores (mariposas, borboletas, aves, morcegos);<\/p>\n<p><strong>Palinoteca Paleoecol\u00f3gica:<\/strong> \u00e9 a cole\u00e7\u00e3o de l\u00e2minas de microscopia contendo gr\u00e3os de p\u00f3len e esporos de samambaias e lic\u00f3fitas acetolisados, de amostras analisadas de sedimentos e solos quatern\u00e1rios contendo microf\u00f3sseis, montados em gelatina-glicerinada e selados com parafina.<\/p>\n<p>Conta com cerca de 3.500 l\u00e2minas;<\/p>\n<p><strong>Palinoteca did\u00e1tica:<\/strong> \u00e9 a cole\u00e7\u00e3o de l\u00e2minas de microscopia contendo gr\u00e3os de p\u00f3len e esporos de samambaias e lic\u00f3fitas acetolisados, montados em gelatina-glicerinada e selados com parafina.<\/p>\n<p>Conta com 153 l\u00e2minas de diversas esp\u00e9cies e que s\u00e3o usadas em aulas de Palinologia, ministradas pela equipe do Laborat\u00f3rio de Palinologia PALINO-IPA.<\/p>\n<p>A documenta\u00e7\u00e3o da Palinoteca de refer\u00eancia e Palinoteca did\u00e1tica \u00e9 feita atrav\u00e9s do registro no cat\u00e1logo geral (livro) e no banco de dados informatizado, onde s\u00e3o inseridos os n\u00fameros de registro da exsicata (n.\u00ba de tombo), siglas dos herb\u00e1rios, nomes das fam\u00edlias, nomes das esp\u00e9cies, locais de coleta, coordenadas geogr\u00e1ficas, biomas, localiza\u00e7\u00e3o das l\u00e2minas de microscopia nas gavetas apropriadas em que se encontram depositadas nos arm\u00e1rios e quantidades de l\u00e2minas de cada esp\u00e9cie. As l\u00e2minas de microscopia s\u00e3o gravadas com caneta de ponta diamantada, onde constam os dados do nome da fam\u00edlia, nome da esp\u00e9cie, sigla e n\u00famero do herb\u00e1rio.<\/p>\n<p>A documenta\u00e7\u00e3o da Palinoteca ecol\u00f3gica e paleoecol\u00f3gica \u00e9 feita atrav\u00e9s do registro em fichas controle em papel e no banco de dados informatizado, em planilha separada da Palinoteca de refer\u00eancia, onde s\u00e3o inseridos os n\u00fameros de registro das amostras, tipos de amostras, locais de coleta, coordenadas geogr\u00e1ficas, biomas, localiza\u00e7\u00e3o das l\u00e2minas de microscopia nas gavetas em que est\u00e3o depositadas e as quantidades de l\u00e2minas de cada amostra. As l\u00e2minas de microscopia s\u00e3o etiquetadas com os dados do tipo de amostra, n\u00famero de registro da amostra e localidade de coleta.<\/p>\n<p>Rotineiramente, s\u00e3o inclu\u00eddos novos materiais esporo-pol\u00ednicos provenientes de pesquisas de Palinotaxonomia, Melissopalinologia, Palinologia do Quatern\u00e1rio, etc.<\/p>\n<p>Todo o material, p\u00f3len ou esporo, depositado na Palinoteca, foi medido, descrito morfologicamente, fotografado e apresentado em publica\u00e7\u00f5es cient\u00edficas que se encontram disponibilizadas para a consulta <em>online<\/em> ou em bibliotecas.<\/p>\n<p><strong>ACESSO \u00c0 COLE\u00c7\u00c3O \u2013 PRESENCIAL<\/strong><\/p>\n<p>Para a realiza\u00e7\u00e3o de consultas a cole\u00e7\u00e3o da Palinoteca, \u00e9 necess\u00e1rio preencher o <a href=\"https:\/\/smastr16.blob.core.windows.net\/2001\/sites\/261\/2023\/03\/formulario_agendamento_palino-ipa.doc\">Formul\u00e1rio de Agendamento PALINO-IPA<\/a>, explicando a necessidade de uso, e envi\u00e1-lo junto a um e-mail para o seguinte endere\u00e7o eletr\u00f4nico: <a href=\"mailto:ipa.palino@sp.gov.br\">ipa.palino@sp.gov.br<\/a>.<\/p>\n<p>O Laborat\u00f3rio de Palinologia &#8211; PALINO-IPA atende aos pesquisadores cient\u00edficos do IPA, bem como pesquisadores, profissionais, p\u00f3s-graduandos e graduandos de outros \u00f3rg\u00e3os e institui\u00e7\u00f5es, consultores e profissionais diversos, para o desenvolvimento de seus projetos.<\/p>\n<p>Atualmente, a acessibilidade dos dados da Palinoteca somente \u00e9 realizada no pr\u00f3prio Laborat\u00f3rio de Palinologia PALINO-IPA, atrav\u00e9s da consulta in loco, sem interc\u00e2mbio (empr\u00e9stimo, doa\u00e7\u00e3o e permuta). \u00c9 proibida a retirada ou mesmo empr\u00e9stimo de l\u00e2minas pertencentes \u00e0 Palinoteca, do acervo fotogr\u00e1fico ou bibliogr\u00e1fico, sem a pr\u00e9via avalia\u00e7\u00e3o do curador ou seu substituto.<\/p>\n<p><strong>LOCALIZA\u00c7\u00c3O<\/strong><\/p>\n<p>Unidade Jardim Bot\u00e2nico -IPA, Pr\u00e9dio 4, segundo andar, Laborat\u00f3rio de Palinologia PALINO-IPA<\/p>\n<p><strong>CONTATOS<\/strong><\/p>\n<p>PALINO-IPA (<a href=\"mailto:ipa.palino@sp.gov.br\">ipa.palino@sp.gov.br<\/a>)<\/p>\n<p><strong>telefone: <\/strong>5067-6098<\/p>\n<p><strong>CURADORA:<\/strong><\/p>\n<ul>\n<li><a href=\"http:\/\/lattes.cnpq.br\/9803806414020991\">Cynthia Fernandes Pinto da Luz<\/a> (<a href=\"mailto:cluz@sp.gov.br\">cluz@sp.gov.br<\/a>)<\/li>\n<\/ul>\n<p>[\/vc_column_text][\/vc_column][vc_column width=&#8221;1\/3&#8243;][vc_column_text]<span style=\"font-size: 14pt\"><strong>Cole\u00e7\u00f5es do IPA<\/strong><\/span><\/p>\n<ul>\n<li><a href=\"https:\/\/www.infraestruturameioambiente.sp.gov.br\/ipa\/colecoes\/banco-ativo-de-germoplasma-de-arboreas-nativas\/\">Banco Ativo de Germoplasma de Arb\u00f3reas Nativas<\/a><\/li>\n<li><a href=\"https:\/\/www.infraestruturameioambiente.sp.gov.br\/ipa\/colecoes\/banco-ativo-de-germoplasma-de-arboreas-exoticas\/\">Banco Ativo de Germoplasma de Arb\u00f3reas Ex\u00f3ticas<\/a><\/li>\n<li><a href=\"https:\/\/www.infraestruturameioambiente.sp.gov.br\/ipa\/colecoes\/banco-de-sementes-bs-ipa\/\">Banco de Sementes<\/a><\/li>\n<li>Cole\u00e7\u00e3o de Plantas Vivas do Jardim Bot\u00e2nico de S\u00e3o Paulo<\/li>\n<li><a href=\"https:\/\/www.infraestruturameioambiente.sp.gov.br\/ipa\/colecoes\/colecao-de-culturas-de-algas-marinhas\/\">Culturas de Algas<\/a><\/li>\n<li><a href=\"https:\/\/www.infraestruturameioambiente.sp.gov.br\/ipa\/colecoes\/colecao-de-culturas-de-algas-cianobacterias-e-fungos\/\">Culturas de Fungos Basidiomicetos<\/a><\/li>\n<li><a href=\"https:\/\/www.infraestruturameioambiente.sp.gov.br\/ipa\/colecoes\/colecao-de-culturas-de-algas-cianobacterias-e-fungos\/\">Culturas de Fungos Terrestres e Aqu\u00e1ticos<\/a><\/li>\n<li>Extratoteca<\/li>\n<li><a href=\"https:\/\/www.infraestruturameioambiente.sp.gov.br\/ipa\/colecoes\/herbario-maria-eneyda-pacheco-kauffmann-fidalgo-herbario-sp\/\">Herb\u00e1rio SP<\/a>\n<ul>\n<li><a href=\"https:\/\/www.infraestruturameioambiente.sp.gov.br\/ipa\/colecoes\/herbario-maria-eneyda-pacheco-kauffmann-fidalgo-herbario-sp\/herbario-seccional-de-algas-sp-algae\/\">Algas<\/a><\/li>\n<li><a href=\"https:\/\/www.infraestruturameioambiente.sp.gov.br\/ipa\/colecoes\/herbario-maria-eneyda-pacheco-kauffmann-fidalgo-herbario-sp\/colecao-de-briofitas\/\">Bri\u00f3fitas<\/a><\/li>\n<li><a href=\"https:\/\/www.infraestruturameioambiente.sp.gov.br\/ipa\/colecoes\/herbario-maria-eneyda-pacheco-kauffmann-fidalgo-herbario-sp\/colecao-de-plantas-vasculares\/\">Vasculares<\/a><\/li>\n<li><a href=\"https:\/\/www.infraestruturameioambiente.sp.gov.br\/ipa\/colecoes\/herbario-maria-eneyda-pacheco-kauffmann-fidalgo-herbario-sp\/herbario-seccional-de-fungos-sp-fungi\/\">Fungos<\/a><\/li>\n<\/ul>\n<\/li>\n<li><a href=\"https:\/\/www.infraestruturameioambiente.sp.gov.br\/ipa\/colecoes\/herbario-dom-bento-jose-pickel-spsf\/\">Herb\u00e1rio SPSF<\/a><\/li>\n<li>Litoteca<\/li>\n<li>Paleontol\u00f3gico<\/li>\n<li><strong>Palinoteca<\/strong><\/li>\n<li>Petrogr\u00e1fica<\/li>\n<li>Xiloteca SPSFw<\/li>\n<\/ul>\n<p>[\/vc_column_text][\/vc_column][\/vc_row]<\/p>\n","protected":false},"excerpt":{"rendered":"<p>[vc_row][vc_column width=&#8221;2\/3&#8243;][vc_column_text] &nbsp; OBJETIVO A Palinoteca do Laborat\u00f3rio de Palinologia &#8211; PALINO-IPA tem como objetivo ser deposit\u00e1ria, realizar a guarda, a preserva\u00e7\u00e3o e a manuten\u00e7\u00e3o do acervo de l\u00e2minas de [&hellip;]<\/p>\n","protected":false},"author":107,"featured_media":0,"parent":49,"menu_order":0,"comment_status":"closed","ping_status":"closed","template":"","meta":[],"_links":{"self":[{"href":"https:\/\/www.infraestruturameioambiente.sp.gov.br\/ipa\/wp-json\/wp\/v2\/pages\/3843"}],"collection":[{"href":"https:\/\/www.infraestruturameioambiente.sp.gov.br\/ipa\/wp-json\/wp\/v2\/pages"}],"about":[{"href":"https:\/\/www.infraestruturameioambiente.sp.gov.br\/ipa\/wp-json\/wp\/v2\/types\/page"}],"author":[{"embeddable":true,"href":"https:\/\/www.infraestruturameioambiente.sp.gov.br\/ipa\/wp-json\/wp\/v2\/users\/107"}],"replies":[{"embeddable":true,"href":"https:\/\/www.infraestruturameioambiente.sp.gov.br\/ipa\/wp-json\/wp\/v2\/comments?post=3843"}],"version-history":[{"count":11,"href":"https:\/\/www.infraestruturameioambiente.sp.gov.br\/ipa\/wp-json\/wp\/v2\/pages\/3843\/revisions"}],"predecessor-version":[{"id":7531,"href":"https:\/\/www.infraestruturameioambiente.sp.gov.br\/ipa\/wp-json\/wp\/v2\/pages\/3843\/revisions\/7531"}],"up":[{"embeddable":true,"href":"https:\/\/www.infraestruturameioambiente.sp.gov.br\/ipa\/wp-json\/wp\/v2\/pages\/49"}],"wp:attachment":[{"href":"https:\/\/www.infraestruturameioambiente.sp.gov.br\/ipa\/wp-json\/wp\/v2\/media?parent=3843"}],"curies":[{"name":"wp","href":"https:\/\/api.w.org\/{rel}","templated":true}]}}