{"id":354,"date":"2022-01-07T16:05:18","date_gmt":"2022-01-07T18:05:18","guid":{"rendered":"https:\/\/portal-sima-homologacao.azurewebsites.net\/ipa\/?page_id=354"},"modified":"2025-11-05T08:49:01","modified_gmt":"2025-11-05T11:49:01","slug":"enderecos","status":"publish","type":"page","link":"https:\/\/www.infraestruturameioambiente.sp.gov.br\/ipa\/enderecos\/","title":{"rendered":"Endere\u00e7os"},"content":{"rendered":"<p>[vc_row][vc_column width=&#8221;2\/3&#8243;][vc_column_text]O <strong>IPA \u2013 Instituto de Pesquisas Ambientais<\/strong>, al\u00e9m da coordenadoria, possui em sua estrutura tr\u00eas unidades na cidade de S\u00e3o Paulo.<\/p>\n<p><strong>DIRETORIA<\/strong>\u00a0(<a href=\"https:\/\/www.google.com\/maps\/place\/Secretaria+de+Infraestrutura+e+Meio+Ambiente+do+-+Av.+Prof.+Frederico+Hermann+J%C3%BAnior,+345+-+Alto+de+Pinheiros,+S%C3%A3o+Paulo+-+SP,+05459-010\/@-23.5610952,-46.7038435,17z\/data=!3m1!4b1!4m5!3m4!1s0x94ce573fb9462641:0x6a1bdf7d80ba9065!8m2!3d-23.5610952!4d-46.7016548\">ver mapa<\/a>)<br \/>\nAv. Professor Frederico Hermann Junior, 345 &#8211; Alto de Pinheiros &#8211; S\u00e3o Paulo &#8211; SP<br \/>\nCEP: 05459-900<br \/>\nTelefone: (11) 3133-3000<br \/>\nE-mail: <a href=\"mailto:ipa.coordenadoria@sp.gov.br\">ipa.coordenadoria@sp.gov.br<\/a><\/p>\n<p><strong>UNIDADES:\u00a0<\/strong><\/p>\n<p><strong>Unidade Jardim Bot\u00e2nico <\/strong>(<a href=\"https:\/\/www.google.com\/maps\/place\/Instituto+de+Pesquisas+Ambientais\/@-23.6414998,-46.6244537,15z\/data=!4m12!1m6!3m5!1s0x0:0xe02451c8d4f252bc!2sJardim+Bot%C3%A2nico+de+S%C3%A3o+Paulo!8m2!3d-23.6414998!4d-46.6244537!3m4!1s0x94ce5b2332d49a81:0x1c5ee0ce48ff72d7!8m2!3d-23.6423922!4d-46.6221596\">ver mapa<\/a>)<br \/>\nAv. Miguel Estefno, 3.687 &#8211; \u00c1gua Funda &#8211; S\u00e3o Paulo &#8211; SP<br \/>\nCEP: 04301-902<br \/>\nTelefone: (11) 5067-6000<\/p>\n<p><strong>Unidade Horto Florestal <\/strong>(<a href=\"https:\/\/www.google.com\/maps\/place\/Instituto+Florestal\/@-23.4581102,-46.6364496,17z\/data=!4m13!1m7!3m6!1s0x94cef71dd2a5f1d7:0xcd512d4728219fa!2sR.+do+Horto,+931+-+Horto+Florestal,+S%C3%A3o+Paulo+-+SP,+02377-010!3b1!8m2!3d-23.4583977!4d-46.6344844!3m4!1s0x94cef763cac11e75:0xf0069085cff6b92f!8m2!3d-23.4582393!4d-46.6343429\">ver mapa<\/a>)<br \/>\nRua do Horto, 931 &#8211; Horto Florestal &#8211; S\u00e3o Paulo &#8211; SP<br \/>\nCEP: 02377-000<br \/>\nTelefone: (11) 2231-8555<\/p>\n<p><strong>Unidade Vila Mariana <\/strong>(<a href=\"https:\/\/www.google.com\/maps\/place\/Instituto+Geol%C3%B3gico\/@-23.5854982,-46.6442146,16.75z\/data=!4m13!1m7!3m6!1s0x94ce598649978a49:0x4acc2b008b4ac4a6!2sR.+Joaquim+T%C3%A1vora,+822+-+Vila+Mariana,+S%C3%A3o+Paulo+-+SP,+04015-011!3b1!8m2!3d-23.5856666!4d-46.640611!3m4!1s0x94ce593ee5893c0d:0xa0bc6bcf317e654c!8m2!3d-23.5856666!4d-46.640611\">ver mapa<\/a>)<br \/>\nRua Joaquim T\u00e1vora, 822 &#8211; Vila Mariana &#8211; S\u00e3o Paulo &#8211; SP<br \/>\nCEP: 04015-011<br \/>\nTelefone: (11) 5073-5511[\/vc_column_text][\/vc_column][vc_column width=&#8221;1\/3&#8243;][vc_column_text]<span style=\"font-size: 14pt\"><strong>Nossos Endere\u00e7os<\/strong><\/span><\/p>\n<ul>\n<li><a href=\"https:\/\/www.infraestruturameioambiente.sp.gov.br\/ipa\/bibliotecas\/\">Bibliotecas<\/a><\/li>\n<li><a href=\"https:\/\/www.infraestruturameioambiente.sp.gov.br\/ipa\/museus\/\">Museus<\/a><\/li>\n<li><a href=\"https:\/\/www.infraestruturameioambiente.sp.gov.br\/ipa\/laboratorios\/\">Laborat\u00f3rios<\/a><\/li>\n<li><strong>Unidades<\/strong><\/li>\n<\/ul>\n<p>[\/vc_column_text][\/vc_column][\/vc_row]<\/p>\n","protected":false},"excerpt":{"rendered":"<p>[vc_row][vc_column width=&#8221;2\/3&#8243;][vc_column_text]O IPA \u2013 Instituto de Pesquisas Ambientais, al\u00e9m da coordenadoria, possui em sua estrutura tr\u00eas unidades na cidade de S\u00e3o Paulo. DIRETORIA\u00a0(ver mapa) Av. Professor Frederico Hermann Junior, 345 [&hellip;]<\/p>\n","protected":false},"author":184,"featured_media":0,"parent":0,"menu_order":0,"comment_status":"closed","ping_status":"closed","template":"","meta":[],"_links":{"self":[{"href":"https:\/\/www.infraestruturameioambiente.sp.gov.br\/ipa\/wp-json\/wp\/v2\/pages\/354"}],"collection":[{"href":"https:\/\/www.infraestruturameioambiente.sp.gov.br\/ipa\/wp-json\/wp\/v2\/pages"}],"about":[{"href":"https:\/\/www.infraestruturameioambiente.sp.gov.br\/ipa\/wp-json\/wp\/v2\/types\/page"}],"author":[{"embeddable":true,"href":"https:\/\/www.infraestruturameioambiente.sp.gov.br\/ipa\/wp-json\/wp\/v2\/users\/184"}],"replies":[{"embeddable":true,"href":"https:\/\/www.infraestruturameioambiente.sp.gov.br\/ipa\/wp-json\/wp\/v2\/comments?post=354"}],"version-history":[{"count":10,"href":"https:\/\/www.infraestruturameioambiente.sp.gov.br\/ipa\/wp-json\/wp\/v2\/pages\/354\/revisions"}],"predecessor-version":[{"id":8906,"href":"https:\/\/www.infraestruturameioambiente.sp.gov.br\/ipa\/wp-json\/wp\/v2\/pages\/354\/revisions\/8906"}],"wp:attachment":[{"href":"https:\/\/www.infraestruturameioambiente.sp.gov.br\/ipa\/wp-json\/wp\/v2\/media?parent=354"}],"curies":[{"name":"wp","href":"https:\/\/api.w.org\/{rel}","templated":true}]}}