{"id":3508,"date":"2023-05-30T08:48:46","date_gmt":"2023-05-30T11:48:46","guid":{"rendered":"https:\/\/www.infraestruturameioambiente.sp.gov.br\/ipa\/?page_id=3508"},"modified":"2024-11-19T13:37:12","modified_gmt":"2024-11-19T16:37:12","slug":"colecao-de-culturas-de-algas-marinhas","status":"publish","type":"page","link":"https:\/\/www.infraestruturameioambiente.sp.gov.br\/ipa\/colecoes\/colecao-de-culturas-de-algas-marinhas\/","title":{"rendered":"Cole\u00e7\u00e3o de Culturas de Algas Marinhas"},"content":{"rendered":"<p>[vc_row][vc_column width=&#8221;2\/3&#8243;][vc_column_text]<\/p>\n<div class=\"wc-gallery\"><div class='wcflexslider-container wc-gallery-bottomspace-default wc-gallery-clear'><div id='gallery-1' class='gallery wc-gallery-captions-onhover gallery-link-file wcflexslider wcsliderauto' data-gutter-width='5' data-columns='1' data-hide-controls='false'><ul class='slides'>\n\t\t\t\t<li class='gallery-item gallery-item-position-1 gallery-item-attachment-3509 wcflex-slide-item'>\n\t\t\t\t\t<div class='gallery-icon landscape'>\n\t\t\t\t\t\t<a href=\"https:\/\/smastr16.blob.core.windows.net\/2001\/sites\/261\/2023\/05\/1-colecao-de-culturas-de-algas-marinhas_foto-c.-gruber_maio-2023-1.jpg\" target=\"_self\"><img src='https:\/\/smastr16.blob.core.windows.net\/2001\/sites\/261\/2023\/05\/1-colecao-de-culturas-de-algas-marinhas_foto-c.-gruber_maio-2023-1.jpg' width='799' height='547' alt='' \/><\/a>\n\t\t\t\t\t<\/div>\n\t\t\t\t\t<div class='wp-caption-text gallery-caption' style='width:799px;'>\n\t\t\t\t\t<p>\n\t\t\t\t\tCole\u00e7\u00e3o de Culturas de Algas Marinhas. Foto: C. Gruber\n\t\t\t\t\t<\/p>\n\t\t\t\t\t<\/div><\/li>\n\t\t\t\t<li class='gallery-item gallery-item-position-2 gallery-item-attachment-3510 wcflex-slide-item'>\n\t\t\t\t\t<div class='gallery-icon landscape'>\n\t\t\t\t\t\t<a href=\"https:\/\/smastr16.blob.core.windows.net\/2001\/sites\/261\/2023\/05\/2-amostras-da-colecao-de-culturas-de-algas-marinhas_foto-c.-gruber_maio-2023-2.jpg\" target=\"_self\"><img src='https:\/\/smastr16.blob.core.windows.net\/2001\/sites\/261\/2023\/05\/2-amostras-da-colecao-de-culturas-de-algas-marinhas_foto-c.-gruber_maio-2023-2.jpg' width='800' height='450' alt='' \/><\/a>\n\t\t\t\t\t<\/div>\n\t\t\t\t\t<div class='wp-caption-text gallery-caption' style='width:800px;'>\n\t\t\t\t\t<p>\n\t\t\t\t\tAmostras da Cole\u00e7\u00e3o de Culturas de Algas Marinhas. Foto: C. Gruber\n\t\t\t\t\t<\/p>\n\t\t\t\t\t<\/div><\/li>\n\t\t\t\t<li class='gallery-item gallery-item-position-3 gallery-item-attachment-3511 wcflex-slide-item'>\n\t\t\t\t\t<div class='gallery-icon landscape'>\n\t\t\t\t\t\t<a href=\"https:\/\/smastr16.blob.core.windows.net\/2001\/sites\/261\/2023\/05\/3-amostras-da-colecao-de-culturas-de-algas-marinhas_foto-c.-gruber_maio-2023_3.jpg\" target=\"_self\"><img src='https:\/\/smastr16.blob.core.windows.net\/2001\/sites\/261\/2023\/05\/3-amostras-da-colecao-de-culturas-de-algas-marinhas_foto-c.-gruber_maio-2023_3.jpg' width='799' height='455' alt='' \/><\/a>\n\t\t\t\t\t<\/div>\n\t\t\t\t\t<div class='wp-caption-text gallery-caption' style='width:799px;'>\n\t\t\t\t\t<p>\n\t\t\t\t\tAmostras da Cole\u00e7\u00e3o de Culturas de Algas Marinhas. Foto: C. Gruber\n\t\t\t\t\t<\/p>\n\t\t\t\t\t<\/div><\/li>\n\t\t\t\t<li class='gallery-item gallery-item-position-4 gallery-item-attachment-3512 wcflex-slide-item'>\n\t\t\t\t\t<div class='gallery-icon landscape'>\n\t\t\t\t\t\t<a href=\"https:\/\/smastr16.blob.core.windows.net\/2001\/sites\/261\/2023\/05\/4-isolados-da-colecao-de-culturas-de-algas-marinhas_-valdilene-maria-dos-santos_4.jpg\" target=\"_self\"><img src='https:\/\/smastr16.blob.core.windows.net\/2001\/sites\/261\/2023\/05\/4-isolados-da-colecao-de-culturas-de-algas-marinhas_-valdilene-maria-dos-santos_4.jpg' width='799' height='547' alt='' \/><\/a>\n\t\t\t\t\t<\/div>\n\t\t\t\t\t<div class='wp-caption-text gallery-caption' style='width:799px;'>\n\t\t\t\t\t<p>\n\t\t\t\t\tIsolados da Cole\u00e7\u00e3o de Culturas de Algas Marinhas: <i> Laurencia dendroidea <\/i> (a), <i> Osmundaria obtusiloba <\/i> (b) e <i> Laurencia catarinensis <\/i> (c). Fotos: Valdilene Maria dos Santos\n\t\t\t\t\t<\/p>\n\t\t\t\t\t<\/div><\/li><\/ul><\/div>\n<\/div>\n<\/div>\n<p>&nbsp;<\/p>\n<p><strong>OBJETIVO<\/strong><\/p>\n<p>A Cole\u00e7\u00e3o de Culturas de Algas Marinhas, parte integrante da Cole\u00e7\u00e3o de Culturas de Algas, Cianobact\u00e9rias e Fungos do Instituto de Bot\u00e2nica (CCIBt), tem como objetivo realizar a conserva\u00e7\u00e3o <em>ex situ<\/em> de isolados de esp\u00e9cies de algas marinhas bent\u00f4nicas, possibilitando e subsidiando a pesquisa cient\u00edfica e a avalia\u00e7\u00e3o do seu potencial biotecnol\u00f3gico.<\/p>\n<p><strong>HIST\u00d3RIA<\/strong><\/p>\n<p>As atividades de cultura de algas marinhas foram iniciadas na institui\u00e7\u00e3o a partir de 1987, com a implementa\u00e7\u00e3o do Laborat\u00f3rio de Cultura de Algas, da antiga Se\u00e7\u00e3o de Ficologia. Em 2007, juntamente com as cole\u00e7\u00f5es de culturas de fungos, tornou-se fiel deposit\u00e1ria do componente do patrim\u00f4nio gen\u00e9tico (Delibera\u00e7\u00e3o N\u00ba197 de 31 de maio de 2007). Em 2009, as cole\u00e7\u00f5es de culturas de algas, cianobact\u00e9rias e fungos juntaram-se e receberam o acr\u00f4nimo CCIBt (Cole\u00e7\u00e3o de Culturas do Instituto de Bot\u00e2nica).<\/p>\n<p>Desde o in\u00edcio da cole\u00e7\u00e3o, as esp\u00e9cies isoladas foram mantidas em cultura e constituem material biol\u00f3gico para diversos projetos de pesquisa, desenvolvidos pelo grupo de pesquisa.<\/p>\n<p><strong>IMPORT\u00c2NCIA e USOS<\/strong><\/p>\n<p>A cole\u00e7\u00e3o \u00e9 utilizada para estudos sobre fisiologia, bioqu\u00edmica, hist\u00f3rico de vida, sistem\u00e1tica, qu\u00edmica de produtos naturais e ensaios de atividades dos extratos das algas. Tamb\u00e9m abriga esp\u00e9cies novas para a Ci\u00eancia que foram observadas somente em laborat\u00f3rio, uma vez que apresentam talos diminutos, crostosos ou filamentosos, geralmente s\u00e3o ep\u00edfitas e\/ou end\u00f3fitas, e n\u00e3o s\u00e3o visualizadas durante as coletas de algas na natureza.<\/p>\n<p><strong>DESCRI\u00c7\u00c3O DO ACERVO<\/strong><\/p>\n<p>Atualmente, a cole\u00e7\u00e3o de culturas de algas marinhas tem aproximadamente 25 isolados, pertencentes a 5 g\u00eaneros, sendo: 4 pertencentes a Rhodophyta (Gracilaria, Hypnea, Laurencia e Rhodachlya) e um pertencente a Phaeophyceae (Dictyota), provenientes de diferentes regi\u00f5es do Brasil.<\/p>\n<p><strong>LOCALIZA\u00c7\u00c3O<\/strong><\/p>\n<p>IPA &#8211; Unidade Jardim Bot\u00e2nico, Pr\u00e9dio 4, primeiro andar.<\/p>\n<p><strong>CONTATOS<\/strong><\/p>\n<p><a href=\"http:\/\/lattes.cnpq.br\/7031182853583219\">Mutue Toyota Fujii<\/a> (<a href=\"mailto:mtfujii@sp.gov.br\">mtfujii@sp.gov.br<\/a>)<\/p>\n<p><a href=\"http:\/\/lattes.cnpq.br\/4867627743145895\">Nair Sumie Yokoya<\/a> (<a href=\"mailto:nyokoya@hotmail.com\">nyokoya@hotmail.com<\/a>)<\/p>\n<p>telefone: 5067-6123<\/p>\n<p><strong>CURADORA<\/strong><\/p>\n<ul>\n<li><a href=\"http:\/\/lattes.cnpq.br\/7031182853583219\">Mutue Toyota Fujii<\/a> &#8211; Cole\u00e7\u00e3o de Culturas de Algas Marinhas (<a href=\"mailto:mtfujii@sp.gov.br\">mtfujii@sp.gov.br<\/a>)<\/li>\n<\/ul>\n<p>[\/vc_column_text][\/vc_column][vc_column width=&#8221;1\/3&#8243;][vc_column_text]<span style=\"font-size: 14pt\"><strong>Cole\u00e7\u00f5es do IPA<\/strong><\/span><\/p>\n<ul>\n<li><a href=\"https:\/\/www.infraestruturameioambiente.sp.gov.br\/ipa\/colecoes\/banco-ativo-de-germoplasma-de-arboreas-nativas\/\">Banco Ativo de Germoplasma de Arb\u00f3reas Nativas<\/a><\/li>\n<li><a href=\"https:\/\/www.infraestruturameioambiente.sp.gov.br\/ipa\/colecoes\/banco-ativo-de-germoplasma-de-arboreas-exoticas\/\">Banco Ativo de Germoplasma de Arb\u00f3reas Ex\u00f3ticas<\/a><\/li>\n<li><a href=\"https:\/\/www.infraestruturameioambiente.sp.gov.br\/ipa\/colecoes\/banco-de-sementes-bs-ipa\/\">Banco de Sementes<\/a><\/li>\n<li>Cole\u00e7\u00e3o de Plantas Vivas do Jardim Bot\u00e2nico de S\u00e3o Paulo<\/li>\n<li><strong>Culturas de Algas<\/strong><\/li>\n<li><a href=\"https:\/\/www.infraestruturameioambiente.sp.gov.br\/ipa\/colecoes\/colecao-de-culturas-de-algas-cianobacterias-e-fungos\/\">Culturas de Fungos Basidiomicetos<\/a><\/li>\n<li><a href=\"https:\/\/www.infraestruturameioambiente.sp.gov.br\/ipa\/colecoes\/colecao-de-culturas-de-algas-cianobacterias-e-fungos\/\">Culturas de Fungos Terrestres e Aqu\u00e1ticos<\/a><\/li>\n<li>Extratoteca<\/li>\n<li><a href=\"https:\/\/www.infraestruturameioambiente.sp.gov.br\/ipa\/colecoes\/herbario-maria-eneyda-pacheco-kauffmann-fidalgo-herbario-sp\/\">Herb\u00e1rio SP<\/a>\n<ul>\n<li><a href=\"https:\/\/www.infraestruturameioambiente.sp.gov.br\/ipa\/colecoes\/herbario-maria-eneyda-pacheco-kauffmann-fidalgo-herbario-sp\/herbario-seccional-de-algas-sp-algae\/\">Algas<\/a><\/li>\n<li>Bri\u00f3fitas<\/li>\n<li><a href=\"https:\/\/www.infraestruturameioambiente.sp.gov.br\/ipa\/colecoes\/herbario-maria-eneyda-pacheco-kauffmann-fidalgo-herbario-sp\/colecao-de-plantas-vasculares\/\">Vasculares<\/a><\/li>\n<li>Fungos<\/li>\n<\/ul>\n<\/li>\n<li><a href=\"https:\/\/www.infraestruturameioambiente.sp.gov.br\/ipa\/colecoes\/herbario-dom-bento-jose-pickel-spsf\/\">Herb\u00e1rio SPSF<\/a><\/li>\n<li>Litoteca<\/li>\n<li>Paleontol\u00f3gico<\/li>\n<li>Palinoteca<\/li>\n<li>Petrogr\u00e1fica<\/li>\n<li>Xiloteca SPSFw<\/li>\n<\/ul>\n<p>[\/vc_column_text][\/vc_column][\/vc_row]<\/p>\n","protected":false},"excerpt":{"rendered":"<p>[vc_row][vc_column width=&#8221;2\/3&#8243;][vc_column_text] &nbsp; OBJETIVO A Cole\u00e7\u00e3o de Culturas de Algas Marinhas, parte integrante da Cole\u00e7\u00e3o de Culturas de Algas, Cianobact\u00e9rias e Fungos do Instituto de Bot\u00e2nica (CCIBt), tem como objetivo [&hellip;]<\/p>\n","protected":false},"author":196,"featured_media":0,"parent":49,"menu_order":0,"comment_status":"closed","ping_status":"closed","template":"","meta":[],"_links":{"self":[{"href":"https:\/\/www.infraestruturameioambiente.sp.gov.br\/ipa\/wp-json\/wp\/v2\/pages\/3508"}],"collection":[{"href":"https:\/\/www.infraestruturameioambiente.sp.gov.br\/ipa\/wp-json\/wp\/v2\/pages"}],"about":[{"href":"https:\/\/www.infraestruturameioambiente.sp.gov.br\/ipa\/wp-json\/wp\/v2\/types\/page"}],"author":[{"embeddable":true,"href":"https:\/\/www.infraestruturameioambiente.sp.gov.br\/ipa\/wp-json\/wp\/v2\/users\/196"}],"replies":[{"embeddable":true,"href":"https:\/\/www.infraestruturameioambiente.sp.gov.br\/ipa\/wp-json\/wp\/v2\/comments?post=3508"}],"version-history":[{"count":10,"href":"https:\/\/www.infraestruturameioambiente.sp.gov.br\/ipa\/wp-json\/wp\/v2\/pages\/3508\/revisions"}],"predecessor-version":[{"id":7524,"href":"https:\/\/www.infraestruturameioambiente.sp.gov.br\/ipa\/wp-json\/wp\/v2\/pages\/3508\/revisions\/7524"}],"up":[{"embeddable":true,"href":"https:\/\/www.infraestruturameioambiente.sp.gov.br\/ipa\/wp-json\/wp\/v2\/pages\/49"}],"wp:attachment":[{"href":"https:\/\/www.infraestruturameioambiente.sp.gov.br\/ipa\/wp-json\/wp\/v2\/media?parent=3508"}],"curies":[{"name":"wp","href":"https:\/\/api.w.org\/{rel}","templated":true}]}}