{"id":3264,"date":"2023-04-06T08:28:46","date_gmt":"2023-04-06T11:28:46","guid":{"rendered":"https:\/\/www.infraestruturameioambiente.sp.gov.br\/ipa\/?page_id=3264"},"modified":"2023-05-24T09:50:47","modified_gmt":"2023-05-24T12:50:47","slug":"lab-algas","status":"publish","type":"page","link":"https:\/\/www.infraestruturameioambiente.sp.gov.br\/ipa\/laboratorios\/lab-algas\/","title":{"rendered":"Laborat\u00f3rio de Pesquisas em Macroalgas Marinhas &#8211; LabAlgas"},"content":{"rendered":"<p>[vc_row][vc_column width=&#8221;2\/3&#8243;][vc_column_text]O Laborat\u00f3rio de Pesquisas em Macroalgas Marinhas &#8211; LabAlgas destina-se \u00e0 obten\u00e7\u00e3o de sequ\u00eancias de DNA de marcadores moleculares alvos, para auxiliar na identifica\u00e7\u00e3o e certifica\u00e7\u00e3o dos t\u00e1xons e nas an\u00e1lises filogen\u00e9ticas para posicionamento taxon\u00f4mico das macroalgas marinhas. S\u00e3o desenvolvidos protocolos de extra\u00e7\u00e3o de DNA, amplifica\u00e7\u00e3o dos marcadores moleculares alvos por meio de rea\u00e7\u00f5es de PCR, purifica\u00e7\u00e3o dos produtos de PCR e rea\u00e7\u00f5es de sequenciamento. Como n\u00e3o temos sequenciador dispon\u00edvel, enviamos as amostras para serem sequenciados comercialmente.<\/p>\n<p>O laborat\u00f3rio situa-se no t\u00e9rreo do pr\u00e9dio 4, da Unidade Jardim Bot\u00e2nico do IPA. \u00c9 constitu\u00eddo por uma sala de equipamentos e outra para o preparo das rea\u00e7\u00f5es e an\u00e1lise dos resultados.<\/p>\n<p><strong>Principais an\u00e1lises realizadas:<\/strong><\/p>\n<p>Extra\u00e7\u00e3o de DNA, PCR, purifica\u00e7\u00e3o dos produtos de PCR e rea\u00e7\u00f5es de sequenciamento.<\/p>\n<p><strong>Equipamentos dispon\u00edveis:<\/strong><\/p>\n<p>Ultra freezer &#8211; Sanyo, Purificador de \u00e1gua Classic UFV &#8211; Elga, Thermalcycler C111 Touch &#8211; Bio-Rad, Termociclador Techne 512 &#8211; TC 512, Termociclador Techne &#8211; TC 4000, MiniBis Pro (analisador de imagem com UV), Balan\u00e7a semi anal\u00edtica, Banho Maria digital, Centr\u00edfuga Hettich Universal 320R; Microcentr\u00edfuga refrigerada Hettich &#8211; Mikro 220R, Centr\u00edfuga Eppendorf, Homogenizador Precellys 24, Microspin Corning e Vortex.<\/p>\n<p><strong>Informa\u00e7\u00f5es: <\/strong><a href=\"mailto:ipa.algas@sp.gov.br\">ipa.algas@sp.gov.br<\/a>; <a href=\"mailto:mtfujii@sp.gov.br\">mtfujii@sp.gov.br<\/a><\/p>\n<p><strong>\u00a0<\/strong><strong>Respons\u00e1vel:<\/strong><\/p>\n<ul>\n<li><a href=\"http:\/\/lattes.cnpq.br\/7031182853583219\">Mutue Toyota Fujii<\/a> &#8211; <a href=\"mailto:mtfujii@sp.gov.br\">mtfujii@sp.gov.br<\/a><\/li>\n<\/ul>\n<p>[\/vc_column_text][\/vc_column][vc_column width=&#8221;1\/3&#8243;][vc_column_text]<span style=\"font-size: 12pt\"><strong>Laborat\u00f3rios do IPA<\/strong><\/span><\/p>\n<p><span style=\"font-size: 12pt\"><strong>Unidade jardim Bot\u00e2nico<\/strong><\/span><\/p>\n<ul>\n<li><a href=\"https:\/\/www.infraestruturameioambiente.sp.gov.br\/ipa\/laboratorios\/laboratorio-de-estudos-ambientais\/\"><span style=\"font-size: 10pt\">Laborat\u00f3rio de Estudos ambientais &#8211; LEA<\/span><\/a><\/li>\n<li><span style=\"font-size: 10pt\">Laborat\u00f3rio de Micologia B\u00e1sica &#8211; LMB<\/span><\/li>\n<li><a href=\"https:\/\/www.infraestruturameioambiente.sp.gov.br\/ipa\/laboratorios\/laboratorio-de-palinologia-palino-ipa\/\"><span style=\"font-size: 10pt\">Laborat\u00f3rio de Palinologia &#8211; PALINO<\/span><\/a><\/li>\n<li><span style=\"font-size: 10pt\">Laborat\u00f3rio de Anatomia Vegetal &#8211; LAVeg<\/span><\/li>\n<li><a href=\"https:\/\/www.infraestruturameioambiente.sp.gov.br\/ipa\/laboratorios\/laboratorio-de-biotecnologia-de-plantas-nativas-e-ou-comerciais\/\"><span style=\"font-size: 10pt\">Laborat\u00f3rio de Biotecnologia de Plantas Nativas e\/ou Comerciais &#8211; LBPNC<\/span><\/a><\/li>\n<li><span style=\"font-size: 10pt\">Laborat\u00f3rio de Ecofisiologia e Bioqu\u00edmica de Plantas &#8211; LEBP<\/span><\/li>\n<li><span style=\"font-size: 10pt\">Laborat\u00f3rio de intera\u00e7\u00e3o Atmosfera-Planta &#8211; LABIAP<\/span><\/li>\n<li><span style=\"font-size: 10pt\"><strong>Laborat\u00f3rio de Pesquisas em Macroalgas Marinhas &#8211; LabAlgas<\/strong><\/span><\/li>\n<li><span style=\"font-size: 10pt\">Laborat\u00f3rio de Taxonomia e Ecologia de Microalgas &#8211; LAC<\/span><\/li>\n<li><span style=\"font-size: 10pt\">Laborat\u00f3rio de Ecologia Terrestre e Aqu\u00e1tica &#8211; LECO<\/span><\/li>\n<li><span style=\"font-size: 10pt\">Laborat\u00f3rio de Micologia Aplicada &#8211; LMA<\/span><\/li>\n<li><span style=\"font-size: 10pt\">Laborat\u00f3rio de Pesquisa em Sementes &#8211; LPS<\/span><\/li>\n<li><span style=\"font-size: 10pt\">Laborat\u00f3rio Experimental de \u00c1reas Verdes &#8211; LEAV<\/span><\/li>\n<\/ul>\n<p><span style=\"font-size: 12pt\"><strong>Unidade Vila Mariana<\/strong><\/span><\/p>\n<ul>\n<li><span style=\"font-size: 10pt\">Laborat\u00f3rio de An\u00e1lises Geol\u00f3gicas &#8211; LABGEO<\/span><\/li>\n<li><span style=\"font-size: 10pt\">Laborat\u00f3rio de Microscopia Petrogr\u00e1fica &#8211; LABPETRO<\/span><\/li>\n<li><a href=\"https:\/\/www.infraestruturameioambiente.sp.gov.br\/ipa\/laboratorios\/laboratorio-de-hidrossistemas-carsticos\/\"><span style=\"font-size: 10pt\">Laborat\u00f3rio de Hidrossistemas C\u00e1rsticos &#8211; LHC<\/span><\/a><\/li>\n<\/ul>\n<p><span style=\"font-size: 12pt\"><strong>Unidade Horto Florestal<\/strong><\/span><\/p>\n<ul>\n<li><span style=\"font-size: 10pt\">Laborat\u00f3rio de Anatomia e Propriedades de Madeira &#8211; LAPM<\/span><\/li>\n<li><a href=\"https:\/\/www.infraestruturameioambiente.sp.gov.br\/ipa\/laboratorios\/laboratorio-de-sementes\/\"><span style=\"font-size: 10pt\">Laborat\u00f3rio\u00a0de An\u00e1lise e Pesquisa de Sementes Florestais &#8211; LAPSF<\/span><\/a><\/li>\n<\/ul>\n<p><span style=\"font-size: 12pt\"><strong>PESM &#8211; Cunha<\/strong><\/span><\/p>\n<ul>\n<li><a href=\"https:\/\/www.infraestruturameioambiente.sp.gov.br\/ipa\/laboratorios\/laboratorio-de-hidrologia-florestal-engenheiro-agronomo-walter-emmerich-lhfeawe\/\"><span style=\"font-size: 10pt\">Laborat\u00f3rio de Hidrologia Florestal \u201cEngenheiro Agr\u00f4nomo Walter Emmerich\u201d &#8211; LHFEAWE<\/span><\/a><\/li>\n<\/ul>\n<p>[\/vc_column_text][\/vc_column][\/vc_row]<\/p>\n","protected":false},"excerpt":{"rendered":"<p>[vc_row][vc_column width=&#8221;2\/3&#8243;][vc_column_text]O Laborat\u00f3rio de Pesquisas em Macroalgas Marinhas &#8211; LabAlgas destina-se \u00e0 obten\u00e7\u00e3o de sequ\u00eancias de DNA de marcadores moleculares alvos, para auxiliar na identifica\u00e7\u00e3o e certifica\u00e7\u00e3o dos t\u00e1xons e [&hellip;]<\/p>\n","protected":false},"author":196,"featured_media":0,"parent":351,"menu_order":0,"comment_status":"closed","ping_status":"closed","template":"","meta":[],"_links":{"self":[{"href":"https:\/\/www.infraestruturameioambiente.sp.gov.br\/ipa\/wp-json\/wp\/v2\/pages\/3264"}],"collection":[{"href":"https:\/\/www.infraestruturameioambiente.sp.gov.br\/ipa\/wp-json\/wp\/v2\/pages"}],"about":[{"href":"https:\/\/www.infraestruturameioambiente.sp.gov.br\/ipa\/wp-json\/wp\/v2\/types\/page"}],"author":[{"embeddable":true,"href":"https:\/\/www.infraestruturameioambiente.sp.gov.br\/ipa\/wp-json\/wp\/v2\/users\/196"}],"replies":[{"embeddable":true,"href":"https:\/\/www.infraestruturameioambiente.sp.gov.br\/ipa\/wp-json\/wp\/v2\/comments?post=3264"}],"version-history":[{"count":7,"href":"https:\/\/www.infraestruturameioambiente.sp.gov.br\/ipa\/wp-json\/wp\/v2\/pages\/3264\/revisions"}],"predecessor-version":[{"id":3496,"href":"https:\/\/www.infraestruturameioambiente.sp.gov.br\/ipa\/wp-json\/wp\/v2\/pages\/3264\/revisions\/3496"}],"up":[{"embeddable":true,"href":"https:\/\/www.infraestruturameioambiente.sp.gov.br\/ipa\/wp-json\/wp\/v2\/pages\/351"}],"wp:attachment":[{"href":"https:\/\/www.infraestruturameioambiente.sp.gov.br\/ipa\/wp-json\/wp\/v2\/media?parent=3264"}],"curies":[{"name":"wp","href":"https:\/\/api.w.org\/{rel}","templated":true}]}}