{"id":2553,"date":"2023-01-12T11:02:51","date_gmt":"2023-01-12T13:02:51","guid":{"rendered":"https:\/\/www.infraestruturameioambiente.sp.gov.br\/ipa\/?page_id=2553"},"modified":"2025-07-28T10:12:26","modified_gmt":"2025-07-28T13:12:26","slug":"relatorio-cgg","status":"publish","type":"page","link":"https:\/\/www.infraestruturameioambiente.sp.gov.br\/ipa\/relatorio-cgg\/","title":{"rendered":"Relat\u00f3rio CGG"},"content":{"rendered":"<p>[vc_row][vc_column width=&#8221;2\/3&#8243;][vc_column_text]O <a href=\"https:\/\/www.infraestruturameioambiente.sp.gov.br\/institutogeologico\/publicacoes\/boletim-cgg\/\">Relat\u00f3rio da Comiss\u00e3o Geographica e Geologica \u2013 CGG<\/a> foi um peri\u00f3dico editado em fasc\u00edculos com designa\u00e7\u00e3o num\u00e9rica e\/ou cronol\u00f3gica, em intervalos pr\u00e9-fixados (periodicidade), por tempo determinado (1889-1930), com a colabora\u00e7\u00e3o de um ou mais autores, tratando de assuntos sobre Geoci\u00eancias e \u00e1reas correlatas. Foram publica\u00e7\u00f5es de conte\u00fado t\u00e9cnico-cient\u00edfico com informa\u00e7\u00f5es baseadas em resultados experimentais ou n\u00e3o, que podiam conter informa\u00e7\u00f5es e\/ou observa\u00e7\u00f5es de cunho cient\u00edfico ou de divulga\u00e7\u00e3o emitindo opini\u00f5es que se apresentam sob a forma de relat\u00f3rio.<\/p>\n<ul>\n<li>Relat\u00f3rio da Comiss\u00e3o Geogr\u00e1fica e Geol\u00f3gica de S\u00e3o Paulo &#8211; 1892<\/li>\n<li>Relat\u00f3rio de Explora\u00e7\u00e3o dos Rios Paranapanema e Itapetininga &#8211; 1889<\/li>\n<li>Relat\u00f3rio da Comiss\u00e3o Geogr\u00e1fica e Geol\u00f3gica &#8211; 1906<\/li>\n<li>Rel\u00e1torio de Explora\u00e7\u00e3o dos Rios Feio e Aguapehy &#8211; 1905<\/li>\n<li>Relat\u00f3rio de Explora\u00e7\u00e3o do Rio Paran\u00e1 &#8211; 1911<\/li>\n<li>Relat\u00f3rio de Explora\u00e7\u00e3o do Rio do Peixe &#8211; 1913<\/li>\n<li>Rel\u00e1torio de Explora\u00e7\u00e3o do Rio-Grande e Seus Afluentes &#8211; 1913<\/li>\n<li>Relat\u00f3rio de Explora\u00e7\u00e3o do Rio Ribeira de Iguape &#8211; 1914<\/li>\n<li>Relat\u00f3rio de Explora\u00e7\u00e3o da regi\u00e3o comprehendida pelas folhas topographicas &#8211; Sorocaba, Itapetininga, Bury, Faxina, Itaporanga, Sete Barras, Cap\u00e3o Bonito, Ribeir\u00e3o Branco e Itarar\u00e9 &#8211; 1927 Parte I<\/li>\n<li>Relat\u00f3rio de Explora\u00e7\u00e3o da regi\u00e3o comprehendida pelas folhas topographicas &#8211; Sorocaba, Itapetininga, Bury, Faxina, Itaporanga, Sete Barras, Cap\u00e3o Bonito, Ribeir\u00e3o Branco e Itarar\u00e9 &#8211; 1927 Parte II<\/li>\n<\/ul>\n<p>[\/vc_column_text][\/vc_column][vc_column width=&#8221;1\/3&#8243;][vc_column_text]<strong><span style=\"font-size: 14pt\">Publica\u00e7\u00f5es<\/span><\/strong><\/p>\n<ul>\n<li><a href=\"https:\/\/www.infraestruturameioambiente.sp.gov.br\/ipa\/publicacoes\/publicacoes-cientificas\/\">Publica\u00e7\u00f5es Cient\u00edficas<\/a><\/li>\n<li><a href=\"https:\/\/www.infraestruturameioambiente.sp.gov.br\/ipa\/publicacoes\/publicacoes-virtuais\/\">Publica\u00e7\u00f5es Virtuais<\/a><\/li>\n<li><a href=\"https:\/\/www.infraestruturameioambiente.sp.gov.br\/ipa\/publicacoes\/publicacoes-historicas\/\">Publica\u00e7\u00f5es Hist\u00f3ricas<\/a>\n<ul>\n<li><strong>Relat\u00f3rio CGG (1889-1930)<\/strong><\/li>\n<li><a href=\"https:\/\/www.infraestruturameioambiente.sp.gov.br\/ipa\/boletim-cgg\">Boletim CGG (1889-1930)<\/a><\/li>\n<li><a href=\"https:\/\/www.infraestruturameioambiente.sp.gov.br\/ipa\/boletim-igg\">Boletim IGG (1939-1975)<\/a><\/li>\n<li><a href=\"https:\/\/www.infraestruturameioambiente.sp.gov.br\/ipa\/boletim-ig\">Boletim IG (1976-2016)<\/a><\/li>\n<\/ul>\n<\/li>\n<\/ul>\n<p>[\/vc_column_text][\/vc_column][\/vc_row]<\/p>\n","protected":false},"excerpt":{"rendered":"<p>[vc_row][vc_column width=&#8221;2\/3&#8243;][vc_column_text]O Relat\u00f3rio da Comiss\u00e3o Geographica e Geologica \u2013 CGG foi um peri\u00f3dico editado em fasc\u00edculos com designa\u00e7\u00e3o num\u00e9rica e\/ou cronol\u00f3gica, em intervalos pr\u00e9-fixados (periodicidade), por tempo determinado (1889-1930), com [&hellip;]<\/p>\n","protected":false},"author":196,"featured_media":0,"parent":0,"menu_order":0,"comment_status":"closed","ping_status":"closed","template":"","meta":[],"_links":{"self":[{"href":"https:\/\/www.infraestruturameioambiente.sp.gov.br\/ipa\/wp-json\/wp\/v2\/pages\/2553"}],"collection":[{"href":"https:\/\/www.infraestruturameioambiente.sp.gov.br\/ipa\/wp-json\/wp\/v2\/pages"}],"about":[{"href":"https:\/\/www.infraestruturameioambiente.sp.gov.br\/ipa\/wp-json\/wp\/v2\/types\/page"}],"author":[{"embeddable":true,"href":"https:\/\/www.infraestruturameioambiente.sp.gov.br\/ipa\/wp-json\/wp\/v2\/users\/196"}],"replies":[{"embeddable":true,"href":"https:\/\/www.infraestruturameioambiente.sp.gov.br\/ipa\/wp-json\/wp\/v2\/comments?post=2553"}],"version-history":[{"count":4,"href":"https:\/\/www.infraestruturameioambiente.sp.gov.br\/ipa\/wp-json\/wp\/v2\/pages\/2553\/revisions"}],"predecessor-version":[{"id":8589,"href":"https:\/\/www.infraestruturameioambiente.sp.gov.br\/ipa\/wp-json\/wp\/v2\/pages\/2553\/revisions\/8589"}],"wp:attachment":[{"href":"https:\/\/www.infraestruturameioambiente.sp.gov.br\/ipa\/wp-json\/wp\/v2\/media?parent=2553"}],"curies":[{"name":"wp","href":"https:\/\/api.w.org\/{rel}","templated":true}]}}