{"id":2448,"date":"2023-01-10T14:54:17","date_gmt":"2023-01-10T16:54:17","guid":{"rendered":"https:\/\/www.infraestruturameioambiente.sp.gov.br\/ipa\/?page_id=2448"},"modified":"2025-10-15T15:08:29","modified_gmt":"2025-10-15T18:08:29","slug":"caderno-de-resumo","status":"publish","type":"page","link":"https:\/\/www.infraestruturameioambiente.sp.gov.br\/ipa\/caderno-de-resumo\/","title":{"rendered":"Caderno de Resumo"},"content":{"rendered":"<p>[vc_row][vc_column width=&#8221;2\/3&#8243;][vc_column_text]Caderno de Resumo dos trabalhos de pesquisas dos bolsistas de Inicia\u00e7\u00e3o Cient\u00edfica do Instituto de Pesquisas Ambientais nas categorias Ensino M\u00e9dio e Ensino Superior e de seus respectivos orientadores.<\/p>\n<p>As bolsas s\u00e3o vinculadas ao Programa de Inicia\u00e7\u00e3o Cient\u00edfica &#8211; PIBIC, financiados pelo Conselho Nacional de Desenvolvimento Cient\u00edfico e Tecnol\u00f3gico \u2013 CNPq cujo objetivo visa\u00a0o desenvolvimento do pensamento cient\u00edfico e a inicia\u00e7\u00e3o \u00e0 pesquisa de estudantes dos ensinos m\u00e9dio e superior.<\/p>\n<p>Boa leitura.[\/vc_column_text][\/vc_column][vc_column width=&#8221;1\/3&#8243;][vc_column_text]<span style=\"font-size: 14pt\"><strong>Publica\u00e7\u00f5es Cient\u00edficas<\/strong><\/span><\/p>\n<ul>\n<li>Anais\n<ul>\n<li><a href=\"https:\/\/www.infraestruturameioambiente.sp.gov.br\/ipa\/publicacoes\/anais-raibt\/\">Anais da RAIBt<\/a><\/li>\n<li><a href=\"https:\/\/www.infraestruturameioambiente.sp.gov.br\/ipa\/publicacoes\/anais-do-sipa\/\">Anais do SIPA<\/a><\/li>\n<\/ul>\n<\/li>\n<li>Boletins<\/li>\n<li>Cadernos<\/li>\n<li><strong>Cadernos de Resumos<\/strong><\/li>\n<li><a href=\"https:\/\/www.infraestruturameioambiente.sp.gov.br\/ipa\/publicacoes\/cartilhas\/\">Cartilhas<\/a><\/li>\n<li><a href=\"https:\/\/www.infraestruturameioambiente.sp.gov.br\/ipa\/publicacoes\/serie-folhetos\/\">Folhetos<\/a> e Manuais<\/li>\n<li><a href=\"https:\/\/www.infraestruturameioambiente.sp.gov.br\/institutodebotanica\/ffesp_online\/\">Flora de S\u00e3o Paulo<\/a><\/li>\n<li>Livros<\/li>\n<li><a href=\"https:\/\/www.infraestruturameioambiente.sp.gov.br\/ipa\/publicacoes\/publicacoes-cientificas\/mapas\/\">Mapas<\/a><\/li>\n<li><a href=\"https:\/\/www.infraestruturameioambiente.sp.gov.br\/ipa\/publicacoes\/revistas-cientificas\/\">Peri\u00f3dicos<\/a><\/li>\n<li><a href=\"https:\/\/www.infraestruturameioambiente.sp.gov.br\/ipa\/relatorio\/\">Relat\u00f3rios<\/a><\/li>\n<li><a href=\"https:\/\/www.infraestruturameioambiente.sp.gov.br\/ipa\/publicacoes\/publicacoes-historicas\/\">Publica\u00e7\u00f5es Hist\u00f3ricas<\/a><\/li>\n<li><a href=\"https:\/\/www.infraestruturameioambiente.sp.gov.br\/ipa\/publicacoes\/venda-de-publicacoes\/\">Vendas de Publica\u00e7\u00f5es<\/a><\/li>\n<\/ul>\n<p>[\/vc_column_text][\/vc_column][\/vc_row][vc_row][vc_column][vc_column_text]<\/p>\n<hr \/>\n<p>[\/vc_column_text][\/vc_column][\/vc_row][vc_row][vc_column width=&#8221;1\/3&#8243;][vc_column_text]<a href=\"https:\/\/smastr16.blob.core.windows.net\/2001\/sites\/261\/2023\/01\/caderno_de_resumo_pibic_2021-2022.pdf\" target=\"_blank\" rel=\"noopener\"><img decoding=\"async\" loading=\"lazy\" class=\"wp-image-2450 size-wcsmall alignnone\" src=\"https:\/\/smastr16.blob.core.windows.net\/2001\/sites\/261\/2023\/01\/capa_caderno_de_resumo_pibic_2021-22-250x354.jpg\" alt=\"\" width=\"250\" height=\"354\" srcset=\"https:\/\/smastr16.blob.core.windows.net\/2001\/sites\/261\/2023\/01\/capa_caderno_de_resumo_pibic_2021-22-250x354.jpg 250w, https:\/\/smastr16.blob.core.windows.net\/2001\/sites\/261\/2023\/01\/capa_caderno_de_resumo_pibic_2021-22-212x300.jpg 212w, https:\/\/smastr16.blob.core.windows.net\/2001\/sites\/261\/2023\/01\/capa_caderno_de_resumo_pibic_2021-22-550x778.jpg 550w, https:\/\/smastr16.blob.core.windows.net\/2001\/sites\/261\/2023\/01\/capa_caderno_de_resumo_pibic_2021-22-127x180.jpg 127w, https:\/\/smastr16.blob.core.windows.net\/2001\/sites\/261\/2023\/01\/capa_caderno_de_resumo_pibic_2021-22-354x500.jpg 354w, https:\/\/smastr16.blob.core.windows.net\/2001\/sites\/261\/2023\/01\/capa_caderno_de_resumo_pibic_2021-22.jpg 700w\" sizes=\"(max-width: 250px) 100vw, 250px\" \/><\/a><\/p>\n<p><a href=\"https:\/\/smastr16.blob.core.windows.net\/2001\/sites\/261\/2023\/01\/caderno_de_resumo_pibic_2021-2022.pdf\">Caderno de Resumos do Semin\u00e1rio de Inicia\u00e7\u00e3o Cient\u00edfica do IPA 2021\/2022 (PDF 1 MB)<\/a>[\/vc_column_text][\/vc_column][vc_column width=&#8221;1\/3&#8243;][vc_column_text]<a href=\"https:\/\/smastr16.blob.core.windows.net\/2001\/sites\/261\/2023\/11\/cadermo_resumos_pibic-ipa_2023.pdf\" target=\"_blank\" rel=\"noopener\"><img decoding=\"async\" loading=\"lazy\" class=\"wp-image-7378 size-wcsmall alignnone\" src=\"https:\/\/smastr16.blob.core.windows.net\/2001\/sites\/261\/2024\/11\/capa_caderno_resumos_pibic_2023-250x361.jpg\" alt=\"\" width=\"250\" height=\"361\" srcset=\"https:\/\/smastr16.blob.core.windows.net\/2001\/sites\/261\/2024\/11\/capa_caderno_resumos_pibic_2023-250x361.jpg 250w, https:\/\/smastr16.blob.core.windows.net\/2001\/sites\/261\/2024\/11\/capa_caderno_resumos_pibic_2023-208x300.jpg 208w, https:\/\/smastr16.blob.core.windows.net\/2001\/sites\/261\/2024\/11\/capa_caderno_resumos_pibic_2023-710x1024.jpg 710w, https:\/\/smastr16.blob.core.windows.net\/2001\/sites\/261\/2024\/11\/capa_caderno_resumos_pibic_2023-768x1108.jpg 768w, https:\/\/smastr16.blob.core.windows.net\/2001\/sites\/261\/2024\/11\/capa_caderno_resumos_pibic_2023-550x794.jpg 550w, https:\/\/smastr16.blob.core.windows.net\/2001\/sites\/261\/2024\/11\/capa_caderno_resumos_pibic_2023-800x1154.jpg 800w, https:\/\/smastr16.blob.core.windows.net\/2001\/sites\/261\/2024\/11\/capa_caderno_resumos_pibic_2023-125x180.jpg 125w, https:\/\/smastr16.blob.core.windows.net\/2001\/sites\/261\/2024\/11\/capa_caderno_resumos_pibic_2023-347x500.jpg 347w, https:\/\/smastr16.blob.core.windows.net\/2001\/sites\/261\/2024\/11\/capa_caderno_resumos_pibic_2023.jpg 1000w\" sizes=\"(max-width: 250px) 100vw, 250px\" \/><\/a><\/p>\n<p><a href=\"https:\/\/smastr16.blob.core.windows.net\/2001\/sites\/261\/2023\/11\/cadermo_resumos_pibic-ipa_2023.pdf\">Caderno de Resumos do Semin\u00e1rio de Inicia\u00e7\u00e3o Cient\u00edfica do IPA 2023 (PDF 0,6 MB)<\/a>[\/vc_column_text][\/vc_column][vc_column width=&#8221;1\/3&#8243;][\/vc_column][\/vc_row][vc_row][vc_column][vc_column_text]<\/p>\n<hr \/>\n<p>[\/vc_column_text][\/vc_column][\/vc_row][vc_row][vc_column width=&#8221;1\/3&#8243;][vc_column_text]<a href=\"https:\/\/smastr16.blob.core.windows.net\/2001\/sites\/261\/2024\/11\/caderno_resumos_pibic_2024_out24-1.pdf\" target=\"_blank\" rel=\"noopener\"><img decoding=\"async\" loading=\"lazy\" class=\"wp-image-7379 size-wcsmall alignnone\" src=\"https:\/\/smastr16.blob.core.windows.net\/2001\/sites\/261\/2024\/11\/capa_caderno_resumos_pibic_2024-250x353.jpg\" alt=\"\" width=\"250\" height=\"353\" srcset=\"https:\/\/smastr16.blob.core.windows.net\/2001\/sites\/261\/2024\/11\/capa_caderno_resumos_pibic_2024-250x353.jpg 250w, https:\/\/smastr16.blob.core.windows.net\/2001\/sites\/261\/2024\/11\/capa_caderno_resumos_pibic_2024-212x300.jpg 212w, https:\/\/smastr16.blob.core.windows.net\/2001\/sites\/261\/2024\/11\/capa_caderno_resumos_pibic_2024-725x1024.jpg 725w, https:\/\/smastr16.blob.core.windows.net\/2001\/sites\/261\/2024\/11\/capa_caderno_resumos_pibic_2024-768x1085.jpg 768w, https:\/\/smastr16.blob.core.windows.net\/2001\/sites\/261\/2024\/11\/capa_caderno_resumos_pibic_2024-550x777.jpg 550w, https:\/\/smastr16.blob.core.windows.net\/2001\/sites\/261\/2024\/11\/capa_caderno_resumos_pibic_2024-800x1130.jpg 800w, https:\/\/smastr16.blob.core.windows.net\/2001\/sites\/261\/2024\/11\/capa_caderno_resumos_pibic_2024-127x180.jpg 127w, https:\/\/smastr16.blob.core.windows.net\/2001\/sites\/261\/2024\/11\/capa_caderno_resumos_pibic_2024-354x500.jpg 354w, https:\/\/smastr16.blob.core.windows.net\/2001\/sites\/261\/2024\/11\/capa_caderno_resumos_pibic_2024.jpg 1000w\" sizes=\"(max-width: 250px) 100vw, 250px\" \/><\/a><\/p>\n<p><a href=\"https:\/\/smastr16.blob.core.windows.net\/2001\/sites\/261\/2024\/11\/caderno_resumos_pibic_2024_out24-1.pdf\">Caderno de Resumos do Semin\u00e1rio de Inicia\u00e7\u00e3o Cient\u00edfica do IPA 2024 (PDF 0,5 MB)<\/a>[\/vc_column_text][\/vc_column][vc_column width=&#8221;1\/3&#8243;][vc_column_text]<a href=\"https:\/\/smastr16.blob.core.windows.net\/2001\/sites\/261\/2025\/10\/caderno-de-resumos-pibic-ipa_2025.pdf\" target=\"_blank\" rel=\"noopener\"><img decoding=\"async\" loading=\"lazy\" class=\"alignnone wp-image-8780 size-wcsmall\" src=\"https:\/\/smastr16.blob.core.windows.net\/2001\/sites\/261\/2025\/10\/capa_caderno_resumos_pibic_2025-3-250x343.jpg\" alt=\"\" width=\"250\" height=\"343\" srcset=\"https:\/\/smastr16.blob.core.windows.net\/2001\/sites\/261\/2025\/10\/capa_caderno_resumos_pibic_2025-3-250x343.jpg 250w, https:\/\/smastr16.blob.core.windows.net\/2001\/sites\/261\/2025\/10\/capa_caderno_resumos_pibic_2025-3-219x300.jpg 219w, https:\/\/smastr16.blob.core.windows.net\/2001\/sites\/261\/2025\/10\/capa_caderno_resumos_pibic_2025-3-747x1024.jpg 747w, https:\/\/smastr16.blob.core.windows.net\/2001\/sites\/261\/2025\/10\/capa_caderno_resumos_pibic_2025-3-768x1053.jpg 768w, https:\/\/smastr16.blob.core.windows.net\/2001\/sites\/261\/2025\/10\/capa_caderno_resumos_pibic_2025-3-550x754.jpg 550w, https:\/\/smastr16.blob.core.windows.net\/2001\/sites\/261\/2025\/10\/capa_caderno_resumos_pibic_2025-3-800x1097.jpg 800w, https:\/\/smastr16.blob.core.windows.net\/2001\/sites\/261\/2025\/10\/capa_caderno_resumos_pibic_2025-3-131x180.jpg 131w, https:\/\/smastr16.blob.core.windows.net\/2001\/sites\/261\/2025\/10\/capa_caderno_resumos_pibic_2025-3-365x500.jpg 365w, https:\/\/smastr16.blob.core.windows.net\/2001\/sites\/261\/2025\/10\/capa_caderno_resumos_pibic_2025-3.jpg 1000w\" sizes=\"(max-width: 250px) 100vw, 250px\" \/><\/a><\/p>\n<p><a href=\"https:\/\/smastr16.blob.core.windows.net\/2001\/sites\/261\/2025\/10\/caderno-de-resumos-pibic-ipa_2025.pdf\">Caderno de Resumos do Semin\u00e1rio de Inicia\u00e7\u00e3o Cient\u00edfica do IPA 2025 (PDF 1,4 MB)<\/a>[\/vc_column_text][\/vc_column][vc_column width=&#8221;1\/3&#8243;][\/vc_column][\/vc_row][vc_row][vc_column][vc_column_text]<\/p>\n<hr \/>\n<p>[\/vc_column_text][\/vc_column][\/vc_row]<\/p>\n","protected":false},"excerpt":{"rendered":"<p>[vc_row][vc_column width=&#8221;2\/3&#8243;][vc_column_text]Caderno de Resumo dos trabalhos de pesquisas dos bolsistas de Inicia\u00e7\u00e3o Cient\u00edfica do Instituto de Pesquisas Ambientais nas categorias Ensino M\u00e9dio e Ensino Superior e de seus respectivos orientadores. [&hellip;]<\/p>\n","protected":false},"author":196,"featured_media":0,"parent":0,"menu_order":0,"comment_status":"closed","ping_status":"closed","template":"","meta":[],"_links":{"self":[{"href":"https:\/\/www.infraestruturameioambiente.sp.gov.br\/ipa\/wp-json\/wp\/v2\/pages\/2448"}],"collection":[{"href":"https:\/\/www.infraestruturameioambiente.sp.gov.br\/ipa\/wp-json\/wp\/v2\/pages"}],"about":[{"href":"https:\/\/www.infraestruturameioambiente.sp.gov.br\/ipa\/wp-json\/wp\/v2\/types\/page"}],"author":[{"embeddable":true,"href":"https:\/\/www.infraestruturameioambiente.sp.gov.br\/ipa\/wp-json\/wp\/v2\/users\/196"}],"replies":[{"embeddable":true,"href":"https:\/\/www.infraestruturameioambiente.sp.gov.br\/ipa\/wp-json\/wp\/v2\/comments?post=2448"}],"version-history":[{"count":36,"href":"https:\/\/www.infraestruturameioambiente.sp.gov.br\/ipa\/wp-json\/wp\/v2\/pages\/2448\/revisions"}],"predecessor-version":[{"id":8820,"href":"https:\/\/www.infraestruturameioambiente.sp.gov.br\/ipa\/wp-json\/wp\/v2\/pages\/2448\/revisions\/8820"}],"wp:attachment":[{"href":"https:\/\/www.infraestruturameioambiente.sp.gov.br\/ipa\/wp-json\/wp\/v2\/media?parent=2448"}],"curies":[{"name":"wp","href":"https:\/\/api.w.org\/{rel}","templated":true}]}}