{"id":2190,"date":"2022-11-18T15:45:42","date_gmt":"2022-11-18T17:45:42","guid":{"rendered":"https:\/\/www.infraestruturameioambiente.sp.gov.br\/ipa\/?page_id=2190"},"modified":"2022-11-18T15:49:06","modified_gmt":"2022-11-18T17:49:06","slug":"inventario-da-cobertura-vegetal-nativa-do-estado-de-sao-paulo","status":"publish","type":"page","link":"https:\/\/www.infraestruturameioambiente.sp.gov.br\/ipa\/inventario-da-cobertura-vegetal-nativa-do-estado-de-sao-paulo\/","title":{"rendered":"Invent\u00e1rio da cobertura vegetal nativa do Estado de S\u00e3o Paulo"},"content":{"rendered":"<div id=\"attachment_1884\" style=\"width: 460px\" class=\"wp-caption alignleft\"><a href=\"https:\/\/indd.adobe.com\/view\/a5aba10f-0090-4109-ac1c-944c8260b1ff\"><img aria-describedby=\"caption-attachment-1884\" decoding=\"async\" loading=\"lazy\" class=\"wp-image-1884 size-wcfixedheightmedium\" src=\"https:\/\/smastr16.blob.core.windows.net\/2001\/sites\/261\/2022\/06\/inventario_florestal_destq-450x300.jpg\" alt=\"\" width=\"450\" height=\"300\" srcset=\"https:\/\/smastr16.blob.core.windows.net\/2001\/sites\/261\/2022\/06\/inventario_florestal_destq-450x300.jpg 450w, https:\/\/smastr16.blob.core.windows.net\/2001\/sites\/261\/2022\/06\/inventario_florestal_destq-300x200.jpg 300w, https:\/\/smastr16.blob.core.windows.net\/2001\/sites\/261\/2022\/06\/inventario_florestal_destq-1024x683.jpg 1024w, https:\/\/smastr16.blob.core.windows.net\/2001\/sites\/261\/2022\/06\/inventario_florestal_destq-768x512.jpg 768w, https:\/\/smastr16.blob.core.windows.net\/2001\/sites\/261\/2022\/06\/inventario_florestal_destq-250x167.jpg 250w, https:\/\/smastr16.blob.core.windows.net\/2001\/sites\/261\/2022\/06\/inventario_florestal_destq-550x367.jpg 550w, https:\/\/smastr16.blob.core.windows.net\/2001\/sites\/261\/2022\/06\/inventario_florestal_destq-800x533.jpg 800w, https:\/\/smastr16.blob.core.windows.net\/2001\/sites\/261\/2022\/06\/inventario_florestal_destq-270x180.jpg 270w, https:\/\/smastr16.blob.core.windows.net\/2001\/sites\/261\/2022\/06\/inventario_florestal_destq-750x500.jpg 750w, https:\/\/smastr16.blob.core.windows.net\/2001\/sites\/261\/2022\/06\/inventario_florestal_destq.jpg 1200w\" sizes=\"(max-width: 450px) 100vw, 450px\" \/><\/a><p id=\"caption-attachment-1884\" class=\"wp-caption-text\"><a href=\"https:\/\/indd.adobe.com\/view\/a5aba10f-0090-4109-ac1c-944c8260b1ff\"> Invent\u00e1rio da cobertura vegetal nativa do Estado de S\u00e3o Paulo<\/a> ( PDF 266 MB)<\/p><\/div>\n<p style=\"text-align: justify\">A presente publica\u00e7\u00e3o d\u00e1 continuidade aos mapeamentos da cobertura vegetal nativa que o Instituto Florestal (atual Instituto de Pesquisas Ambientais) tem produzido, para todo o Estado de S\u00e3o Paulo, nos per\u00edodos de 1990\/91, 2000\/01 e 2010, quantificando a \u00e1rea dos remanescentes de vegeta\u00e7\u00e3o nativa e avaliando suas altera\u00e7\u00f5es e estado de conserva\u00e7\u00e3o.<\/p>\n<p style=\"text-align: justify\">Ao longo do tempo, o projeto Invent\u00e1rio Florestal tem realizado os mapeamentos procurando utilizar a melhor resolu\u00e7\u00e3o e escala espacial poss\u00edvel, bem como aprimorando a sua legenda de vegeta\u00e7\u00e3o nativa. Se por um lado, isso dificulta a compara\u00e7\u00e3o entre os per\u00edodos, por outro lado traz o retrato mais fiel da quantifica\u00e7\u00e3o e distribui\u00e7\u00e3o da vegeta\u00e7\u00e3o nativa no territ\u00f3rio paulista, conferindo mais seguran\u00e7a \u00e0 tomada de decis\u00f5es baseadas nesses dados.<\/p>\n<p style=\"text-align: justify\">O mapeamento realizado em 1990\/91 foi o primeiro a utilizar imagens de sat\u00e9lite, ainda em formato anal\u00f3gico, com interpreta\u00e7\u00e3o visual, quantifica\u00e7\u00e3o manual e utilizando uma legenda de vegeta\u00e7\u00e3o regional para o Estado de S\u00e3o Paulo.<\/p>\n<p style=\"text-align: justify\">O mapeamento atual utiliza imagens de sat\u00e9lite de alta resolu\u00e7\u00e3o espacial, em formato digital, interpreta\u00e7\u00e3o autom\u00e1tica supervisionada, em ambiente de sistema de informa\u00e7\u00e3o geogr\u00e1fica e usa a legenda preconizada pelo Instituto Brasileiro de Geografia e Estat\u00edstica \u2013 IBGE (2012).<\/p>\n<p style=\"text-align: justify\">Ao longo desse per\u00edodo, os resultados dos mapeamentos realizados t\u00eam proporcionado suporte \u00e0s pol\u00edticas p\u00fablicas de conserva\u00e7\u00e3o, planejamento, licenciamento, fiscaliza\u00e7\u00e3o e \u00e0 pesquisa cient\u00edfica ambiental.<\/p>\n<p style=\"text-align: justify\">Os resultados do mapeamento dos remanescentes da vegeta\u00e7\u00e3o nativa s\u00e3o apresentados atrav\u00e9s dos seguintes recortes territoriais:<\/p>\n<p style=\"text-align: justify\">\u2022 Bacia Hidrogr\u00e1fica;<br \/>\n\u2022 Unidade de Gerenciamento dos Recursos H\u00eddricos e Munic\u00edpio;<br \/>\n\u2022 Regi\u00e3o Fitoecol\u00f3gica;<br \/>\n\u2022 Unidade de Conserva\u00e7\u00e3o.<\/p>\n<p style=\"text-align: justify\">O trabalho tamb\u00e9m analisa a evolu\u00e7\u00e3o da cobertura vegetal nativa, considerando as tecnologias e procedimentos metodol\u00f3gicos utilizados nos mapeamentos realizados at\u00e9 o momento.<\/p>\n<ul>\n<li style=\"text-align: justify\">Invent\u00e1rio da Cobertura Vegetal Nativa do Estado de S\u00e3o Paulo, <a href=\"https:\/\/indd.adobe.com\/view\/a5aba10f-0090-4109-ac1c-944c8260b1ff\">CLIQUE AQUI<\/a> (PDF 266 MB)<\/li>\n<\/ul>\n<p><img decoding=\"async\" loading=\"lazy\" class=\"alignnone size-thumbnail wp-image-159\" src=\"https:\/\/smastr16.blob.core.windows.net\/2001\/sites\/261\/2021\/09\/ods-04-150x150.png\" alt=\"\" width=\"150\" height=\"150\" srcset=\"https:\/\/www.infraestruturameioambiente.sp.gov.br\/ipa\/wp-content\/uploads\/sites\/261\/2021\/09\/ods-04-150x150.png 150w, https:\/\/www.infraestruturameioambiente.sp.gov.br\/ipa\/wp-content\/uploads\/sites\/261\/2021\/09\/ods-04-48x48.png 48w, https:\/\/www.infraestruturameioambiente.sp.gov.br\/ipa\/wp-content\/uploads\/sites\/261\/2021\/09\/ods-04-180x180.png 180w, https:\/\/www.infraestruturameioambiente.sp.gov.br\/ipa\/wp-content\/uploads\/sites\/261\/2021\/09\/ods-04.png 225w\" sizes=\"(max-width: 150px) 100vw, 150px\" \/> <img decoding=\"async\" loading=\"lazy\" class=\"alignnone size-thumbnail wp-image-164\" src=\"https:\/\/smastr16.blob.core.windows.net\/2001\/sites\/261\/2021\/09\/ods-08-150x150.png\" alt=\"\" width=\"150\" height=\"150\" srcset=\"https:\/\/www.infraestruturameioambiente.sp.gov.br\/ipa\/wp-content\/uploads\/sites\/261\/2021\/09\/ods-08-150x150.png 150w, https:\/\/www.infraestruturameioambiente.sp.gov.br\/ipa\/wp-content\/uploads\/sites\/261\/2021\/09\/ods-08-48x48.png 48w, https:\/\/www.infraestruturameioambiente.sp.gov.br\/ipa\/wp-content\/uploads\/sites\/261\/2021\/09\/ods-08-180x180.png 180w, https:\/\/www.infraestruturameioambiente.sp.gov.br\/ipa\/wp-content\/uploads\/sites\/261\/2021\/09\/ods-08.png 225w\" sizes=\"(max-width: 150px) 100vw, 150px\" \/> <img decoding=\"async\" loading=\"lazy\" class=\"alignnone size-thumbnail wp-image-165\" src=\"https:\/\/smastr16.blob.core.windows.net\/2001\/sites\/261\/2021\/09\/ods-09-150x150.png\" alt=\"\" width=\"150\" height=\"150\" srcset=\"https:\/\/www.infraestruturameioambiente.sp.gov.br\/ipa\/wp-content\/uploads\/sites\/261\/2021\/09\/ods-09-150x150.png 150w, https:\/\/www.infraestruturameioambiente.sp.gov.br\/ipa\/wp-content\/uploads\/sites\/261\/2021\/09\/ods-09-48x48.png 48w, https:\/\/www.infraestruturameioambiente.sp.gov.br\/ipa\/wp-content\/uploads\/sites\/261\/2021\/09\/ods-09-180x180.png 180w, https:\/\/www.infraestruturameioambiente.sp.gov.br\/ipa\/wp-content\/uploads\/sites\/261\/2021\/09\/ods-09.png 225w\" sizes=\"(max-width: 150px) 100vw, 150px\" \/> <img decoding=\"async\" loading=\"lazy\" class=\"alignnone size-thumbnail wp-image-153\" src=\"https:\/\/smastr16.blob.core.windows.net\/2001\/sites\/261\/2021\/08\/ods-11-150x150.png\" alt=\"\" width=\"150\" height=\"150\" srcset=\"https:\/\/www.infraestruturameioambiente.sp.gov.br\/ipa\/wp-content\/uploads\/sites\/261\/2021\/08\/ods-11-150x150.png 150w, https:\/\/www.infraestruturameioambiente.sp.gov.br\/ipa\/wp-content\/uploads\/sites\/261\/2021\/08\/ods-11-48x48.png 48w, https:\/\/www.infraestruturameioambiente.sp.gov.br\/ipa\/wp-content\/uploads\/sites\/261\/2021\/08\/ods-11-180x180.png 180w, https:\/\/www.infraestruturameioambiente.sp.gov.br\/ipa\/wp-content\/uploads\/sites\/261\/2021\/08\/ods-11.png 225w\" sizes=\"(max-width: 150px) 100vw, 150px\" \/> <img decoding=\"async\" loading=\"lazy\" class=\"alignnone size-thumbnail wp-image-167\" src=\"https:\/\/smastr16.blob.core.windows.net\/2001\/sites\/261\/2021\/09\/ods-12-150x150.png\" alt=\"\" width=\"150\" height=\"150\" srcset=\"https:\/\/www.infraestruturameioambiente.sp.gov.br\/ipa\/wp-content\/uploads\/sites\/261\/2021\/09\/ods-12-150x150.png 150w, https:\/\/www.infraestruturameioambiente.sp.gov.br\/ipa\/wp-content\/uploads\/sites\/261\/2021\/09\/ods-12-48x48.png 48w, https:\/\/www.infraestruturameioambiente.sp.gov.br\/ipa\/wp-content\/uploads\/sites\/261\/2021\/09\/ods-12-180x180.png 180w, https:\/\/www.infraestruturameioambiente.sp.gov.br\/ipa\/wp-content\/uploads\/sites\/261\/2021\/09\/ods-12.png 225w\" sizes=\"(max-width: 150px) 100vw, 150px\" \/> <img decoding=\"async\" loading=\"lazy\" class=\"alignnone size-thumbnail wp-image-154\" src=\"https:\/\/smastr16.blob.core.windows.net\/2001\/sites\/261\/2021\/08\/ods-13-150x150.png\" alt=\"\" width=\"150\" height=\"150\" srcset=\"https:\/\/www.infraestruturameioambiente.sp.gov.br\/ipa\/wp-content\/uploads\/sites\/261\/2021\/08\/ods-13-150x150.png 150w, https:\/\/www.infraestruturameioambiente.sp.gov.br\/ipa\/wp-content\/uploads\/sites\/261\/2021\/08\/ods-13-48x48.png 48w, https:\/\/www.infraestruturameioambiente.sp.gov.br\/ipa\/wp-content\/uploads\/sites\/261\/2021\/08\/ods-13-180x180.png 180w, https:\/\/www.infraestruturameioambiente.sp.gov.br\/ipa\/wp-content\/uploads\/sites\/261\/2021\/08\/ods-13.png 225w\" sizes=\"(max-width: 150px) 100vw, 150px\" \/> <img decoding=\"async\" loading=\"lazy\" class=\"alignnone size-thumbnail wp-image-169\" src=\"https:\/\/smastr16.blob.core.windows.net\/2001\/sites\/261\/2021\/09\/ods-15-150x150.png\" alt=\"\" width=\"150\" height=\"150\" srcset=\"https:\/\/www.infraestruturameioambiente.sp.gov.br\/ipa\/wp-content\/uploads\/sites\/261\/2021\/09\/ods-15-150x150.png 150w, https:\/\/www.infraestruturameioambiente.sp.gov.br\/ipa\/wp-content\/uploads\/sites\/261\/2021\/09\/ods-15-48x48.png 48w, https:\/\/www.infraestruturameioambiente.sp.gov.br\/ipa\/wp-content\/uploads\/sites\/261\/2021\/09\/ods-15-180x180.png 180w, https:\/\/www.infraestruturameioambiente.sp.gov.br\/ipa\/wp-content\/uploads\/sites\/261\/2021\/09\/ods-15.png 225w\" sizes=\"(max-width: 150px) 100vw, 150px\" \/> <img decoding=\"async\" loading=\"lazy\" class=\"alignnone size-thumbnail wp-image-171\" src=\"https:\/\/smastr16.blob.core.windows.net\/2001\/sites\/261\/2021\/09\/ods-17-150x150.png\" alt=\"\" width=\"150\" height=\"150\" srcset=\"https:\/\/www.infraestruturameioambiente.sp.gov.br\/ipa\/wp-content\/uploads\/sites\/261\/2021\/09\/ods-17-150x150.png 150w, https:\/\/www.infraestruturameioambiente.sp.gov.br\/ipa\/wp-content\/uploads\/sites\/261\/2021\/09\/ods-17-48x48.png 48w, https:\/\/www.infraestruturameioambiente.sp.gov.br\/ipa\/wp-content\/uploads\/sites\/261\/2021\/09\/ods-17-180x180.png 180w, https:\/\/www.infraestruturameioambiente.sp.gov.br\/ipa\/wp-content\/uploads\/sites\/261\/2021\/09\/ods-17.png 225w\" sizes=\"(max-width: 150px) 100vw, 150px\" \/><\/p>\n","protected":false},"excerpt":{"rendered":"<p>A presente publica\u00e7\u00e3o d\u00e1 continuidade aos mapeamentos da cobertura vegetal nativa que o Instituto Florestal (atual Instituto de Pesquisas Ambientais) tem produzido, para todo o Estado de S\u00e3o Paulo, nos [&hellip;]<\/p>\n","protected":false},"author":196,"featured_media":0,"parent":0,"menu_order":0,"comment_status":"closed","ping_status":"closed","template":"","meta":[],"_links":{"self":[{"href":"https:\/\/www.infraestruturameioambiente.sp.gov.br\/ipa\/wp-json\/wp\/v2\/pages\/2190"}],"collection":[{"href":"https:\/\/www.infraestruturameioambiente.sp.gov.br\/ipa\/wp-json\/wp\/v2\/pages"}],"about":[{"href":"https:\/\/www.infraestruturameioambiente.sp.gov.br\/ipa\/wp-json\/wp\/v2\/types\/page"}],"author":[{"embeddable":true,"href":"https:\/\/www.infraestruturameioambiente.sp.gov.br\/ipa\/wp-json\/wp\/v2\/users\/196"}],"replies":[{"embeddable":true,"href":"https:\/\/www.infraestruturameioambiente.sp.gov.br\/ipa\/wp-json\/wp\/v2\/comments?post=2190"}],"version-history":[{"count":3,"href":"https:\/\/www.infraestruturameioambiente.sp.gov.br\/ipa\/wp-json\/wp\/v2\/pages\/2190\/revisions"}],"predecessor-version":[{"id":2194,"href":"https:\/\/www.infraestruturameioambiente.sp.gov.br\/ipa\/wp-json\/wp\/v2\/pages\/2190\/revisions\/2194"}],"wp:attachment":[{"href":"https:\/\/www.infraestruturameioambiente.sp.gov.br\/ipa\/wp-json\/wp\/v2\/media?parent=2190"}],"curies":[{"name":"wp","href":"https:\/\/api.w.org\/{rel}","templated":true}]}}