{"id":1322,"date":"2022-04-25T09:18:21","date_gmt":"2022-04-25T12:18:21","guid":{"rendered":"https:\/\/portal-sima-homologacao.azurewebsites.net\/ipa\/?page_id=1313"},"modified":"2025-11-06T08:47:18","modified_gmt":"2025-11-06T11:47:18","slug":"memorias","status":"publish","type":"page","link":"https:\/\/www.infraestruturameioambiente.sp.gov.br\/ipa\/memorias\/","title":{"rendered":"Mem\u00f3rias dos Institutos"},"content":{"rendered":"<p>[vc_row][vc_column width=&#8221;2\/3&#8243;][vc_column_text]<img decoding=\"async\" loading=\"lazy\" class=\"alignleft size-wcfixedheight wp-image-1014\" src=\"https:\/\/smastr16.blob.core.windows.net\/2001\/sites\/261\/2022\/03\/foto-ipa-site-1358x500.jpg\" alt=\"\" width=\"1358\" height=\"500\" srcset=\"https:\/\/www.infraestruturameioambiente.sp.gov.br\/ipa\/wp-content\/uploads\/sites\/261\/2022\/03\/foto-ipa-site-1358x500.jpg 1358w, https:\/\/www.infraestruturameioambiente.sp.gov.br\/ipa\/wp-content\/uploads\/sites\/261\/2022\/03\/foto-ipa-site-300x110.jpg 300w, https:\/\/www.infraestruturameioambiente.sp.gov.br\/ipa\/wp-content\/uploads\/sites\/261\/2022\/03\/foto-ipa-site-1024x377.jpg 1024w, https:\/\/www.infraestruturameioambiente.sp.gov.br\/ipa\/wp-content\/uploads\/sites\/261\/2022\/03\/foto-ipa-site-768x283.jpg 768w, https:\/\/www.infraestruturameioambiente.sp.gov.br\/ipa\/wp-content\/uploads\/sites\/261\/2022\/03\/foto-ipa-site-1536x566.jpg 1536w, https:\/\/www.infraestruturameioambiente.sp.gov.br\/ipa\/wp-content\/uploads\/sites\/261\/2022\/03\/foto-ipa-site-250x92.jpg 250w, https:\/\/www.infraestruturameioambiente.sp.gov.br\/ipa\/wp-content\/uploads\/sites\/261\/2022\/03\/foto-ipa-site-550x203.jpg 550w, https:\/\/www.infraestruturameioambiente.sp.gov.br\/ipa\/wp-content\/uploads\/sites\/261\/2022\/03\/foto-ipa-site-800x295.jpg 800w, https:\/\/www.infraestruturameioambiente.sp.gov.br\/ipa\/wp-content\/uploads\/sites\/261\/2022\/03\/foto-ipa-site-489x180.jpg 489w, https:\/\/www.infraestruturameioambiente.sp.gov.br\/ipa\/wp-content\/uploads\/sites\/261\/2022\/03\/foto-ipa-site-815x300.jpg 815w, https:\/\/www.infraestruturameioambiente.sp.gov.br\/ipa\/wp-content\/uploads\/sites\/261\/2022\/03\/foto-ipa-site.jpg 1765w\" sizes=\"(max-width: 1358px) 100vw, 1358px\" \/><\/p>\n<p>&nbsp;<\/p>\n<p>Com a cria\u00e7\u00e3o do <strong>IPA &#8211; Instituto de Pesquisas Ambientais<\/strong>, os sites dos antigos institutos de Bot\u00e2nica, Florestal e Geol\u00f3gico est\u00e3o guardados desde junho de 2021 para consulta nos links abaixo, preservando a mem\u00f3ria dessas institui\u00e7\u00f5es e suas diversas transforma\u00e7\u00f5es desde o s\u00e9culo 19 quando se originaram.<\/p>\n<p><strong>Instituto Geol\u00f3gico (IG)<\/strong><\/p>\n<div id=\"attachment_197\" style=\"width: 190px\" class=\"wp-caption alignleft\"><a href=\"https:\/\/www.infraestruturameioambiente.sp.gov.br\/institutogeologico\/\"><img aria-describedby=\"caption-attachment-197\" decoding=\"async\" loading=\"lazy\" class=\"wp-image-197 size-wcfixedheightsmall\" src=\"https:\/\/smastr16.blob.core.windows.net\/2001\/sites\/261\/2021\/10\/ig-180x180.jpg\" alt=\"\" width=\"180\" height=\"180\" srcset=\"https:\/\/www.infraestruturameioambiente.sp.gov.br\/ipa\/wp-content\/uploads\/sites\/261\/2021\/10\/ig-180x180.jpg 180w, https:\/\/www.infraestruturameioambiente.sp.gov.br\/ipa\/wp-content\/uploads\/sites\/261\/2021\/10\/ig-150x150.jpg 150w, https:\/\/www.infraestruturameioambiente.sp.gov.br\/ipa\/wp-content\/uploads\/sites\/261\/2021\/10\/ig-48x48.jpg 48w, https:\/\/www.infraestruturameioambiente.sp.gov.br\/ipa\/wp-content\/uploads\/sites\/261\/2021\/10\/ig-250x250.jpg 250w, https:\/\/www.infraestruturameioambiente.sp.gov.br\/ipa\/wp-content\/uploads\/sites\/261\/2021\/10\/ig.jpg 300w\" sizes=\"(max-width: 180px) 100vw, 180px\" \/><\/a><p id=\"caption-attachment-197\" class=\"wp-caption-text\"><a href=\"https:\/\/www.infraestruturameioambiente.sp.gov.br\/institutogeologico\/\"> Mem\u00f3ria do IG <\/a><\/p><\/div>\n<p>\u00d3rg\u00e3o origin\u00e1rio da se\u00e7\u00e3o de Geologia e Geografia da CGG. Em 1938 integrou o Instituto Geogr\u00e1fico e Geol\u00f3gico (IGG), respons\u00e1vel pelo mapeamento b\u00e1sico e estudos sobre territ\u00f3rio, hidrografia e geologia do Estado de S\u00e3o Paulo atribui\u00e7\u00f5es que antes foram da CGG. Em 1975, j\u00e1 como Instituto Geol\u00f3gico (IG), desenvolveu pesquisas nas \u00e1reas de geotecnia, geomorfologia, \u00e1guas subterr\u00e2neas, recursos minerais, desastres naturais, polui\u00e7\u00e3o, zoneamento, gest\u00e3o de unidades de conserva\u00e7\u00e3o, levantamentos b\u00e1sicos em geoci\u00eancias, sistemas gerenciadores de informa\u00e7\u00e3o e educa\u00e7\u00e3o ambiental, visando \u00e0 sua aplica\u00e7\u00e3o na solu\u00e7\u00e3o de problemas ambientais emergentes, ou que demandassem solu\u00e7\u00f5es a m\u00e9dio e longo prazo, bem como na presta\u00e7\u00e3o de servi\u00e7os \u00e0 popula\u00e7\u00e3o e de assessoria t\u00e9cnica \u00e0s prefeituras, curadorias de meio ambiente e outras institui\u00e7\u00f5es cong\u00eaneres.<\/p>\n<p>&nbsp;<\/p>\n<p><strong>Instituto Florestal (IF)<\/strong><\/p>\n<div id=\"attachment_198\" style=\"width: 190px\" class=\"wp-caption alignleft\"><a href=\"https:\/\/www.infraestruturameioambiente.sp.gov.br\/institutoflorestal\/\"><img aria-describedby=\"caption-attachment-198\" decoding=\"async\" loading=\"lazy\" class=\"wp-image-198 size-wcfixedheightsmall\" src=\"https:\/\/smastr16.blob.core.windows.net\/2001\/sites\/261\/2021\/10\/if-180x180.jpg\" alt=\"\" width=\"180\" height=\"180\" srcset=\"https:\/\/www.infraestruturameioambiente.sp.gov.br\/ipa\/wp-content\/uploads\/sites\/261\/2021\/10\/if-180x180.jpg 180w, https:\/\/www.infraestruturameioambiente.sp.gov.br\/ipa\/wp-content\/uploads\/sites\/261\/2021\/10\/if-150x150.jpg 150w, https:\/\/www.infraestruturameioambiente.sp.gov.br\/ipa\/wp-content\/uploads\/sites\/261\/2021\/10\/if-48x48.jpg 48w, https:\/\/www.infraestruturameioambiente.sp.gov.br\/ipa\/wp-content\/uploads\/sites\/261\/2021\/10\/if-250x250.jpg 250w, https:\/\/www.infraestruturameioambiente.sp.gov.br\/ipa\/wp-content\/uploads\/sites\/261\/2021\/10\/if.jpg 300w\" sizes=\"(max-width: 180px) 100vw, 180px\" \/><\/a><p id=\"caption-attachment-198\" class=\"wp-caption-text\"><a href=\"https:\/\/www.infraestruturameioambiente.sp.gov.br\/institutoflorestal\/\"> Mem\u00f3ria do IF <\/a><\/p><\/div>\n<p>Entidade pioneira nas a\u00e7\u00f5es de conserva\u00e7\u00e3o da natureza, tem suas origens na Se\u00e7\u00e3o de Bot\u00e2nica e Meteorologia da CGG. Em 1911, passa a chamar-se Servi\u00e7o Florestal e, em 1970, foi criado o Instituto Florestal, sendo seu primeiro diretor o sueco Alberto L\u00f6fgren, membro da antiga CGG. Este instituto marcou posi\u00e7\u00e3o na realidade florestal paulista e brasileira, com suas pesquisas de melhoramento gen\u00e9tico florestal, criando bancos de germoplasma. Realizou pesquisas de ponta em reflorestamento, subsidiando planos de manejo, seja como gerador de atividade sustent\u00e1vel e econ\u00f4mica, seja pela prote\u00e7\u00e3o de \u00e1reas significativas que abrigam ecossistemas primitivos.<\/p>\n<p>&nbsp;<\/p>\n<p><strong>Instituto de Bot\u00e2nica (IBt)<\/strong><\/p>\n<div id=\"attachment_199\" style=\"width: 190px\" class=\"wp-caption alignleft\"><a href=\"https:\/\/www.infraestruturameioambiente.sp.gov.br\/institutodebotanica\/\"><img aria-describedby=\"caption-attachment-199\" decoding=\"async\" loading=\"lazy\" class=\"wp-image-199 size-wcfixedheightsmall\" src=\"https:\/\/smastr16.blob.core.windows.net\/2001\/sites\/261\/2021\/10\/ibt-180x180.jpg\" alt=\"\" width=\"180\" height=\"180\" srcset=\"https:\/\/www.infraestruturameioambiente.sp.gov.br\/ipa\/wp-content\/uploads\/sites\/261\/2021\/10\/ibt-180x180.jpg 180w, https:\/\/www.infraestruturameioambiente.sp.gov.br\/ipa\/wp-content\/uploads\/sites\/261\/2021\/10\/ibt-150x150.jpg 150w, https:\/\/www.infraestruturameioambiente.sp.gov.br\/ipa\/wp-content\/uploads\/sites\/261\/2021\/10\/ibt-48x48.jpg 48w, https:\/\/www.infraestruturameioambiente.sp.gov.br\/ipa\/wp-content\/uploads\/sites\/261\/2021\/10\/ibt-250x250.jpg 250w, https:\/\/www.infraestruturameioambiente.sp.gov.br\/ipa\/wp-content\/uploads\/sites\/261\/2021\/10\/ibt.jpg 300w\" sizes=\"(max-width: 180px) 100vw, 180px\" \/><\/a><p id=\"caption-attachment-199\" class=\"wp-caption-text\"><a href=\"https:\/\/www.infraestruturameioambiente.sp.gov.br\/institutodebotanica\/\"> Mem\u00f3ria do IBt <\/a><\/p><\/div>\n<p>Tem sua hist\u00f3ria intrinsecamente ligada \u00e0 do Jardim Bot\u00e2nico de S\u00e3o Paulo, remontando ao ano de 1917, quando, para o desenvolvimento de um horto bot\u00e2nico, dedicado ao estudo de plantas medicinais, foi criada a Se\u00e7\u00e3o de Bot\u00e2nica junto ao Instituto Butant\u00e3. Seu dirigente era o naturalista Frederico Carlos Hoehne que, em 1928, deu in\u00edcio \u00e0 constru\u00e7\u00e3o do Jardim Bot\u00e2nico em uma \u00e1rea do Parque do Estado. Em 1938, a Se\u00e7\u00e3o de Bot\u00e2nica passou a Departamento de Bot\u00e2nica e teve sua constru\u00e7\u00e3o iniciada em 1940, na mesma \u00e1rea do Jardim Bot\u00e2nico. Dois anos mais tarde, este departamento passou a denominar-se Instituto de Bot\u00e2nica. Realizou pesquisas cient\u00edficas nas \u00e1reas de micologia, ficologia, briologia, anatomia, palinologia, ecologia, fisiologia e bioqu\u00edmica, sementes, plantas ornamentais e restaura\u00e7\u00e3o de \u00e1reas degradadas; foi respons\u00e1vel pela curadoria do herb\u00e1rio; atuou na \u00e1rea de assessoria \u00e0 pol\u00edtica ambiental do Estado e em educa\u00e7\u00e3o ambiental; e promoveu a forma\u00e7\u00e3o de cientistas, por meio de sua p\u00f3s-gradua\u00e7\u00e3o.[\/vc_column_text][\/vc_column][vc_column width=&#8221;1\/3&#8243;][vc_column_text]<strong><span style=\"font-size: 14pt\">Instituto de Pesquisas Ambientais<\/span><\/strong><\/p>\n<ul>\n<li><a href=\"https:\/\/www.infraestruturameioambiente.sp.gov.br\/ipa\/historia\/\">Hist\u00f3ria<\/a>\n<ul>\n<li><strong>Mem\u00f3rias dos Institutos<\/strong><\/li>\n<\/ul>\n<\/li>\n<li><a href=\"https:\/\/www.infraestruturameioambiente.sp.gov.br\/ipa\/diretrizes\/\">Diretrizes<\/a><\/li>\n<li><a href=\"https:\/\/www.infraestruturameioambiente.sp.gov.br\/ipa\/missao\/\">Miss\u00e3o e Campo de Atua\u00e7\u00e3o<\/a><\/li>\n<li><a href=\"https:\/\/www.infraestruturameioambiente.sp.gov.br\/ipa\/organograma\/\">Organograma<\/a>\n<ul>\n<li><a href=\"https:\/\/www.al.sp.gov.br\/repositorio\/legislacao\/decreto\/2021\/decreto-65796-16.06.2021.html\">Decreto de Cria\u00e7\u00e3o<\/a><\/li>\n<li><a href=\"https:\/\/www.doe.sp.gov.br\/executivo\/secretaria-de-meio-ambiente-infraestrutura-e-logistica\/resolucao-semil-n-017-de-30-de-marco-de-2025-2025033111321220982667\">Decreto de Restrutura\u00e7\u00e3o<\/a><\/li>\n<\/ul>\n<\/li>\n<li><a href=\"https:\/\/www.infraestruturameioambiente.sp.gov.br\/ipa\/legislacao\/\">Legisla\u00e7\u00e3o<\/a><\/li>\n<li><a href=\"https:\/\/www.infraestruturameioambiente.sp.gov.br\/ipa\/orgaos-colegiados__trashed\/conselho-cientifico\/\">Conselho Cient\u00edfico<\/a><\/li>\n<li><a href=\"https:\/\/www.infraestruturameioambiente.sp.gov.br\/ipa\/orgaos-colegiados__trashed\/comissao-de-etica-e-biosseguranca\/\">Comiss\u00e3o de \u00c9tica e Biosseguran\u00e7a<\/a><\/li>\n<li><a href=\"https:\/\/www.infraestruturameioambiente.sp.gov.br\/ipa\/departamento-de-tecnologia-e-inovacao__trashed\/centro-de-inovacao-tecnologica__trashed\/nucleo-de-inovacao-tecnologica-nit-ipa\/\">Inova\u00e7\u00e3o Tecnol\u00f3gica<\/a><\/li>\n<li><a href=\"https:\/\/www.infraestruturameioambiente.sp.gov.br\/ipa\/relatorio\/\">Relat\u00f3rio de Atividades<\/a><\/li>\n<li><a href=\"https:\/\/www.infraestruturameioambiente.sp.gov.br\/ipa\/folder\/\">Folder<\/a><\/li>\n<\/ul>\n<p>[\/vc_column_text][\/vc_column][\/vc_row]<\/p>\n","protected":false},"excerpt":{"rendered":"<p>[vc_row][vc_column width=&#8221;2\/3&#8243;][vc_column_text] &nbsp; Com a cria\u00e7\u00e3o do IPA &#8211; Instituto de Pesquisas Ambientais, os sites dos antigos institutos de Bot\u00e2nica, Florestal e Geol\u00f3gico est\u00e3o guardados desde junho de 2021 para [&hellip;]<\/p>\n","protected":false},"author":184,"featured_media":0,"parent":0,"menu_order":0,"comment_status":"closed","ping_status":"closed","template":"","meta":[],"_links":{"self":[{"href":"https:\/\/www.infraestruturameioambiente.sp.gov.br\/ipa\/wp-json\/wp\/v2\/pages\/1322"}],"collection":[{"href":"https:\/\/www.infraestruturameioambiente.sp.gov.br\/ipa\/wp-json\/wp\/v2\/pages"}],"about":[{"href":"https:\/\/www.infraestruturameioambiente.sp.gov.br\/ipa\/wp-json\/wp\/v2\/types\/page"}],"author":[{"embeddable":true,"href":"https:\/\/www.infraestruturameioambiente.sp.gov.br\/ipa\/wp-json\/wp\/v2\/users\/184"}],"replies":[{"embeddable":true,"href":"https:\/\/www.infraestruturameioambiente.sp.gov.br\/ipa\/wp-json\/wp\/v2\/comments?post=1322"}],"version-history":[{"count":6,"href":"https:\/\/www.infraestruturameioambiente.sp.gov.br\/ipa\/wp-json\/wp\/v2\/pages\/1322\/revisions"}],"predecessor-version":[{"id":8969,"href":"https:\/\/www.infraestruturameioambiente.sp.gov.br\/ipa\/wp-json\/wp\/v2\/pages\/1322\/revisions\/8969"}],"wp:attachment":[{"href":"https:\/\/www.infraestruturameioambiente.sp.gov.br\/ipa\/wp-json\/wp\/v2\/media?parent=1322"}],"curies":[{"name":"wp","href":"https:\/\/api.w.org\/{rel}","templated":true}]}}