{"id":9905,"date":"2012-10-07T11:03:00","date_gmt":"2012-10-07T14:03:00","guid":{"rendered":"https:\/\/www.infraestruturameioambiente.sp.gov.br\/institutogeologico\/?page_id=9905"},"modified":"2019-06-03T11:30:09","modified_gmt":"2019-06-03T14:30:09","slug":"comissao-editorial-ig","status":"publish","type":"page","link":"https:\/\/www.infraestruturameioambiente.sp.gov.br\/institutogeologico\/publicacoes\/boletim-ig\/comissao-editorial-ig\/","title":{"rendered":"Comiss\u00e3o Editorial"},"content":{"rendered":"<p style=\"text-align: center\"><a href=\"https:\/\/www.infraestruturameioambiente.sp.gov.br\/wp-content\/uploads\/sites\/233\/2012\/03\/capa-BoletimIG.jpg\"><img decoding=\"async\" loading=\"lazy\" class=\"aligncenter size-medium wp-image-753\" src=\"https:\/\/www.infraestruturameioambiente.sp.gov.br\/wp-content\/uploads\/sites\/233\/2012\/03\/capa-BoletimIG-212x300.jpg\" alt=\"capa BoletimIG\" width=\"212\" height=\"300\" srcset=\"https:\/\/www.infraestruturameioambiente.sp.gov.br\/institutogeologico\/wp-content\/uploads\/sites\/233\/2012\/03\/capa-BoletimIG-212x300.jpg 212w, https:\/\/www.infraestruturameioambiente.sp.gov.br\/institutogeologico\/wp-content\/uploads\/sites\/233\/2012\/03\/capa-BoletimIG-191x270.jpg 191w, https:\/\/www.infraestruturameioambiente.sp.gov.br\/institutogeologico\/wp-content\/uploads\/sites\/233\/2012\/03\/capa-BoletimIG-109x155.jpg 109w, https:\/\/www.infraestruturameioambiente.sp.gov.br\/institutogeologico\/wp-content\/uploads\/sites\/233\/2012\/03\/capa-BoletimIG-68x97.jpg 68w, https:\/\/www.infraestruturameioambiente.sp.gov.br\/institutogeologico\/wp-content\/uploads\/sites\/233\/2012\/03\/capa-BoletimIG-48x68.jpg 48w, https:\/\/www.infraestruturameioambiente.sp.gov.br\/institutogeologico\/wp-content\/uploads\/sites\/233\/2012\/03\/capa-BoletimIG-142x201.jpg 142w, https:\/\/www.infraestruturameioambiente.sp.gov.br\/institutogeologico\/wp-content\/uploads\/sites\/233\/2012\/03\/capa-BoletimIG-91x129.jpg 91w, https:\/\/www.infraestruturameioambiente.sp.gov.br\/institutogeologico\/wp-content\/uploads\/sites\/233\/2012\/03\/capa-BoletimIG-70x99.jpg 70w, https:\/\/www.infraestruturameioambiente.sp.gov.br\/institutogeologico\/wp-content\/uploads\/sites\/233\/2012\/03\/capa-BoletimIG-49x70.jpg 49w, https:\/\/www.infraestruturameioambiente.sp.gov.br\/institutogeologico\/wp-content\/uploads\/sites\/233\/2012\/03\/capa-BoletimIG.jpg 1294w\" sizes=\"(max-width: 212px) 100vw, 212px\" \/><\/a><\/p>\n<p style=\"text-align: center\">Editora-Chefe da Comiss\u00e3o Editorial &#8211; MIRIAN RAMOS GUTJAHR<\/p>\n<p style=\"text-align: center\">Editora-Assistente &#8211; DENISE ROSSINI PENTEADO<\/p>\n<p style=\"text-align: center\">Editora-Assistente &#8211; M\u00c1RCIA VIEIRA SILVA<\/p>\n<p style=\"text-align: center\">Editor-Assistente &#8211; RICARDO VEDOVELLO<\/p>\n<p style=\"text-align: center\">Editora-Assistente &#8211; ROS\u00c2NGELA DO AMARAL<\/p>\n","protected":false},"excerpt":{"rendered":"<p>Editora-Chefe da Comiss\u00e3o Editorial &#8211; MIRIAN RAMOS GUTJAHR Editora-Assistente &#8211; DENISE ROSSINI PENTEADO Editora-Assistente &#8211; M\u00c1RCIA VIEIRA SILVA Editor-Assistente &#8211; RICARDO VEDOVELLO Editora-Assistente &#8211; ROS\u00c2NGELA DO AMARAL<\/p>\n","protected":false},"author":96,"featured_media":0,"parent":752,"menu_order":0,"comment_status":"closed","ping_status":"open","template":"","meta":[],"_links":{"self":[{"href":"https:\/\/www.infraestruturameioambiente.sp.gov.br\/institutogeologico\/wp-json\/wp\/v2\/pages\/9905"}],"collection":[{"href":"https:\/\/www.infraestruturameioambiente.sp.gov.br\/institutogeologico\/wp-json\/wp\/v2\/pages"}],"about":[{"href":"https:\/\/www.infraestruturameioambiente.sp.gov.br\/institutogeologico\/wp-json\/wp\/v2\/types\/page"}],"author":[{"embeddable":true,"href":"https:\/\/www.infraestruturameioambiente.sp.gov.br\/institutogeologico\/wp-json\/wp\/v2\/users\/96"}],"replies":[{"embeddable":true,"href":"https:\/\/www.infraestruturameioambiente.sp.gov.br\/institutogeologico\/wp-json\/wp\/v2\/comments?post=9905"}],"version-history":[{"count":9,"href":"https:\/\/www.infraestruturameioambiente.sp.gov.br\/institutogeologico\/wp-json\/wp\/v2\/pages\/9905\/revisions"}],"predecessor-version":[{"id":13093,"href":"https:\/\/www.infraestruturameioambiente.sp.gov.br\/institutogeologico\/wp-json\/wp\/v2\/pages\/9905\/revisions\/13093"}],"up":[{"embeddable":true,"href":"https:\/\/www.infraestruturameioambiente.sp.gov.br\/institutogeologico\/wp-json\/wp\/v2\/pages\/752"}],"wp:attachment":[{"href":"https:\/\/www.infraestruturameioambiente.sp.gov.br\/institutogeologico\/wp-json\/wp\/v2\/media?parent=9905"}],"curies":[{"name":"wp","href":"https:\/\/api.w.org\/{rel}","templated":true}]}}

Comissão Editorial

<p style="text-align: center"><a href="https://www.infraestruturameioambiente.sp.gov.br/wp-content/uploads/sites/233/2012/03/capa-BoletimIG.jpg"><img decoding="async" loading="lazy" class="aligncenter size-medium wp-image-753" src="https://www.infraestruturameioambiente.sp.gov.br/wp-content/uploads/sites/233/2012/03/capa-BoletimIG-212x300.jpg" alt="capa BoletimIG" width="212" height="300" srcset="https://www.infraestruturameioambiente.sp.gov.br/institutogeologico/wp-content/uploads/sites/233/2012/03/capa-BoletimIG-212x300.jpg 212w, https://www.infraestruturameioambiente.sp.gov.br/institutogeologico/wp-content/uploads/sites/233/2012/03/capa-BoletimIG-191x270.jpg 191w, https://www.infraestruturameioambiente.sp.gov.br/institutogeologico/wp-content/uploads/sites/233/2012/03/capa-BoletimIG-109x155.jpg 109w, https://www.infraestruturameioambiente.sp.gov.br/institutogeologico/wp-content/uploads/sites/233/2012/03/capa-BoletimIG-68x97.jpg 68w, https://www.infraestruturameioambiente.sp.gov.br/institutogeologico/wp-content/uploads/sites/233/2012/03/capa-BoletimIG-48x68.jpg 48w, https://www.infraestruturameioambiente.sp.gov.br/institutogeologico/wp-content/uploads/sites/233/2012/03/capa-BoletimIG-142x201.jpg 142w, https://www.infraestruturameioambiente.sp.gov.br/institutogeologico/wp-content/uploads/sites/233/2012/03/capa-BoletimIG-91x129.jpg 91w, https://www.infraestruturameioambiente.sp.gov.br/institutogeologico/wp-content/uploads/sites/233/2012/03/capa-BoletimIG-70x99.jpg 70w, https://www.infraestruturameioambiente.sp.gov.br/institutogeologico/wp-content/uploads/sites/233/2012/03/capa-BoletimIG-49x70.jpg 49w, https://www.infraestruturameioambiente.sp.gov.br/institutogeologico/wp-content/uploads/sites/233/2012/03/capa-BoletimIG.jpg 1294w" sizes="(max-width: 212px) 100vw, 212px" /></a></p>
<p style="text-align: center">Editora-Chefe da Comissão Editorial &#8211; MIRIAN RAMOS GUTJAHR</p>
<p style="text-align: center">Editora-Assistente &#8211; DENISE ROSSINI PENTEADO</p>
<p style="text-align: center">Editora-Assistente &#8211; MÁRCIA VIEIRA SILVA</p>
<p style="text-align: center">Editor-Assistente &#8211; RICARDO VEDOVELLO</p>
<p style="text-align: center">Editora-Assistente &#8211; ROSÂNGELA DO AMARAL</p>

<p>Editora-Chefe da Comissão Editorial &#8211; MIRIAN RAMOS GUTJAHR Editora-Assistente &#8211; DENISE ROSSINI PENTEADO Editora-Assistente &#8211; MÁRCIA VIEIRA SILVA Editor-Assistente &#8211; RICARDO VEDOVELLO Editora-Assistente &#8211; ROSÂNGELA DO AMARAL</p>
