{"id":730,"date":"2012-03-26T14:43:03","date_gmt":"2012-03-26T17:43:03","guid":{"rendered":"https:\/\/www.infraestruturameioambiente.sp.gov.br\/institutogeologico\/?page_id=730"},"modified":"2023-04-27T13:51:56","modified_gmt":"2023-04-27T16:51:56","slug":"divulgacao-cientifica","status":"publish","type":"page","link":"https:\/\/www.infraestruturameioambiente.sp.gov.br\/institutogeologico\/geodados\/divulgacao-cientifica\/","title":{"rendered":"Divulga\u00e7\u00e3o Cient\u00edfica"},"content":{"rendered":"<p style=\"text-align: justify\">Divulgar a grande variabilidade de trabalhos t\u00e9cnicos e cient\u00edficos que s\u00e3o produzidos pelo Instituto Geol\u00f3gico nas \u00e1rea de Geoci\u00eancias \u00e9 uma miss\u00e3o institucional cont\u00ednua, permitindo ao p\u00fablico externo, de natureza diversa, o seu conhecimento e uso potencial. Todos os produtos do IG s\u00e3o disponibilizados para download, propondo que a informa\u00e7\u00e3o ser\u00e1 obtida de forma r\u00e1pida, com acessibilidade por um n\u00famero de usu\u00e1rios maior e grande disponibilidade, facilitando a reprodutividade da informa\u00e7\u00e3o.<\/p>\n<ul>\n<li><a href=\"https:\/\/www.infraestruturameioambiente.sp.gov.br\/institutogeologico\/2015\/11\/divulgacao-cientific\/\">Material de Divulga\u00e7\u00e3o Cient\u00edfica<\/a><\/li>\n<li><a href=\"https:\/\/www.infraestruturameioambiente.sp.gov.br\/institutogeologico\/instituto\/comunicacao\/\">Comunica\u00e7\u00e3o T\u00e9cnico-Cient\u00edfica<\/a><\/li>\n<li><a href=\"https:\/\/www.infraestruturameioambiente.sp.gov.br\/institutogeologico\/instituto\/comunicacao\/eventos\/\">Eventos<\/a><\/li>\n<\/ul>\n<p style=\"text-align: justify\">\n","protected":false},"excerpt":{"rendered":"<p>Divulgar a grande variabilidade de trabalhos t\u00e9cnicos e cient\u00edficos que s\u00e3o produzidos pelo Instituto Geol\u00f3gico nas \u00e1rea de Geoci\u00eancias \u00e9 uma miss\u00e3o institucional cont\u00ednua, permitindo ao p\u00fablico externo, de natureza diversa, o seu conhecimento e uso potencial. Todos os produtos do IG s\u00e3o disponibilizados para download, propondo que a informa\u00e7\u00e3o ser\u00e1 obtida de forma r\u00e1pida, [&hellip;]<\/p>\n","protected":false},"author":1,"featured_media":0,"parent":39,"menu_order":0,"comment_status":"open","ping_status":"open","template":"","meta":[],"_links":{"self":[{"href":"https:\/\/www.infraestruturameioambiente.sp.gov.br\/institutogeologico\/wp-json\/wp\/v2\/pages\/730"}],"collection":[{"href":"https:\/\/www.infraestruturameioambiente.sp.gov.br\/institutogeologico\/wp-json\/wp\/v2\/pages"}],"about":[{"href":"https:\/\/www.infraestruturameioambiente.sp.gov.br\/institutogeologico\/wp-json\/wp\/v2\/types\/page"}],"author":[{"embeddable":true,"href":"https:\/\/www.infraestruturameioambiente.sp.gov.br\/institutogeologico\/wp-json\/wp\/v2\/users\/1"}],"replies":[{"embeddable":true,"href":"https:\/\/www.infraestruturameioambiente.sp.gov.br\/institutogeologico\/wp-json\/wp\/v2\/comments?post=730"}],"version-history":[{"count":10,"href":"https:\/\/www.infraestruturameioambiente.sp.gov.br\/institutogeologico\/wp-json\/wp\/v2\/pages\/730\/revisions"}],"predecessor-version":[{"id":14107,"href":"https:\/\/www.infraestruturameioambiente.sp.gov.br\/institutogeologico\/wp-json\/wp\/v2\/pages\/730\/revisions\/14107"}],"up":[{"embeddable":true,"href":"https:\/\/www.infraestruturameioambiente.sp.gov.br\/institutogeologico\/wp-json\/wp\/v2\/pages\/39"}],"wp:attachment":[{"href":"https:\/\/www.infraestruturameioambiente.sp.gov.br\/institutogeologico\/wp-json\/wp\/v2\/media?parent=730"}],"curies":[{"name":"wp","href":"https:\/\/api.w.org\/{rel}","templated":true}]}}