{"id":73,"date":"2012-02-29T11:28:55","date_gmt":"2012-02-29T14:28:55","guid":{"rendered":"https:\/\/www.infraestruturameioambiente.sp.gov.br\/institutogeologico\/?page_id=73"},"modified":"2023-04-27T13:55:03","modified_gmt":"2023-04-27T16:55:03","slug":"eventos","status":"publish","type":"page","link":"https:\/\/www.infraestruturameioambiente.sp.gov.br\/institutogeologico\/instituto\/comunicacao\/eventos\/","title":{"rendered":"Eventos"},"content":{"rendered":"<p>O Instituto Geol\u00f3gico participa e organiza cursos, simp\u00f3sios, semin\u00e1rios, palestras, cerim\u00f4nias e outros eventos na \u00e1rea de Geoci\u00eancias e Meio Ambiente.<\/p>\n<ul>\n<li><a href=\"https:\/\/www.infraestruturameioambiente.sp.gov.br\/institutogeologico\/geodados\/divulgacao-cientifica\/\">Divulga\u00e7\u00e3o Cient\u00edfica<\/a><\/li>\n<li><a href=\"https:\/\/www.infraestruturameioambiente.sp.gov.br\/institutogeologico\/2015\/11\/divulgacao-cientific\/\">Material de Divulga\u00e7\u00e3o Cient\u00edfica<\/a><\/li>\n<li><a href=\"https:\/\/www.infraestruturameioambiente.sp.gov.br\/institutogeologico\/instituto\/comunicacao\/\">Comunica\u00e7\u00e3o T\u00e9cnico-Cient\u00edfica<\/a><\/li>\n<\/ul>\n<p>&nbsp;<\/p>\n<p>&nbsp;<\/p>\n","protected":false},"excerpt":{"rendered":"<p>O Instituto Geol\u00f3gico participa e organiza cursos, simp\u00f3sios, semin\u00e1rios, palestras, cerim\u00f4nias e outros eventos na \u00e1rea de Geoci\u00eancias e Meio Ambiente. Divulga\u00e7\u00e3o Cient\u00edfica Material de Divulga\u00e7\u00e3o Cient\u00edfica Comunica\u00e7\u00e3o T\u00e9cnico-Cient\u00edfica &nbsp; &nbsp;<\/p>\n","protected":false},"author":8,"featured_media":0,"parent":69,"menu_order":2,"comment_status":"open","ping_status":"open","template":"","meta":[],"_links":{"self":[{"href":"https:\/\/www.infraestruturameioambiente.sp.gov.br\/institutogeologico\/wp-json\/wp\/v2\/pages\/73"}],"collection":[{"href":"https:\/\/www.infraestruturameioambiente.sp.gov.br\/institutogeologico\/wp-json\/wp\/v2\/pages"}],"about":[{"href":"https:\/\/www.infraestruturameioambiente.sp.gov.br\/institutogeologico\/wp-json\/wp\/v2\/types\/page"}],"author":[{"embeddable":true,"href":"https:\/\/www.infraestruturameioambiente.sp.gov.br\/institutogeologico\/wp-json\/wp\/v2\/users\/8"}],"replies":[{"embeddable":true,"href":"https:\/\/www.infraestruturameioambiente.sp.gov.br\/institutogeologico\/wp-json\/wp\/v2\/comments?post=73"}],"version-history":[{"count":26,"href":"https:\/\/www.infraestruturameioambiente.sp.gov.br\/institutogeologico\/wp-json\/wp\/v2\/pages\/73\/revisions"}],"predecessor-version":[{"id":14110,"href":"https:\/\/www.infraestruturameioambiente.sp.gov.br\/institutogeologico\/wp-json\/wp\/v2\/pages\/73\/revisions\/14110"}],"up":[{"embeddable":true,"href":"https:\/\/www.infraestruturameioambiente.sp.gov.br\/institutogeologico\/wp-json\/wp\/v2\/pages\/69"}],"wp:attachment":[{"href":"https:\/\/www.infraestruturameioambiente.sp.gov.br\/institutogeologico\/wp-json\/wp\/v2\/media?parent=73"}],"curies":[{"name":"wp","href":"https:\/\/api.w.org\/{rel}","templated":true}]}}

<p>O Instituto Geológico participa e organiza cursos, simpósios, seminários, palestras, cerimônias e outros eventos na área de Geociências e Meio Ambiente.</p>
<ul>
<li><a href="https://www.infraestruturameioambiente.sp.gov.br/institutogeologico/geodados/divulgacao-cientifica/">Divulgação Científica</a></li>
<li><a href="https://www.infraestruturameioambiente.sp.gov.br/institutogeologico/2015/11/divulgacao-cientific/">Material de Divulgação Científica</a></li>
<li><a href="https://www.infraestruturameioambiente.sp.gov.br/institutogeologico/instituto/comunicacao/">Comunicação Técnico-Científica</a></li>
</ul>
<p>&nbsp;</p>
<p>&nbsp;</p>

<p>O Instituto Geológico participa e organiza cursos, simpósios, seminários, palestras, cerimônias e outros eventos na área de Geociências e Meio Ambiente. Divulgação Científica Material de Divulgação Científica Comunicação Técnico-Científica &nbsp; &nbsp;</p>
