{"id":7148,"date":"2012-10-08T14:20:59","date_gmt":"2012-10-08T17:20:59","guid":{"rendered":"https:\/\/www.infraestruturameioambiente.sp.gov.br\/institutogeologico\/?page_id=7148"},"modified":"2022-04-25T09:56:59","modified_gmt":"2022-04-25T12:56:59","slug":"inicio","status":"publish","type":"page","link":"https:\/\/www.infraestruturameioambiente.sp.gov.br\/institutogeologico\/","title":{"rendered":"In\u00edcio"},"content":{"rendered":"<p>[vc_row][vc_column][vc_column_text]<img decoding=\"async\" loading=\"lazy\" class=\"alignnone wp-image-13973 size-full\" src=\"https:\/\/smastr16.blob.core.windows.net\/igeo\/sites\/233\/2022\/04\/foto-ipa-site.jpg\" alt=\"\" width=\"1765\" height=\"650\" srcset=\"https:\/\/smastr16.blob.core.windows.net\/igeo\/sites\/233\/2022\/04\/foto-ipa-site.jpg 1765w, https:\/\/smastr16.blob.core.windows.net\/igeo\/sites\/233\/2022\/04\/foto-ipa-site-300x110.jpg 300w, https:\/\/smastr16.blob.core.windows.net\/igeo\/sites\/233\/2022\/04\/foto-ipa-site-1024x377.jpg 1024w, https:\/\/smastr16.blob.core.windows.net\/igeo\/sites\/233\/2022\/04\/foto-ipa-site-768x283.jpg 768w, https:\/\/smastr16.blob.core.windows.net\/igeo\/sites\/233\/2022\/04\/foto-ipa-site-1536x566.jpg 1536w, https:\/\/smastr16.blob.core.windows.net\/igeo\/sites\/233\/2022\/04\/foto-ipa-site-250x92.jpg 250w, https:\/\/smastr16.blob.core.windows.net\/igeo\/sites\/233\/2022\/04\/foto-ipa-site-550x203.jpg 550w, https:\/\/smastr16.blob.core.windows.net\/igeo\/sites\/233\/2022\/04\/foto-ipa-site-800x295.jpg 800w, https:\/\/smastr16.blob.core.windows.net\/igeo\/sites\/233\/2022\/04\/foto-ipa-site-489x180.jpg 489w, https:\/\/smastr16.blob.core.windows.net\/igeo\/sites\/233\/2022\/04\/foto-ipa-site-815x300.jpg 815w, https:\/\/smastr16.blob.core.windows.net\/igeo\/sites\/233\/2022\/04\/foto-ipa-site-1358x500.jpg 1358w\" sizes=\"(max-width: 1765px) 100vw, 1765px\" \/><\/p>\n<p>&nbsp;<\/p>\n<p><img decoding=\"async\" loading=\"lazy\" class=\"alignleft wp-image-13977 size-medium\" src=\"https:\/\/smastr16.blob.core.windows.net\/igeo\/sites\/233\/2022\/04\/logo_ig-sma-sp_2019-300x300.jpg\" alt=\"\" width=\"300\" height=\"300\" srcset=\"https:\/\/smastr16.blob.core.windows.net\/igeo\/sites\/233\/2022\/04\/logo_ig-sma-sp_2019-300x300.jpg 300w, https:\/\/smastr16.blob.core.windows.net\/igeo\/sites\/233\/2022\/04\/logo_ig-sma-sp_2019-1024x1024.jpg 1024w, https:\/\/smastr16.blob.core.windows.net\/igeo\/sites\/233\/2022\/04\/logo_ig-sma-sp_2019-150x150.jpg 150w, https:\/\/smastr16.blob.core.windows.net\/igeo\/sites\/233\/2022\/04\/logo_ig-sma-sp_2019-768x768.jpg 768w, https:\/\/smastr16.blob.core.windows.net\/igeo\/sites\/233\/2022\/04\/logo_ig-sma-sp_2019-48x48.jpg 48w, https:\/\/smastr16.blob.core.windows.net\/igeo\/sites\/233\/2022\/04\/logo_ig-sma-sp_2019-250x250.jpg 250w, https:\/\/smastr16.blob.core.windows.net\/igeo\/sites\/233\/2022\/04\/logo_ig-sma-sp_2019-550x550.jpg 550w, https:\/\/smastr16.blob.core.windows.net\/igeo\/sites\/233\/2022\/04\/logo_ig-sma-sp_2019-800x800.jpg 800w, https:\/\/smastr16.blob.core.windows.net\/igeo\/sites\/233\/2022\/04\/logo_ig-sma-sp_2019-180x180.jpg 180w, https:\/\/smastr16.blob.core.windows.net\/igeo\/sites\/233\/2022\/04\/logo_ig-sma-sp_2019-500x500.jpg 500w, https:\/\/smastr16.blob.core.windows.net\/igeo\/sites\/233\/2022\/04\/logo_ig-sma-sp_2019.jpg 1421w\" sizes=\"(max-width: 300px) 100vw, 300px\" \/>O\u00a0<strong>IPA \u2013 Instituto de Pesquisas Ambientais<\/strong>, criado pelo\u00a0<a href=\"https:\/\/www.al.sp.gov.br\/repositorio\/legislacao\/decreto\/2021\/decreto-65796-16.06.2021.html\">decreto estadual 65.796 de 16 de junho de 2021<\/a>, \u00e9 a jun\u00e7\u00e3o de tr\u00eas institui\u00e7\u00f5es seculares, Instituto de Bot\u00e2nica, Florestal e Geol\u00f3gico, que atuaram fortemente na \u00e1rea ambiental desde a d\u00e9cada de 1980. O\u00a0<strong>IPA<\/strong>\u00a0tem como objetivo reunir toda a experi\u00eancia acumulada por estes institutos, para atuar de forma interdisciplinar na \u00e1rea ambiental.<\/p>\n<p>Com a cria\u00e7\u00e3o do <strong>IPA<\/strong>, os sites dos antigos institutos de Bot\u00e2nica, Florestal e Geol\u00f3gico est\u00e3o guardados desde junho de 2021 para consulta, preservando a mem\u00f3ria dessas institui\u00e7\u00f5es e suas diversas transforma\u00e7\u00f5es desde o s\u00e9culo 19 quando se originaram.<\/p>\n<p>O <strong>Instituto Geol\u00f3gico (IG)<\/strong> teve sua origem no desmembramento do Instituto Geogr\u00e1fico e Geol\u00f3gico (IGG), criado em 1938, foi o respons\u00e1vel pelo mapeamento b\u00e1sico e estudos sobre territ\u00f3rio, hidrografia e geologia do Estado de S\u00e3o Paulo atribui\u00e7\u00f5es que antes foram da Comiss\u00e3o Geogr\u00e1fica e Geol\u00f3gica (CGG), que existiu de 1886 \u00e0 1931. O IG desenvolveu pesquisas nas \u00e1reas de geotecnia, geomorfologia, \u00e1guas subterr\u00e2neas, recursos minerais, desastres naturais, polui\u00e7\u00e3o, zoneamento, gest\u00e3o de unidades de conserva\u00e7\u00e3o, levantamentos b\u00e1sicos em geoci\u00eancias, sistemas gerenciadores de informa\u00e7\u00e3o e educa\u00e7\u00e3o ambiental, visando \u00e0 sua aplica\u00e7\u00e3o na solu\u00e7\u00e3o de problemas ambientais emergentes, ou que demandassem solu\u00e7\u00f5es a m\u00e9dio e longo prazo, bem como na presta\u00e7\u00e3o de servi\u00e7os \u00e0 popula\u00e7\u00e3o e de assessoria t\u00e9cnica \u00e0s prefeituras, curadorias de meio ambiente e outras institui\u00e7\u00f5es cong\u00eaneres.<\/p>\n<p>Em seu breve per\u00edodo de exist\u00eancia, o\u00a0<strong>IPA<\/strong>\u00a0j\u00e1 conta com toda a estrutura necess\u00e1ria a seu pleno funcionamento, inclusive com a forma\u00e7\u00e3o completa de seu Conselho Cient\u00edfico, Conselho Editorial, de sua Comiss\u00e3o de \u00c9tica e Biosseguran\u00e7a e Comiss\u00e3o de Ensino e Extens\u00e3o, todos com respectivos regimentos estabelecidos.[\/vc_column_text][\/vc_column][vc_column][vc_column_text]<\/p>\n<p style=\"text-align: center\"><a href=\"https:\/\/www.infraestruturameioambiente.sp.gov.br\/ipa\">ACESSE O SITE DO INSTITUTO DE PESQUISAS AMBIENTAIS<\/a><\/p>\n<p>[\/vc_column_text][\/vc_column][\/vc_row]<\/p>\n","protected":false},"excerpt":{"rendered":"<p>[vc_row][vc_column][vc_column_text] &nbsp; O\u00a0IPA \u2013 Instituto de Pesquisas Ambientais, criado pelo\u00a0decreto estadual 65.796 de 16 de junho de 2021, \u00e9 a jun\u00e7\u00e3o de tr\u00eas institui\u00e7\u00f5es seculares, Instituto de Bot\u00e2nica, Florestal e Geol\u00f3gico, que atuaram fortemente na \u00e1rea ambiental desde a d\u00e9cada de 1980. O\u00a0IPA\u00a0tem como objetivo reunir toda a experi\u00eancia acumulada por estes institutos, para atuar [&hellip;]<\/p>\n","protected":false},"author":3,"featured_media":0,"parent":0,"menu_order":0,"comment_status":"open","ping_status":"open","template":"template-home.php","meta":[],"_links":{"self":[{"href":"https:\/\/www.infraestruturameioambiente.sp.gov.br\/institutogeologico\/wp-json\/wp\/v2\/pages\/7148"}],"collection":[{"href":"https:\/\/www.infraestruturameioambiente.sp.gov.br\/institutogeologico\/wp-json\/wp\/v2\/pages"}],"about":[{"href":"https:\/\/www.infraestruturameioambiente.sp.gov.br\/institutogeologico\/wp-json\/wp\/v2\/types\/page"}],"author":[{"embeddable":true,"href":"https:\/\/www.infraestruturameioambiente.sp.gov.br\/institutogeologico\/wp-json\/wp\/v2\/users\/3"}],"replies":[{"embeddable":true,"href":"https:\/\/www.infraestruturameioambiente.sp.gov.br\/institutogeologico\/wp-json\/wp\/v2\/comments?post=7148"}],"version-history":[{"count":33,"href":"https:\/\/www.infraestruturameioambiente.sp.gov.br\/institutogeologico\/wp-json\/wp\/v2\/pages\/7148\/revisions"}],"predecessor-version":[{"id":13988,"href":"https:\/\/www.infraestruturameioambiente.sp.gov.br\/institutogeologico\/wp-json\/wp\/v2\/pages\/7148\/revisions\/13988"}],"wp:attachment":[{"href":"https:\/\/www.infraestruturameioambiente.sp.gov.br\/institutogeologico\/wp-json\/wp\/v2\/media?parent=7148"}],"curies":[{"name":"wp","href":"https:\/\/api.w.org\/{rel}","templated":true}]}}