{"id":69,"date":"2012-02-29T11:28:08","date_gmt":"2012-02-29T14:28:08","guid":{"rendered":"https:\/\/www.infraestruturameioambiente.sp.gov.br\/institutogeologico\/?page_id=69"},"modified":"2023-04-27T13:55:43","modified_gmt":"2023-04-27T16:55:43","slug":"comunicacao","status":"publish","type":"page","link":"https:\/\/www.infraestruturameioambiente.sp.gov.br\/institutogeologico\/instituto\/comunicacao\/","title":{"rendered":"Comunica\u00e7\u00e3o"},"content":{"rendered":"<p style=\"text-align: justify\">O Centro de Comunica\u00e7\u00f5es T\u00e9cnico-Cient\u00edficas em Geoci\u00eancias prop\u00f5e e gerencia a pol\u00edtica de comunica\u00e7\u00e3o externa e interna do Instituto Geol\u00f3gico, prestar apoio ao Diretor do Instituto Geol\u00f3gico, no atendimento \u00e0 imprensa e na veicula\u00e7\u00e3o de informa\u00e7\u00f5es e de material t\u00e9cnico-cient\u00edfico na m\u00eddia e na rede mundial de comunica\u00e7\u00f5es e promover a manuten\u00e7\u00e3o e o desenvolvimento dos acervos bibliogr\u00e1fico, cartogr\u00e1fico e document\u00e1rio do Instituto Geol\u00f3gico.<\/p>\n<p><strong>Centro de Comunica\u00e7\u00f5es T\u00e9cnico-Cient\u00edficas em Geoci\u00eancias<\/strong><\/p>\n<ul>\n<li><a href=\"https:\/\/www.infraestruturameioambiente.sp.gov.br\/institutogeologico\/biblioteca-e-mapoteca\/\"><strong>N\u00facleo de Biblioteca e Mapoteca<\/strong><\/a><\/li>\n<li><a href=\"https:\/\/www.infraestruturameioambiente.sp.gov.br\/institutogeologico\/instituto\/geoloja\/\"><strong>N\u00facleo de Publica\u00e7\u00f5es e Divulga\u00e7\u00e3o em Geoci\u00eancias<\/strong><\/a><\/li>\n<\/ul>\n<ul>\n<li><a href=\"https:\/\/www.infraestruturameioambiente.sp.gov.br\/institutogeologico\/geodados\/divulgacao-cientifica\/\">Divulga\u00e7\u00e3o Cient\u00edfica<\/a><\/li>\n<li><a href=\"https:\/\/www.infraestruturameioambiente.sp.gov.br\/institutogeologico\/2015\/11\/divulgacao-cientific\/\">Material de Divulga\u00e7\u00e3o Cient\u00edfica<\/a><\/li>\n<li><a href=\"https:\/\/www.infraestruturameioambiente.sp.gov.br\/institutogeologico\/instituto\/comunicacao\/eventos\/\">Eventos<\/a><\/li>\n<\/ul>\n<p>&nbsp;<\/p>\n<p><strong>\u00a0<\/strong><\/p>\n<p>&nbsp;<\/p>\n","protected":false},"excerpt":{"rendered":"<p>O Centro de Comunica\u00e7\u00f5es T\u00e9cnico-Cient\u00edficas em Geoci\u00eancias prop\u00f5e e gerencia a pol\u00edtica de comunica\u00e7\u00e3o externa e interna do Instituto Geol\u00f3gico, prestar apoio ao Diretor do Instituto Geol\u00f3gico, no atendimento \u00e0 imprensa e na veicula\u00e7\u00e3o de informa\u00e7\u00f5es e de material t\u00e9cnico-cient\u00edfico na m\u00eddia e na rede mundial de comunica\u00e7\u00f5es e promover a manuten\u00e7\u00e3o e o desenvolvimento [&hellip;]<\/p>\n","protected":false},"author":8,"featured_media":0,"parent":26,"menu_order":8,"comment_status":"open","ping_status":"open","template":"","meta":[],"_links":{"self":[{"href":"https:\/\/www.infraestruturameioambiente.sp.gov.br\/institutogeologico\/wp-json\/wp\/v2\/pages\/69"}],"collection":[{"href":"https:\/\/www.infraestruturameioambiente.sp.gov.br\/institutogeologico\/wp-json\/wp\/v2\/pages"}],"about":[{"href":"https:\/\/www.infraestruturameioambiente.sp.gov.br\/institutogeologico\/wp-json\/wp\/v2\/types\/page"}],"author":[{"embeddable":true,"href":"https:\/\/www.infraestruturameioambiente.sp.gov.br\/institutogeologico\/wp-json\/wp\/v2\/users\/8"}],"replies":[{"embeddable":true,"href":"https:\/\/www.infraestruturameioambiente.sp.gov.br\/institutogeologico\/wp-json\/wp\/v2\/comments?post=69"}],"version-history":[{"count":15,"href":"https:\/\/www.infraestruturameioambiente.sp.gov.br\/institutogeologico\/wp-json\/wp\/v2\/pages\/69\/revisions"}],"predecessor-version":[{"id":14111,"href":"https:\/\/www.infraestruturameioambiente.sp.gov.br\/institutogeologico\/wp-json\/wp\/v2\/pages\/69\/revisions\/14111"}],"up":[{"embeddable":true,"href":"https:\/\/www.infraestruturameioambiente.sp.gov.br\/institutogeologico\/wp-json\/wp\/v2\/pages\/26"}],"wp:attachment":[{"href":"https:\/\/www.infraestruturameioambiente.sp.gov.br\/institutogeologico\/wp-json\/wp\/v2\/media?parent=69"}],"curies":[{"name":"wp","href":"https:\/\/api.w.org\/{rel}","templated":true}]}}

Comunicação

<p style="text-align: justify">O Centro de Comunicações Técnico-Científicas em Geociências propõe e gerencia a política de comunicação externa e interna do Instituto Geológico, prestar apoio ao Diretor do Instituto Geológico, no atendimento à imprensa e na veiculação de informações e de material técnico-científico na mídia e na rede mundial de comunicações e promover a manutenção e o desenvolvimento dos acervos bibliográfico, cartográfico e documentário do Instituto Geológico.</p>
<p><strong>Centro de Comunicações Técnico-Científicas em Geociências</strong></p>
<ul>
<li><a href="https://www.infraestruturameioambiente.sp.gov.br/institutogeologico/biblioteca-e-mapoteca/"><strong>Núcleo de Biblioteca e Mapoteca</strong></a></li>
<li><a href="https://www.infraestruturameioambiente.sp.gov.br/institutogeologico/instituto/geoloja/"><strong>Núcleo de Publicações e Divulgação em Geociências</strong></a></li>
</ul>
<ul>
<li><a href="https://www.infraestruturameioambiente.sp.gov.br/institutogeologico/geodados/divulgacao-cientifica/">Divulgação Científica</a></li>
<li><a href="https://www.infraestruturameioambiente.sp.gov.br/institutogeologico/2015/11/divulgacao-cientific/">Material de Divulgação Científica</a></li>
<li><a href="https://www.infraestruturameioambiente.sp.gov.br/institutogeologico/instituto/comunicacao/eventos/">Eventos</a></li>
</ul>
<p>&nbsp;</p>
<p><strong> </strong></p>
<p>&nbsp;</p>

<p>O Centro de Comunicações Técnico-Científicas em Geociências propõe e gerencia a política de comunicação externa e interna do Instituto Geológico, prestar apoio ao Diretor do Instituto Geológico, no atendimento à imprensa e na veiculação de informações e de material técnico-científico na mídia e na rede mundial de comunicações e promover a manutenção e o desenvolvimento [&hellip;]</p>
