{"id":67,"date":"2012-02-29T11:26:37","date_gmt":"2012-02-29T14:26:37","guid":{"rendered":"https:\/\/www.infraestruturameioambiente.sp.gov.br\/institutogeologico\/?page_id=67"},"modified":"2019-08-26T13:36:21","modified_gmt":"2019-08-26T16:36:21","slug":"estagio-administrativo","status":"publish","type":"page","link":"https:\/\/www.infraestruturameioambiente.sp.gov.br\/institutogeologico\/instituto\/administrativo\/estagio-administrativo\/","title":{"rendered":"Est\u00e1gio Administrativo"},"content":{"rendered":"<p style=\"text-align: justify\">O Instituto Geol\u00f3gico &#8211; IG recebe estagi\u00e1rios estudantes provenientes de Universidades p\u00fablicas ou particulares, visando \u00e0 forma\u00e7\u00e3o e capacita\u00e7\u00e3o de recursos humanos.\u00a0 A contrata\u00e7\u00e3o de estagi\u00e1rio no IG \u00e9 realizada por concurso p\u00fablico atrav\u00e9s do Centro de Integra\u00e7\u00e3o Empresa-Escola &#8211; CIEE. O Edital e as informa\u00e7\u00f5es adicionais est\u00e3o dispon\u00edveis no site: <a href=\"http:\/\/www.ciee.org.br\/\">www.ciee.org.br.<\/a><\/p>\n<p><img decoding=\"async\" loading=\"lazy\" class=\"aligncenter wp-image-13196 size-full\" src=\"https:\/\/smastr16.blob.core.windows.net\/igeo\/2019\/08\/estagio_administrativo.jpg\" alt=\"\" width=\"800\" height=\"600\" srcset=\"https:\/\/smastr16.blob.core.windows.net\/igeo\/2019\/08\/estagio_administrativo.jpg 800w, https:\/\/smastr16.blob.core.windows.net\/igeo\/2019\/08\/estagio_administrativo-300x225.jpg 300w, https:\/\/smastr16.blob.core.windows.net\/igeo\/2019\/08\/estagio_administrativo-768x576.jpg 768w, https:\/\/smastr16.blob.core.windows.net\/igeo\/2019\/08\/estagio_administrativo-250x188.jpg 250w, https:\/\/smastr16.blob.core.windows.net\/igeo\/2019\/08\/estagio_administrativo-550x413.jpg 550w, https:\/\/smastr16.blob.core.windows.net\/igeo\/2019\/08\/estagio_administrativo-240x180.jpg 240w, https:\/\/smastr16.blob.core.windows.net\/igeo\/2019\/08\/estagio_administrativo-400x300.jpg 400w, https:\/\/smastr16.blob.core.windows.net\/igeo\/2019\/08\/estagio_administrativo-667x500.jpg 667w\" sizes=\"(max-width: 800px) 100vw, 800px\" \/><\/p>\n","protected":false},"excerpt":{"rendered":"<p>O Instituto Geol\u00f3gico &#8211; IG recebe estagi\u00e1rios estudantes provenientes de Universidades p\u00fablicas ou particulares, visando \u00e0 forma\u00e7\u00e3o e capacita\u00e7\u00e3o de recursos humanos.\u00a0 A contrata\u00e7\u00e3o de estagi\u00e1rio no IG \u00e9 realizada por concurso p\u00fablico atrav\u00e9s do Centro de Integra\u00e7\u00e3o Empresa-Escola &#8211; CIEE. O Edital e as informa\u00e7\u00f5es adicionais est\u00e3o dispon\u00edveis no site: www.ciee.org.br.<\/p>\n","protected":false},"author":96,"featured_media":0,"parent":59,"menu_order":4,"comment_status":"open","ping_status":"open","template":"","meta":[],"_links":{"self":[{"href":"https:\/\/www.infraestruturameioambiente.sp.gov.br\/institutogeologico\/wp-json\/wp\/v2\/pages\/67"}],"collection":[{"href":"https:\/\/www.infraestruturameioambiente.sp.gov.br\/institutogeologico\/wp-json\/wp\/v2\/pages"}],"about":[{"href":"https:\/\/www.infraestruturameioambiente.sp.gov.br\/institutogeologico\/wp-json\/wp\/v2\/types\/page"}],"author":[{"embeddable":true,"href":"https:\/\/www.infraestruturameioambiente.sp.gov.br\/institutogeologico\/wp-json\/wp\/v2\/users\/96"}],"replies":[{"embeddable":true,"href":"https:\/\/www.infraestruturameioambiente.sp.gov.br\/institutogeologico\/wp-json\/wp\/v2\/comments?post=67"}],"version-history":[{"count":4,"href":"https:\/\/www.infraestruturameioambiente.sp.gov.br\/institutogeologico\/wp-json\/wp\/v2\/pages\/67\/revisions"}],"predecessor-version":[{"id":13199,"href":"https:\/\/www.infraestruturameioambiente.sp.gov.br\/institutogeologico\/wp-json\/wp\/v2\/pages\/67\/revisions\/13199"}],"up":[{"embeddable":true,"href":"https:\/\/www.infraestruturameioambiente.sp.gov.br\/institutogeologico\/wp-json\/wp\/v2\/pages\/59"}],"wp:attachment":[{"href":"https:\/\/www.infraestruturameioambiente.sp.gov.br\/institutogeologico\/wp-json\/wp\/v2\/media?parent=67"}],"curies":[{"name":"wp","href":"https:\/\/api.w.org\/{rel}","templated":true}]}}

Estágio Administrativo

<p style="text-align: justify">O Instituto Geológico &#8211; IG recebe estagiários estudantes provenientes de Universidades públicas ou particulares, visando à formação e capacitação de recursos humanos.  A contratação de estagiário no IG é realizada por concurso público através do Centro de Integração Empresa-Escola &#8211; CIEE. O Edital e as informações adicionais estão disponíveis no site: <a href="http://www.ciee.org.br/">www.ciee.org.br.</a></p>
<p><img decoding="async" loading="lazy" class="aligncenter wp-image-13196 size-full" src="https://smastr16.blob.core.windows.net/igeo/2019/08/estagio_administrativo.jpg" alt="" width="800" height="600" srcset="https://smastr16.blob.core.windows.net/igeo/2019/08/estagio_administrativo.jpg 800w, https://smastr16.blob.core.windows.net/igeo/2019/08/estagio_administrativo-300x225.jpg 300w, https://smastr16.blob.core.windows.net/igeo/2019/08/estagio_administrativo-768x576.jpg 768w, https://smastr16.blob.core.windows.net/igeo/2019/08/estagio_administrativo-250x188.jpg 250w, https://smastr16.blob.core.windows.net/igeo/2019/08/estagio_administrativo-550x413.jpg 550w, https://smastr16.blob.core.windows.net/igeo/2019/08/estagio_administrativo-240x180.jpg 240w, https://smastr16.blob.core.windows.net/igeo/2019/08/estagio_administrativo-400x300.jpg 400w, https://smastr16.blob.core.windows.net/igeo/2019/08/estagio_administrativo-667x500.jpg 667w" sizes="(max-width: 800px) 100vw, 800px" /></p>

<p>O Instituto Geológico &#8211; IG recebe estagiários estudantes provenientes de Universidades públicas ou particulares, visando à formação e capacitação de recursos humanos.  A contratação de estagiário no IG é realizada por concurso público através do Centro de Integração Empresa-Escola &#8211; CIEE. O Edital e as informações adicionais estão disponíveis no site: www.ciee.org.br.</p>
