{"id":57,"date":"2012-02-29T11:23:34","date_gmt":"2012-02-29T14:23:34","guid":{"rendered":"https:\/\/www.infraestruturameioambiente.sp.gov.br\/institutogeologico\/?page_id=57"},"modified":"2023-08-17T12:39:53","modified_gmt":"2023-08-17T15:39:53","slug":"palestras","status":"publish","type":"page","link":"https:\/\/www.infraestruturameioambiente.sp.gov.br\/institutogeologico\/instituto\/recursos-humanos\/palestras\/","title":{"rendered":"Palestras"},"content":{"rendered":"<p>Palestras s\u00e3o programadas e ministradas de forma eventual (n\u00e3o regular), com inscri\u00e7\u00f5es abertas ao p\u00fablico em geral ou dirigidos especificamente a determinados grupos profissionais.<\/p>\n<p style=\"text-align: justify\">Para acessar a rela\u00e7\u00e3o de palestras oferecidas <a href=\"https:\/\/www.infraestruturameioambiente.sp.gov.br\/ipa\/cursos\/\" target=\"_blank\" rel=\"noopener noreferrer\">CLIQUE AQUI<\/a><\/p>\n","protected":false},"excerpt":{"rendered":"<p>Palestras s\u00e3o programadas e ministradas de forma eventual (n\u00e3o regular), com inscri\u00e7\u00f5es abertas ao p\u00fablico em geral ou dirigidos especificamente a determinados grupos profissionais. Para acessar a rela\u00e7\u00e3o de palestras oferecidas CLIQUE AQUI<\/p>\n","protected":false},"author":8,"featured_media":0,"parent":45,"menu_order":5,"comment_status":"open","ping_status":"open","template":"","meta":[],"_links":{"self":[{"href":"https:\/\/www.infraestruturameioambiente.sp.gov.br\/institutogeologico\/wp-json\/wp\/v2\/pages\/57"}],"collection":[{"href":"https:\/\/www.infraestruturameioambiente.sp.gov.br\/institutogeologico\/wp-json\/wp\/v2\/pages"}],"about":[{"href":"https:\/\/www.infraestruturameioambiente.sp.gov.br\/institutogeologico\/wp-json\/wp\/v2\/types\/page"}],"author":[{"embeddable":true,"href":"https:\/\/www.infraestruturameioambiente.sp.gov.br\/institutogeologico\/wp-json\/wp\/v2\/users\/8"}],"replies":[{"embeddable":true,"href":"https:\/\/www.infraestruturameioambiente.sp.gov.br\/institutogeologico\/wp-json\/wp\/v2\/comments?post=57"}],"version-history":[{"count":12,"href":"https:\/\/www.infraestruturameioambiente.sp.gov.br\/institutogeologico\/wp-json\/wp\/v2\/pages\/57\/revisions"}],"predecessor-version":[{"id":14147,"href":"https:\/\/www.infraestruturameioambiente.sp.gov.br\/institutogeologico\/wp-json\/wp\/v2\/pages\/57\/revisions\/14147"}],"up":[{"embeddable":true,"href":"https:\/\/www.infraestruturameioambiente.sp.gov.br\/institutogeologico\/wp-json\/wp\/v2\/pages\/45"}],"wp:attachment":[{"href":"https:\/\/www.infraestruturameioambiente.sp.gov.br\/institutogeologico\/wp-json\/wp\/v2\/media?parent=57"}],"curies":[{"name":"wp","href":"https:\/\/api.w.org\/{rel}","templated":true}]}}

<p>Palestras são programadas e ministradas de forma eventual (não regular), com inscrições abertas ao público em geral ou dirigidos especificamente a determinados grupos profissionais.</p>
<p style="text-align: justify">Para acessar a relação de palestras oferecidas <a href="https://www.infraestruturameioambiente.sp.gov.br/ipa/cursos/" target="_blank" rel="noopener noreferrer">CLIQUE AQUI</a></p>

<p>Palestras são programadas e ministradas de forma eventual (não regular), com inscrições abertas ao público em geral ou dirigidos especificamente a determinados grupos profissionais. Para acessar a relação de palestras oferecidas CLIQUE AQUI</p>
