{"id":45,"date":"2012-02-29T11:21:42","date_gmt":"2012-02-29T14:21:42","guid":{"rendered":"https:\/\/www.infraestruturameioambiente.sp.gov.br\/institutogeologico\/?page_id=45"},"modified":"2023-04-27T12:16:20","modified_gmt":"2023-04-27T15:16:20","slug":"recursos-humanos","status":"publish","type":"page","link":"https:\/\/www.infraestruturameioambiente.sp.gov.br\/institutogeologico\/instituto\/recursos-humanos\/","title":{"rendered":"Recursos Humanos"},"content":{"rendered":"<p style=\"text-align: justify\">Uma das metas do IG \u00e9 a capacita\u00e7\u00e3o de recursos humanos, atrav\u00e9s de forma\u00e7\u00e3o e treinamento, de recursos humanos com a finalidade de alimentar o mercado de trabalho com profissionais especializados em temas e \u00e1reas de excel\u00eancia e de atua\u00e7\u00e3o estrat\u00e9gica do Instituto. Assim, al\u00e9m da atua\u00e7\u00e3o conjunta com outras ICTs em programas de p\u00f3s-gradua\u00e7\u00e3o, o instituto possui programa de est\u00e1gio. Acrescenta-se ainda, a pol\u00edtica de divulga\u00e7\u00e3o da produ\u00e7\u00e3o t\u00e9cnico-cient\u00edfica institucional e das Geoci\u00eancias por meio de: revistas, boletins, livros, publica\u00e7\u00f5es em peri\u00f3dicos, comunica\u00e7\u00e3o interna e externa, participa\u00e7\u00e3o e promo\u00e7\u00e3o de eventos, exposi\u00e7\u00f5es, projetos museogr\u00e1ficos, site, etc. Tal pol\u00edtica tem permitido a amplia\u00e7\u00e3o do conhecimento junto aos usu\u00e1rios das atividades institucionais, bem como dos indicadores de produ\u00e7\u00e3o cient\u00edfica do IG.<\/p>\n<ul>\n<li><a href=\"https:\/\/www.infraestruturameioambiente.sp.gov.br\/institutogeologico\/instituto\/recursos-humanos\/estagio\/\">Est\u00e1gio<\/a><\/li>\n<li><a href=\"https:\/\/www.infraestruturameioambiente.sp.gov.br\/institutogeologico\/instituto\/recursos-humanos\/iniciacao-cientifica\/\">Inicia\u00e7\u00e3o Cient\u00edfica<\/a><\/li>\n<li><a href=\"https:\/\/www.infraestruturameioambiente.sp.gov.br\/institutogeologico\/instituto\/recursos-humanos\/servico-de-voluntariado\/\">Servi\u00e7o de Voluntariado<\/a><\/li>\n<li><a href=\"https:\/\/www.infraestruturameioambiente.sp.gov.br\/institutogeologico\/instituto\/recursos-humanos\/cursos-e-treinamentos\/\">Cursos e Treinamentos<\/a><\/li>\n<li><a href=\"https:\/\/www.infraestruturameioambiente.sp.gov.br\/institutogeologico\/instituto\/recursos-humanos\/palestras\/\">Palestras<\/a><\/li>\n<\/ul>\n","protected":false},"excerpt":{"rendered":"<p>Uma das metas do IG \u00e9 a capacita\u00e7\u00e3o de recursos humanos, atrav\u00e9s de forma\u00e7\u00e3o e treinamento, de recursos humanos com a finalidade de alimentar o mercado de trabalho com profissionais especializados em temas e \u00e1reas de excel\u00eancia e de atua\u00e7\u00e3o estrat\u00e9gica do Instituto. Assim, al\u00e9m da atua\u00e7\u00e3o conjunta com outras ICTs em programas de p\u00f3s-gradua\u00e7\u00e3o, [&hellip;]<\/p>\n","protected":false},"author":96,"featured_media":0,"parent":26,"menu_order":5,"comment_status":"open","ping_status":"open","template":"","meta":[],"_links":{"self":[{"href":"https:\/\/www.infraestruturameioambiente.sp.gov.br\/institutogeologico\/wp-json\/wp\/v2\/pages\/45"}],"collection":[{"href":"https:\/\/www.infraestruturameioambiente.sp.gov.br\/institutogeologico\/wp-json\/wp\/v2\/pages"}],"about":[{"href":"https:\/\/www.infraestruturameioambiente.sp.gov.br\/institutogeologico\/wp-json\/wp\/v2\/types\/page"}],"author":[{"embeddable":true,"href":"https:\/\/www.infraestruturameioambiente.sp.gov.br\/institutogeologico\/wp-json\/wp\/v2\/users\/96"}],"replies":[{"embeddable":true,"href":"https:\/\/www.infraestruturameioambiente.sp.gov.br\/institutogeologico\/wp-json\/wp\/v2\/comments?post=45"}],"version-history":[{"count":9,"href":"https:\/\/www.infraestruturameioambiente.sp.gov.br\/institutogeologico\/wp-json\/wp\/v2\/pages\/45\/revisions"}],"predecessor-version":[{"id":14038,"href":"https:\/\/www.infraestruturameioambiente.sp.gov.br\/institutogeologico\/wp-json\/wp\/v2\/pages\/45\/revisions\/14038"}],"up":[{"embeddable":true,"href":"https:\/\/www.infraestruturameioambiente.sp.gov.br\/institutogeologico\/wp-json\/wp\/v2\/pages\/26"}],"wp:attachment":[{"href":"https:\/\/www.infraestruturameioambiente.sp.gov.br\/institutogeologico\/wp-json\/wp\/v2\/media?parent=45"}],"curies":[{"name":"wp","href":"https:\/\/api.w.org\/{rel}","templated":true}]}}