{"id":41,"date":"2012-02-29T11:09:34","date_gmt":"2012-02-29T14:09:34","guid":{"rendered":"https:\/\/www.infraestruturameioambiente.sp.gov.br\/institutogeologico\/?page_id=41"},"modified":"2023-08-31T09:28:09","modified_gmt":"2023-08-31T12:28:09","slug":"publicacoes","status":"publish","type":"page","link":"https:\/\/www.infraestruturameioambiente.sp.gov.br\/institutogeologico\/publicacoes\/","title":{"rendered":"Publica\u00e7\u00f5es"},"content":{"rendered":"<p>[vc_row][vc_column width=&#8221;2\/3&#8243;][vc_column_text]<\/p>\n<p style=\"text-align: justify\">As Publica\u00e7\u00f5es do Instituto Geol\u00f3gico tem como finalidade promover a dissemina\u00e7\u00e3o e a aplica\u00e7\u00e3o do conhecimento cient\u00edfico e tecnol\u00f3gico em Geoci\u00eancias, em prol da ci\u00eancia, do desenvolvimento social e da comunidade, com planos e crit\u00e9rios definidos pelo Conselho Editorial, o Instituto Geol\u00f3gico publica diversos tipos de obras originais e in\u00e9ditas de valor t\u00e9cnico e\/ou cient\u00edfico nas diversas \u00e1reas das Geoci\u00eancias e ci\u00eancias correlatas dentro das diretrizes da Pol\u00edtica Nacional do Livro.<\/p>\n<p>[\/vc_column_text][\/vc_column][vc_column width=&#8221;1\/3&#8243;][vc_column_text]<a href=\"https:\/\/www.infraestruturameioambiente.sp.gov.br\/institutogeologico\/publicacoes\/livros-e-colecoes\/\">Pol\u00edtica Editorial<\/a><\/p>\n<ul>\n<li><a href=\"https:\/\/www.infraestruturameioambiente.sp.gov.br\/institutogeologico\/publicacoes\/boletim-ig\/\">Boletim do Instituto Geol\u00f3gico<\/a><\/li>\n<li><a href=\"https:\/\/www.infraestruturameioambiente.sp.gov.br\/ipa\/publicacoes\/publicacoes-virtuais\/\">Publica\u00e7\u00f5es Virtuais<\/a>\n<ul>\n<li><a href=\"https:\/\/www.infraestruturameioambiente.sp.gov.br\/institutogeologico\/2012\/10\/colecao-geonatural\/\">Cartilhas Cole\u00e7\u00e3o Geonatural<\/a><\/li>\n<li><a href=\"https:\/\/www.infraestruturameioambiente.sp.gov.br\/institutogeologico\/publicacoes\/cadernos-de-resumo\/\">Cadernos de Resumo SIC-IG<\/a><\/li>\n<\/ul>\n<\/li>\n<li><a href=\"https:\/\/www.infraestruturameioambiente.sp.gov.br\/institutogeologico\/publicacoes\/relatorio-do-instituto-geologico\/\">Relat\u00f3rio<\/a>\n<ul>\n<li><a href=\"https:\/\/www.infraestruturameioambiente.sp.gov.br\/institutogeologico\/category\/relatorios\/relatorio-ig\/\">Relat\u00f3rio IG<\/a><\/li>\n<li><a href=\"https:\/\/www.infraestruturameioambiente.sp.gov.br\/institutogeologico\/category\/relatorios\/relatorio-projetos\/\">Relat\u00f3rios de Projetos<\/a><\/li>\n<\/ul>\n<\/li>\n<li><a href=\"https:\/\/www.infraestruturameioambiente.sp.gov.br\/institutogeologico\/publicacoes\/mapas\/\">Mapas<\/a>\n<ul>\n<li><a href=\"https:\/\/www.infraestruturameioambiente.sp.gov.br\/institutogeologico\/category\/publicacoes\/mapas\/mapas-planos-informacao\/\">Mapas e Planos de Informa\u00e7\u00e3o<\/a><\/li>\n<\/ul>\n<\/li>\n<li><a href=\"https:\/\/www.infraestruturameioambiente.sp.gov.br\/institutogeologico\/2015\/11\/divulgacao-cientific\/\">Folhetos, Marcadores e Audivisual<\/a>\n<ul>\n<li><a href=\"https:\/\/pt2.slideshare.net\/igeologicosp\">Apresenta\u00e7\u00f5es<\/a><\/li>\n<li><a href=\"https:\/\/www.infraestruturameioambiente.sp.gov.br\/institutogeologico\/category\/geodados\/divulgacao-cientifica\/folderes\/\">Folhetos<\/a><\/li>\n<li><a href=\"https:\/\/soundcloud.com\/igeologicosp\">PodCast<\/a><\/li>\n<li><a href=\"https:\/\/www.infraestruturameioambiente.sp.gov.br\/institutogeologico\/category\/geodados\/divulgacao-cientifica\/marcadores-de-paginas\/\">Marcadores de P\u00e1ginas<\/a><\/li>\n<\/ul>\n<\/li>\n<li><a href=\"https:\/\/www.infraestruturameioambiente.sp.gov.br\/institutogeologico\/2015\/11\/publicacoes-historicas\/\">Publica\u00e7\u00f5es Hist\u00f3ricas<\/a>\n<ul>\n<li><a href=\"https:\/\/www.infraestruturameioambiente.sp.gov.br\/institutogeologico\/mugeo\/acervo-historico\/normas-de-utilizacao-do-acervo-historico\/\">Normas de Utiliza\u00e7\u00e3o<\/a><\/li>\n<li><a href=\"https:\/\/www.infraestruturameioambiente.sp.gov.br\/institutogeologico\/publicacoes\/boletim-cgg\/\">Boletim da Comiss\u00e3o Geogr\u00e1fica e Geol\u00f3gica (CGG &#8211; 1889-1930)<\/a><\/li>\n<li><a href=\"https:\/\/www.infraestruturameioambiente.sp.gov.br\/institutogeologico\/publicacoes\/relatorio-da-comissao-geografica-e-geologica\/\">Relat\u00f3rio da Comiss\u00e3o Geogr\u00e1fica e Geol\u00f3gica (CGG &#8211; 1889-1930)<\/a><\/li>\n<li><a href=\"https:\/\/www.infraestruturameioambiente.sp.gov.br\/institutogeologico\/publicacoes\/boletim-igg\/\">Boletim do Instituto Geogr\u00e1fico e Geol\u00f3gico (IGG &#8211; 1939-1975)<\/a><\/li>\n<li><a href=\"https:\/\/www.infraestruturameioambiente.sp.gov.br\/institutogeologico\/category\/publicacoes\/mapas\/mapas-historicos\/\">Mapas Hist\u00f3ricos<\/a><\/li>\n<\/ul>\n<\/li>\n<\/ul>\n<p>[\/vc_column_text][\/vc_column][\/vc_row]<\/p>\n","protected":false},"excerpt":{"rendered":"<p>[vc_row][vc_column width=&#8221;2\/3&#8243;][vc_column_text] As Publica\u00e7\u00f5es do Instituto Geol\u00f3gico tem como finalidade promover a dissemina\u00e7\u00e3o e a aplica\u00e7\u00e3o do conhecimento cient\u00edfico e tecnol\u00f3gico em Geoci\u00eancias, em prol da ci\u00eancia, do desenvolvimento social e da comunidade, com planos e crit\u00e9rios definidos pelo Conselho Editorial, o Instituto Geol\u00f3gico publica diversos tipos de obras originais e in\u00e9ditas de valor t\u00e9cnico [&hellip;]<\/p>\n","protected":false},"author":96,"featured_media":0,"parent":0,"menu_order":6,"comment_status":"open","ping_status":"open","template":"","meta":[],"_links":{"self":[{"href":"https:\/\/www.infraestruturameioambiente.sp.gov.br\/institutogeologico\/wp-json\/wp\/v2\/pages\/41"}],"collection":[{"href":"https:\/\/www.infraestruturameioambiente.sp.gov.br\/institutogeologico\/wp-json\/wp\/v2\/pages"}],"about":[{"href":"https:\/\/www.infraestruturameioambiente.sp.gov.br\/institutogeologico\/wp-json\/wp\/v2\/types\/page"}],"author":[{"embeddable":true,"href":"https:\/\/www.infraestruturameioambiente.sp.gov.br\/institutogeologico\/wp-json\/wp\/v2\/users\/96"}],"replies":[{"embeddable":true,"href":"https:\/\/www.infraestruturameioambiente.sp.gov.br\/institutogeologico\/wp-json\/wp\/v2\/comments?post=41"}],"version-history":[{"count":4,"href":"https:\/\/www.infraestruturameioambiente.sp.gov.br\/institutogeologico\/wp-json\/wp\/v2\/pages\/41\/revisions"}],"predecessor-version":[{"id":14155,"href":"https:\/\/www.infraestruturameioambiente.sp.gov.br\/institutogeologico\/wp-json\/wp\/v2\/pages\/41\/revisions\/14155"}],"wp:attachment":[{"href":"https:\/\/www.infraestruturameioambiente.sp.gov.br\/institutogeologico\/wp-json\/wp\/v2\/media?parent=41"}],"curies":[{"name":"wp","href":"https:\/\/api.w.org\/{rel}","templated":true}]}}