{"id":408,"date":"2012-03-22T16:35:13","date_gmt":"2012-03-22T19:35:13","guid":{"rendered":"https:\/\/www.infraestruturameioambiente.sp.gov.br\/institutogeologico\/?page_id=408"},"modified":"2023-04-27T13:15:19","modified_gmt":"2023-04-27T16:15:19","slug":"acervo-historico","status":"publish","type":"page","link":"https:\/\/www.infraestruturameioambiente.sp.gov.br\/institutogeologico\/mugeo\/acervo-historico\/","title":{"rendered":"Acervo Hist\u00f3rico"},"content":{"rendered":"<p style=\"text-align: justify\">O N\u00facleo Curadoria do Acervo Hist\u00f3rico foi criado em 2010 com o objetivo de identificar, organizar, descrever, preservar e divulgar o acesso \u00e0s informa\u00e7\u00f5es de uma importante documenta\u00e7\u00e3o relativa aos estudos geocient\u00edficos que nortearam a ocupa\u00e7\u00e3o do solo no Estado de S\u00e3o Paulo. O arquivo abrange o per\u00edodo entre 1886 e 1975 e seu objetivo maior \u00e9 permitir o f\u00e1cil acesso \u00e0s informa\u00e7\u00f5es contidas na documenta\u00e7\u00e3o para pleno uso dos cidad\u00e3os e dos pesquisadores. Os documentos foram divididos em fundos que representam as altera\u00e7\u00f5es estruturais pelas quais passou ao longo do tempo, desde quando era a Comiss\u00e3o Geogr\u00e1fica e Geol\u00f3gicas (CGG), at\u00e9 se tornar o atual Instituto Geol\u00f3gico (IG). Os fundos existentes s\u00e3o: Fundo Comiss\u00e3o Geogr\u00e1fica e Geol\u00f3gica \u2013 FCGG (1886-1931), Fundo Instituto Astron\u00f4mico e Geogr\u00e1fico \u2013 FIAG (1931-1935), Fundo Departamento Geogr\u00e1fico e Geol\u00f3gico \u2013 FDGG (1935-1938), Fundo Instituto Geogr\u00e1fico e Geol\u00f3gico (1938-1975). Os principais documentos s\u00e3o referentes ao final do s\u00e9culo XIX e in\u00edcio do XX do FCGG, englobando os g\u00eaneros cartogr\u00e1fico, bibliogr\u00e1fico, administrativo e fotogr\u00e1fico e equipamentos de trabalho.<\/p>\n<p style=\"text-align: justify\"><strong>Linhas de Pesquisa:<\/strong> Estamos desenvolvendo uma pesquisa na \u00e1rea de Hist\u00f3ria Oral com depoimentos dos antigos funcion\u00e1rios do Instituto Geol\u00f3gico com o objetivo de complementar a documenta\u00e7\u00e3o do arquivo. Realizamos pesquisas na \u00e1rea de conserva\u00e7\u00e3o e restaura\u00e7\u00e3o e, tamb\u00e9m, na \u00e1rea de divulga\u00e7\u00e3o a fim de encontrar m\u00e9todos e maneiras de fazer o acervo ser conhecido pelo maior n\u00famero de p\u00fablico poss\u00edvel, sobretudo, as escolas<\/p>\n<p style=\"text-align: justify\"><strong>A\u00e7\u00f5es em andamento:<\/strong> Neste momento, o IG est\u00e1 propondo uma a\u00e7\u00e3o colaborativa com as institui\u00e7\u00f5es oriundas da antiga Comiss\u00e3o Geogr\u00e1fica e Geol\u00f3gica para a cria\u00e7\u00e3o de um banco virtual reunindo toda a documenta\u00e7\u00e3o da CGG em comemora\u00e7\u00e3o aos seus 125 anos. J\u00e1 realizamos a desmetaliza\u00e7\u00e3o dos documentos e, agora, estamos trabalhando na higieniza\u00e7\u00e3o e acondicionamento do acervo.<\/p>\n<p><a href=\"https:\/\/www.infraestruturameioambiente.sp.gov.br\/institutogeologico\/mugeo\/acervo-historico\/normas-de-utilizacao-do-acervo-historico\/\">CLIQUE AQUI<\/a> para visualizar os termos uso dos documentos do Acervo Hist\u00f3rico.<\/p>\n","protected":false},"excerpt":{"rendered":"<p>O N\u00facleo Curadoria do Acervo Hist\u00f3rico foi criado em 2010 com o objetivo de identificar, organizar, descrever, preservar e divulgar o acesso \u00e0s informa\u00e7\u00f5es de uma importante documenta\u00e7\u00e3o relativa aos estudos geocient\u00edficos que nortearam a ocupa\u00e7\u00e3o do solo no Estado de S\u00e3o Paulo. O arquivo abrange o per\u00edodo entre 1886 e 1975 e seu objetivo [&hellip;]<\/p>\n","protected":false},"author":1,"featured_media":0,"parent":37,"menu_order":0,"comment_status":"open","ping_status":"open","template":"","meta":[],"_links":{"self":[{"href":"https:\/\/www.infraestruturameioambiente.sp.gov.br\/institutogeologico\/wp-json\/wp\/v2\/pages\/408"}],"collection":[{"href":"https:\/\/www.infraestruturameioambiente.sp.gov.br\/institutogeologico\/wp-json\/wp\/v2\/pages"}],"about":[{"href":"https:\/\/www.infraestruturameioambiente.sp.gov.br\/institutogeologico\/wp-json\/wp\/v2\/types\/page"}],"author":[{"embeddable":true,"href":"https:\/\/www.infraestruturameioambiente.sp.gov.br\/institutogeologico\/wp-json\/wp\/v2\/users\/1"}],"replies":[{"embeddable":true,"href":"https:\/\/www.infraestruturameioambiente.sp.gov.br\/institutogeologico\/wp-json\/wp\/v2\/comments?post=408"}],"version-history":[{"count":17,"href":"https:\/\/www.infraestruturameioambiente.sp.gov.br\/institutogeologico\/wp-json\/wp\/v2\/pages\/408\/revisions"}],"predecessor-version":[{"id":14084,"href":"https:\/\/www.infraestruturameioambiente.sp.gov.br\/institutogeologico\/wp-json\/wp\/v2\/pages\/408\/revisions\/14084"}],"up":[{"embeddable":true,"href":"https:\/\/www.infraestruturameioambiente.sp.gov.br\/institutogeologico\/wp-json\/wp\/v2\/pages\/37"}],"wp:attachment":[{"href":"https:\/\/www.infraestruturameioambiente.sp.gov.br\/institutogeologico\/wp-json\/wp\/v2\/media?parent=408"}],"curies":[{"name":"wp","href":"https:\/\/api.w.org\/{rel}","templated":true}]}}