{"id":354,"date":"2012-03-22T15:15:22","date_gmt":"2012-03-22T18:15:22","guid":{"rendered":"https:\/\/www.infraestruturameioambiente.sp.gov.br\/institutogeologico\/?page_id=354"},"modified":"2023-04-27T13:04:33","modified_gmt":"2023-04-27T16:04:33","slug":"geoprocessamento","status":"publish","type":"page","link":"https:\/\/www.infraestruturameioambiente.sp.gov.br\/institutogeologico\/laboratorio-e-geotecnologia\/geoprocessamento\/","title":{"rendered":"Geoprocessamento"},"content":{"rendered":"<p style=\"text-align: justify\">O N\u00facleo de Geoprocessamento realiza pesquisas sobre o desenvolvimento de geotecnologias e sobre suas aplica\u00e7\u00f5es em projetos de pesquisa e na formula\u00e7\u00e3o de pol\u00edticas p\u00fablicas voltadas ao meio ambiente e ao desenvolvimento sustent\u00e1vel, participando do gerenciamento da pol\u00edtica estadual relacionada a geotecnologias, administrando os servi\u00e7os de disponibiliza\u00e7\u00e3o e transmiss\u00e3o de dados do IG e organizando e desenvolvendo a\u00e7\u00f5es voltadas \u00e0 capacita\u00e7\u00e3o ao uso e \u00e0 aplica\u00e7\u00e3o de geotecnologias. Respons\u00e1vel por catalogar, organizar e preservar o acervo de produtos cartogr\u00e1ficos, tem\u00e1ticos, de sensoriamento remoto e fotos a\u00e9reas.<\/p>\n<p style=\"text-align: justify\"><strong>Linhas de Pesquisa:<\/strong> Geotecnologias no Processo de ordenamento territorial, Sistemas de Informa\u00e7\u00e3o Geogr\u00e1fica Distribu\u00eddo e Software Livre.<\/p>\n<p style=\"text-align: justify\"><strong>A\u00e7\u00f5es em andamento:<\/strong> O n\u00facleo est\u00e1 preparado para atender demandas de projetos de pesquisa desenvolvidos pelo Instituto Geol\u00f3gico ou em parcerias com outras Institui\u00e7\u00f5es. Al\u00e9m disso, a atual infraestrutura do n\u00facleo possibilita tamb\u00e9m atender demandas externas.<\/p>\n","protected":false},"excerpt":{"rendered":"<p>O N\u00facleo de Geoprocessamento realiza pesquisas sobre o desenvolvimento de geotecnologias e sobre suas aplica\u00e7\u00f5es em projetos de pesquisa e na formula\u00e7\u00e3o de pol\u00edticas p\u00fablicas voltadas ao meio ambiente e ao desenvolvimento sustent\u00e1vel, participando do gerenciamento da pol\u00edtica estadual relacionada a geotecnologias, administrando os servi\u00e7os de disponibiliza\u00e7\u00e3o e transmiss\u00e3o de dados do IG e organizando [&hellip;]<\/p>\n","protected":false},"author":1,"featured_media":0,"parent":35,"menu_order":0,"comment_status":"open","ping_status":"closed","template":"","meta":[],"_links":{"self":[{"href":"https:\/\/www.infraestruturameioambiente.sp.gov.br\/institutogeologico\/wp-json\/wp\/v2\/pages\/354"}],"collection":[{"href":"https:\/\/www.infraestruturameioambiente.sp.gov.br\/institutogeologico\/wp-json\/wp\/v2\/pages"}],"about":[{"href":"https:\/\/www.infraestruturameioambiente.sp.gov.br\/institutogeologico\/wp-json\/wp\/v2\/types\/page"}],"author":[{"embeddable":true,"href":"https:\/\/www.infraestruturameioambiente.sp.gov.br\/institutogeologico\/wp-json\/wp\/v2\/users\/1"}],"replies":[{"embeddable":true,"href":"https:\/\/www.infraestruturameioambiente.sp.gov.br\/institutogeologico\/wp-json\/wp\/v2\/comments?post=354"}],"version-history":[{"count":11,"href":"https:\/\/www.infraestruturameioambiente.sp.gov.br\/institutogeologico\/wp-json\/wp\/v2\/pages\/354\/revisions"}],"predecessor-version":[{"id":14078,"href":"https:\/\/www.infraestruturameioambiente.sp.gov.br\/institutogeologico\/wp-json\/wp\/v2\/pages\/354\/revisions\/14078"}],"up":[{"embeddable":true,"href":"https:\/\/www.infraestruturameioambiente.sp.gov.br\/institutogeologico\/wp-json\/wp\/v2\/pages\/35"}],"wp:attachment":[{"href":"https:\/\/www.infraestruturameioambiente.sp.gov.br\/institutogeologico\/wp-json\/wp\/v2\/media?parent=354"}],"curies":[{"name":"wp","href":"https:\/\/api.w.org\/{rel}","templated":true}]}}