{"id":12537,"date":"2019-03-21T16:54:28","date_gmt":"2019-03-21T19:54:28","guid":{"rendered":"https:\/\/www.infraestruturameioambiente.sp.gov.br\/institutogeologico\/?page_id=12537"},"modified":"2023-04-27T13:16:54","modified_gmt":"2023-04-27T16:16:54","slug":"normas-de-utilizacao-do-acervo-historico","status":"publish","type":"page","link":"https:\/\/www.infraestruturameioambiente.sp.gov.br\/institutogeologico\/mugeo\/acervo-historico\/normas-de-utilizacao-do-acervo-historico\/","title":{"rendered":"Normas de Utiliza\u00e7\u00e3o do Acervo Hist\u00f3rico"},"content":{"rendered":"<p style=\"text-align: justify\">O Acervo Hist\u00f3rico do Instituto Geol\u00f3gico \u00e9 um bem p\u00fablico destinado a suprir a demanda da comunidade acad\u00eamica no \u00e2mbito do ensino, pesquisa e extens\u00e3o. A conserva\u00e7\u00e3o desse acervo depende, em grande parte, da conscientiza\u00e7\u00e3o dos usu\u00e1rios quanto ao cuidado no manuseio das obras, prolongando sua vida \u00fatil e aumentando a disponibilidade das mesmas para toda a comunidade.<\/p>\n<p style=\"text-align: justify\">Os materiais bibliogr\u00e1ficos quando danificados s\u00e3o retirados do acervo para restaura\u00e7\u00e3o, gerando preju\u00edzos financeiros e did\u00e1ticos, tanto para a institui\u00e7\u00e3o quanto para os usu\u00e1rios, uma vez que o processo de recupera\u00e7\u00e3o da obra \u00e9 caro e lento, e nem sempre \u00e9 poss\u00edvel.<\/p>\n<p style=\"text-align: justify\">Pensando nessas quest\u00f5es, o N\u00facleo Curadoria do Acervo Hist\u00f3rico apresenta os termos de Uso do Acervo Hist\u00f3rico visando orientar e sensibilizar os usu\u00e1rios no uso correto e na preserva\u00e7\u00e3o do material bibliogr\u00e1fico.<\/p>\n<p style=\"text-align: justify\">Ao solicitar e utilizar os Documentos do Acervo Hist\u00f3rico, o usu\u00e1rio compromete-se a:<\/p>\n<ul>\n<li style=\"text-align: justify\">Utilizar, sem fins comerciais, os documentos pertencentes ao Fundo\/Cole\u00e7\u00e3o do N\u00facleo Curadoria do Acervo Hist\u00f3rico do Centro Museu Geol\u00f3gico do Instituto Geol\u00f3gico\/SIMA;<\/li>\n<li style=\"text-align: justify\">Dar aos trabalhos elaborados com base nos documentos do Acervo Hist\u00f3rico os respectivos cr\u00e9ditos \u00e0 Institui\u00e7\u00e3o e ao conjunto documental consultado;<\/li>\n<li style=\"text-align: justify\">Utilizar o material solicitado exclusivamente para a finalidade declarada e n\u00e3o ced\u00ea-los a terceiros;<\/li>\n<li style=\"text-align: justify\">Estar ciente de que a utiliza\u00e7\u00e3o indevida dos documentos do acervo incorre na Lei de Direitos Autorais e na Lei sobre a Pol\u00edtica Nacional de Arquivos P\u00fablicos e Privados, ficando, portanto, sujeito \u00e0s penalidades por elas previstas;<\/li>\n<li style=\"text-align: justify\">Compromete-se a enviar \u00e0 institui\u00e7\u00e3o uma c\u00f3pia ou exemplar dos trabalhos realizados, atrav\u00e9s do endere\u00e7o: A\/C da Biblioteca e Mapoteca do Instituto Geol\u00f3gico, Rua Joaquim T\u00e1vora, 822 CEP 04015-011 \u2013 Vila Mariana &#8211; SP &#8211; Brasil.<\/li>\n<\/ul>\n<p style=\"text-align: justify\"><a href=\"https:\/\/www.infraestruturameioambiente.sp.gov.br\/wp-content\/uploads\/sites\/233\/2019\/03\/Normas_de_Utilizacao_Acervo_2019.doc\">CLIQUE AQUI<\/a> para acessar o modelo de solicita\u00e7\u00e3o de uso dos documentos do Acervo Hist\u00f3rico.<\/p>\n","protected":false},"excerpt":{"rendered":"<p>O Acervo Hist\u00f3rico do Instituto Geol\u00f3gico \u00e9 um bem p\u00fablico destinado a suprir a demanda da comunidade acad\u00eamica no \u00e2mbito do ensino, pesquisa e extens\u00e3o. A conserva\u00e7\u00e3o desse acervo depende, em grande parte, da conscientiza\u00e7\u00e3o dos usu\u00e1rios quanto ao cuidado no manuseio das obras, prolongando sua vida \u00fatil e aumentando a disponibilidade das mesmas para [&hellip;]<\/p>\n","protected":false},"author":96,"featured_media":0,"parent":408,"menu_order":0,"comment_status":"closed","ping_status":"closed","template":"","meta":[],"_links":{"self":[{"href":"https:\/\/www.infraestruturameioambiente.sp.gov.br\/institutogeologico\/wp-json\/wp\/v2\/pages\/12537"}],"collection":[{"href":"https:\/\/www.infraestruturameioambiente.sp.gov.br\/institutogeologico\/wp-json\/wp\/v2\/pages"}],"about":[{"href":"https:\/\/www.infraestruturameioambiente.sp.gov.br\/institutogeologico\/wp-json\/wp\/v2\/types\/page"}],"author":[{"embeddable":true,"href":"https:\/\/www.infraestruturameioambiente.sp.gov.br\/institutogeologico\/wp-json\/wp\/v2\/users\/96"}],"replies":[{"embeddable":true,"href":"https:\/\/www.infraestruturameioambiente.sp.gov.br\/institutogeologico\/wp-json\/wp\/v2\/comments?post=12537"}],"version-history":[{"count":10,"href":"https:\/\/www.infraestruturameioambiente.sp.gov.br\/institutogeologico\/wp-json\/wp\/v2\/pages\/12537\/revisions"}],"predecessor-version":[{"id":14085,"href":"https:\/\/www.infraestruturameioambiente.sp.gov.br\/institutogeologico\/wp-json\/wp\/v2\/pages\/12537\/revisions\/14085"}],"up":[{"embeddable":true,"href":"https:\/\/www.infraestruturameioambiente.sp.gov.br\/institutogeologico\/wp-json\/wp\/v2\/pages\/408"}],"wp:attachment":[{"href":"https:\/\/www.infraestruturameioambiente.sp.gov.br\/institutogeologico\/wp-json\/wp\/v2\/media?parent=12537"}],"curies":[{"name":"wp","href":"https:\/\/api.w.org\/{rel}","templated":true}]}}