{"id":10114,"date":"2016-04-27T11:21:48","date_gmt":"2016-04-27T14:21:48","guid":{"rendered":"https:\/\/www.infraestruturameioambiente.sp.gov.br\/institutogeologico\/?page_id=10114"},"modified":"2023-04-27T12:23:33","modified_gmt":"2023-04-27T15:23:33","slug":"nucleo_apoio_operacional_administrativo","status":"publish","type":"page","link":"https:\/\/www.infraestruturameioambiente.sp.gov.br\/institutogeologico\/instituto\/administrativo\/nucleo_apoio_operacional_administrativo\/","title":{"rendered":"N\u00facleo de Apoio Operacional e Administrativo"},"content":{"rendered":"<p><strong><span style=\"line-height: 1.5em\">O N\u00facleo de Apoio Operacional e Administrativo t\u00eam as\u00a0<\/span>seguintes atribui\u00e7\u00f5es:<\/strong><\/p>\n<p>I &#8211; coletar informa\u00e7\u00f5es, elaborar planilhas e cuidar da organiza\u00e7\u00e3o e manuten\u00e7\u00e3o de\u00a0banco de dados que possam subsidiar a atua\u00e7\u00e3o do dirigente da unidade;<\/p>\n<p>II &#8211; receber, registrar, distribuir, controlar e expedir pap\u00e9is e processos;<\/p>\n<p>III &#8211; preparar o expediente da unidade;<\/p>\n<p>IV &#8211; manter registros sobre frequ\u00eancia e f\u00e9rias dos servidores;<\/p>\n<p>V &#8211; prever, requisitar, guardar e distribuir o material de consumo da unidade;<\/p>\n<p>VI &#8211; efetuar e manter registro do material permanente, comunicando \u00e0 unidade\u00a0competente sua movimenta\u00e7\u00e3o;<\/p>\n<p>VII &#8211; desenvolver outras atividades caracter\u00edsticas de apoio operacional e\u00a0administrativo \u00e0 atua\u00e7\u00e3o da unidade.<\/p>\n","protected":false},"excerpt":{"rendered":"<p>O N\u00facleo de Apoio Operacional e Administrativo t\u00eam as\u00a0seguintes atribui\u00e7\u00f5es: I &#8211; coletar informa\u00e7\u00f5es, elaborar planilhas e cuidar da organiza\u00e7\u00e3o e manuten\u00e7\u00e3o de\u00a0banco de dados que possam subsidiar a atua\u00e7\u00e3o do dirigente da unidade; II &#8211; receber, registrar, distribuir, controlar e expedir pap\u00e9is e processos; III &#8211; preparar o expediente da unidade; IV &#8211; manter [&hellip;]<\/p>\n","protected":false},"author":96,"featured_media":0,"parent":59,"menu_order":0,"comment_status":"closed","ping_status":"open","template":"","meta":[],"_links":{"self":[{"href":"https:\/\/www.infraestruturameioambiente.sp.gov.br\/institutogeologico\/wp-json\/wp\/v2\/pages\/10114"}],"collection":[{"href":"https:\/\/www.infraestruturameioambiente.sp.gov.br\/institutogeologico\/wp-json\/wp\/v2\/pages"}],"about":[{"href":"https:\/\/www.infraestruturameioambiente.sp.gov.br\/institutogeologico\/wp-json\/wp\/v2\/types\/page"}],"author":[{"embeddable":true,"href":"https:\/\/www.infraestruturameioambiente.sp.gov.br\/institutogeologico\/wp-json\/wp\/v2\/users\/96"}],"replies":[{"embeddable":true,"href":"https:\/\/www.infraestruturameioambiente.sp.gov.br\/institutogeologico\/wp-json\/wp\/v2\/comments?post=10114"}],"version-history":[{"count":4,"href":"https:\/\/www.infraestruturameioambiente.sp.gov.br\/institutogeologico\/wp-json\/wp\/v2\/pages\/10114\/revisions"}],"predecessor-version":[{"id":14040,"href":"https:\/\/www.infraestruturameioambiente.sp.gov.br\/institutogeologico\/wp-json\/wp\/v2\/pages\/10114\/revisions\/14040"}],"up":[{"embeddable":true,"href":"https:\/\/www.infraestruturameioambiente.sp.gov.br\/institutogeologico\/wp-json\/wp\/v2\/pages\/59"}],"wp:attachment":[{"href":"https:\/\/www.infraestruturameioambiente.sp.gov.br\/institutogeologico\/wp-json\/wp\/v2\/media?parent=10114"}],"curies":[{"name":"wp","href":"https:\/\/api.w.org\/{rel}","templated":true}]}}