{"id":10111,"date":"2016-04-27T11:15:05","date_gmt":"2016-04-27T14:15:05","guid":{"rendered":"https:\/\/www.infraestruturameioambiente.sp.gov.br\/institutogeologico\/?page_id=10111"},"modified":"2023-04-27T12:24:34","modified_gmt":"2023-04-27T15:24:34","slug":"nucleo-de-infraestrutura-de-informatica","status":"publish","type":"page","link":"https:\/\/www.infraestruturameioambiente.sp.gov.br\/institutogeologico\/instituto\/administrativo\/nucleo-de-infraestrutura-de-informatica\/","title":{"rendered":"N\u00facleo de Infraestrutura de Inform\u00e1tica"},"content":{"rendered":"<p><strong>O N\u00facleo de Infraestrutura de Inform\u00e1tica tem\u00a0as seguintes atribui\u00e7\u00f5es:<\/strong><\/p>\n<p>I &#8211; administrar a rede de computadores, bem como controlar os acessos, a\u00a0consist\u00eancia e o uso de sistemas b\u00e1sicos e aplica\u00e7\u00f5es;<\/p>\n<p>II &#8211; garantir a qualidade e seguran\u00e7a das informa\u00e7\u00f5es estrat\u00e9gicas contidas nos\u00a0sistemas informatizados;<\/p>\n<p>III &#8211; planejar e prestar orienta\u00e7\u00e3o e suporte ao usu\u00e1rio quanto ao uso de \u201csoftwares\u201d e\u00a0da rede de computadores;<\/p>\n<p>IV &#8211; subsidiar o processo de aquisi\u00e7\u00e3o dos recursos e servi\u00e7os de inform\u00e1tica,\u00a0efetuando o levantamento de necessidades, o acompanhamento de processos\u00a0licitat\u00f3rios e a aloca\u00e7\u00e3o de \u201csoftwares\u201d, equipamentos e suprimentos;<\/p>\n<p>V &#8211; acompanhar a execu\u00e7\u00e3o dos contratos de manuten\u00e7\u00e3o de equipamentos de\u00a0inform\u00e1tica e de servi\u00e7os de provedores e de opera\u00e7\u00e3o referentes \u00e0 rede de\u00a0computadores;<\/p>\n<p>VI &#8211; avaliar e propor a\u00e7\u00f5es objetivando:<\/p>\n<p>a) a atualiza\u00e7\u00e3o do Instituto Geol\u00f3gico na \u00e1rea de tecnologia da informa\u00e7\u00e3o;<\/p>\n<p>b) a capacita\u00e7\u00e3o e o treinamento de recursos humanos para a utiliza\u00e7\u00e3o de sistemas\u00a0informatizados;<\/p>\n<p>VII- acompanhar a execu\u00e7\u00e3o da pol\u00edtica de tecnologia da informa\u00e7\u00e3o do Instituto,\u00a0observadas as diretrizes gerais de inform\u00e1tica e comunica\u00e7\u00e3o de dados fixadas\u00a0pela administra\u00e7\u00e3o p\u00fablica estadual;<\/p>\n<p>VIII &#8211; viabilizar, observadas as disponibilidades do N\u00facleo, o uso de recursos de\u00a0inform\u00e1tica na organiza\u00e7\u00e3o e na execu\u00e7\u00e3o de cursos, simp\u00f3sios, semin\u00e1rios,\u00a0palestras, cerim\u00f4nias e outros eventos realizados sob responsabilidade, direta ou\u00a0indireta, da institui\u00e7\u00e3o.<\/p>\n","protected":false},"excerpt":{"rendered":"<p>O N\u00facleo de Infraestrutura de Inform\u00e1tica tem\u00a0as seguintes atribui\u00e7\u00f5es: I &#8211; administrar a rede de computadores, bem como controlar os acessos, a\u00a0consist\u00eancia e o uso de sistemas b\u00e1sicos e aplica\u00e7\u00f5es; II &#8211; garantir a qualidade e seguran\u00e7a das informa\u00e7\u00f5es estrat\u00e9gicas contidas nos\u00a0sistemas informatizados; III &#8211; planejar e prestar orienta\u00e7\u00e3o e suporte ao usu\u00e1rio quanto ao [&hellip;]<\/p>\n","protected":false},"author":96,"featured_media":0,"parent":59,"menu_order":0,"comment_status":"closed","ping_status":"open","template":"","meta":[],"_links":{"self":[{"href":"https:\/\/www.infraestruturameioambiente.sp.gov.br\/institutogeologico\/wp-json\/wp\/v2\/pages\/10111"}],"collection":[{"href":"https:\/\/www.infraestruturameioambiente.sp.gov.br\/institutogeologico\/wp-json\/wp\/v2\/pages"}],"about":[{"href":"https:\/\/www.infraestruturameioambiente.sp.gov.br\/institutogeologico\/wp-json\/wp\/v2\/types\/page"}],"author":[{"embeddable":true,"href":"https:\/\/www.infraestruturameioambiente.sp.gov.br\/institutogeologico\/wp-json\/wp\/v2\/users\/96"}],"replies":[{"embeddable":true,"href":"https:\/\/www.infraestruturameioambiente.sp.gov.br\/institutogeologico\/wp-json\/wp\/v2\/comments?post=10111"}],"version-history":[{"count":5,"href":"https:\/\/www.infraestruturameioambiente.sp.gov.br\/institutogeologico\/wp-json\/wp\/v2\/pages\/10111\/revisions"}],"predecessor-version":[{"id":14041,"href":"https:\/\/www.infraestruturameioambiente.sp.gov.br\/institutogeologico\/wp-json\/wp\/v2\/pages\/10111\/revisions\/14041"}],"up":[{"embeddable":true,"href":"https:\/\/www.infraestruturameioambiente.sp.gov.br\/institutogeologico\/wp-json\/wp\/v2\/pages\/59"}],"wp:attachment":[{"href":"https:\/\/www.infraestruturameioambiente.sp.gov.br\/institutogeologico\/wp-json\/wp\/v2\/media?parent=10111"}],"curies":[{"name":"wp","href":"https:\/\/api.w.org\/{rel}","templated":true}]}}