{"id":10108,"date":"2016-04-27T11:08:17","date_gmt":"2016-04-27T14:08:17","guid":{"rendered":"https:\/\/www.infraestruturameioambiente.sp.gov.br\/institutogeologico\/?page_id=10108"},"modified":"2023-04-27T12:26:34","modified_gmt":"2023-04-27T15:26:34","slug":"centro-administrativo","status":"publish","type":"page","link":"https:\/\/www.infraestruturameioambiente.sp.gov.br\/institutogeologico\/instituto\/administrativo\/centro-administrativo\/","title":{"rendered":"Centro Administrativo"},"content":{"rendered":"<p>Ao Centro Administrativo cabe planejar, gerenciar, coordenar e executar as\u00a0atividades das \u00e1reas de recursos humanos, or\u00e7amento e finan\u00e7as, material e\u00a0patrim\u00f4nio, licita\u00e7\u00e3o e contratos, comunica\u00e7\u00f5es administrativas, transportes internos\u00a0motorizados e outras de apoio administrativo.<\/p>\n<p><strong>Centro Administrativo<\/strong><\/p>\n<ul>\n<li><strong>N\u00facleo de Gest\u00e3o de Pessoal<\/strong><\/li>\n<li><strong>N\u00facleo de Finan\u00e7as<\/strong><\/li>\n<li><strong>N\u00facleo de Compras e Suprimentos<\/strong><\/li>\n<li><strong>N\u00facleo de Infraestrutura<\/strong><\/li>\n<li><strong>N\u00facleo de Administra\u00e7\u00e3o de Subfrota<\/strong><\/li>\n<\/ul>\n","protected":false},"excerpt":{"rendered":"<p>Ao Centro Administrativo cabe planejar, gerenciar, coordenar e executar as\u00a0atividades das \u00e1reas de recursos humanos, or\u00e7amento e finan\u00e7as, material e\u00a0patrim\u00f4nio, licita\u00e7\u00e3o e contratos, comunica\u00e7\u00f5es administrativas, transportes internos\u00a0motorizados e outras de apoio administrativo. Centro Administrativo N\u00facleo de Gest\u00e3o de Pessoal N\u00facleo de Finan\u00e7as N\u00facleo de Compras e Suprimentos N\u00facleo de Infraestrutura N\u00facleo de Administra\u00e7\u00e3o de Subfrota<\/p>\n","protected":false},"author":96,"featured_media":0,"parent":59,"menu_order":0,"comment_status":"closed","ping_status":"open","template":"","meta":[],"_links":{"self":[{"href":"https:\/\/www.infraestruturameioambiente.sp.gov.br\/institutogeologico\/wp-json\/wp\/v2\/pages\/10108"}],"collection":[{"href":"https:\/\/www.infraestruturameioambiente.sp.gov.br\/institutogeologico\/wp-json\/wp\/v2\/pages"}],"about":[{"href":"https:\/\/www.infraestruturameioambiente.sp.gov.br\/institutogeologico\/wp-json\/wp\/v2\/types\/page"}],"author":[{"embeddable":true,"href":"https:\/\/www.infraestruturameioambiente.sp.gov.br\/institutogeologico\/wp-json\/wp\/v2\/users\/96"}],"replies":[{"embeddable":true,"href":"https:\/\/www.infraestruturameioambiente.sp.gov.br\/institutogeologico\/wp-json\/wp\/v2\/comments?post=10108"}],"version-history":[{"count":9,"href":"https:\/\/www.infraestruturameioambiente.sp.gov.br\/institutogeologico\/wp-json\/wp\/v2\/pages\/10108\/revisions"}],"predecessor-version":[{"id":14044,"href":"https:\/\/www.infraestruturameioambiente.sp.gov.br\/institutogeologico\/wp-json\/wp\/v2\/pages\/10108\/revisions\/14044"}],"up":[{"embeddable":true,"href":"https:\/\/www.infraestruturameioambiente.sp.gov.br\/institutogeologico\/wp-json\/wp\/v2\/pages\/59"}],"wp:attachment":[{"href":"https:\/\/www.infraestruturameioambiente.sp.gov.br\/institutogeologico\/wp-json\/wp\/v2\/media?parent=10108"}],"curies":[{"name":"wp","href":"https:\/\/api.w.org\/{rel}","templated":true}]}}

<p>Ao Centro Administrativo cabe planejar, gerenciar, coordenar e executar as atividades das áreas de recursos humanos, orçamento e finanças, material e patrimônio, licitação e contratos, comunicações administrativas, transportes internos motorizados e outras de apoio administrativo.</p>
<p><strong>Centro Administrativo</strong></p>
<ul>
<li><strong>Núcleo de Gestão de Pessoal</strong></li>
<li><strong>Núcleo de Finanças</strong></li>
<li><strong>Núcleo de Compras e Suprimentos</strong></li>
<li><strong>Núcleo de Infraestrutura</strong></li>
<li><strong>Núcleo de Administração de Subfrota</strong></li>
</ul>

<p>Ao Centro Administrativo cabe planejar, gerenciar, coordenar e executar as atividades das áreas de recursos humanos, orçamento e finanças, material e patrimônio, licitação e contratos, comunicações administrativas, transportes internos motorizados e outras de apoio administrativo. Centro Administrativo Núcleo de Gestão de Pessoal Núcleo de Finanças Núcleo de Compras e Suprimentos Núcleo de Infraestrutura Núcleo de Administração de Subfrota</p>
