{"id":9761,"date":"2015-06-18T10:13:36","date_gmt":"2015-06-18T13:13:36","guid":{"rendered":"https:\/\/www.infraestruturameioambiente.sp.gov.br\/institutoflorestal\/?page_id=9761"},"modified":"2015-06-18T10:16:13","modified_gmt":"2015-06-18T13:16:13","slug":"if-serie-registros-no-50","status":"publish","type":"page","link":"https:\/\/www.infraestruturameioambiente.sp.gov.br\/institutoflorestal\/publicacoes-if\/if-serie-registros\/if-serie-registros-no-50\/","title":{"rendered":"IF S\u00e9rie Registros n\u00ba 50"},"content":{"rendered":"<p><strong>S\u00c9RIE REGISTROS N. 50, mar. 2013: <a href=\"http:\/\/www.iflorestal.sp.gov.br\/RIF\/SerieRegistros\/IFSR50\/IFSR50.pdf\">Revista Completa<\/a><\/strong><\/p>\n<p><strong>\u00a0<\/strong><\/p>\n<ul>\n<li>Parque Estadual do Juquery: Ref\u00fagio de Cerrado no Dom\u00ednio Atl\u00e2ntico: Juquery State Park: CErrado Refuge in the Atlantic Domain. Jo\u00e3o Batista BAITELLO; Osny Tadeu de AGUIAR; Jo\u00e3o Aur\u00e9lio PASTORE; Frederico Alexandre Roccia Dal Pozzo ARZOLLA<\/li>\n<\/ul>\n<p style=\"text-align: right\"><strong><\/strong><strong><\/strong><a href=\"https:\/\/www.infraestruturameioambiente.sp.gov.br\/institutoflorestal\/wp-content\/uploads\/sites\/234\/2015\/06\/IFSR50_5-46.pdf\"><strong>5-46<\/strong><\/a><\/p>\n","protected":false},"excerpt":{"rendered":"<p>S\u00c9RIE REGISTROS N. 50, mar. 2013: Revista Completa \u00a0 Parque Estadual do Juquery: Ref\u00fagio de Cerrado no Dom\u00ednio Atl\u00e2ntico: Juquery State Park: CErrado Refuge in the Atlantic Domain. Jo\u00e3o Batista BAITELLO; Osny Tadeu de AGUIAR; Jo\u00e3o Aur\u00e9lio PASTORE; Frederico Alexandre Roccia Dal Pozzo ARZOLLA 5-46<\/p>\n","protected":false},"author":46,"featured_media":0,"parent":2992,"menu_order":0,"comment_status":"closed","ping_status":"open","template":"","meta":[],"_links":{"self":[{"href":"https:\/\/www.infraestruturameioambiente.sp.gov.br\/institutoflorestal\/wp-json\/wp\/v2\/pages\/9761"}],"collection":[{"href":"https:\/\/www.infraestruturameioambiente.sp.gov.br\/institutoflorestal\/wp-json\/wp\/v2\/pages"}],"about":[{"href":"https:\/\/www.infraestruturameioambiente.sp.gov.br\/institutoflorestal\/wp-json\/wp\/v2\/types\/page"}],"author":[{"embeddable":true,"href":"https:\/\/www.infraestruturameioambiente.sp.gov.br\/institutoflorestal\/wp-json\/wp\/v2\/users\/46"}],"replies":[{"embeddable":true,"href":"https:\/\/www.infraestruturameioambiente.sp.gov.br\/institutoflorestal\/wp-json\/wp\/v2\/comments?post=9761"}],"version-history":[{"count":1,"href":"https:\/\/www.infraestruturameioambiente.sp.gov.br\/institutoflorestal\/wp-json\/wp\/v2\/pages\/9761\/revisions"}],"predecessor-version":[{"id":9763,"href":"https:\/\/www.infraestruturameioambiente.sp.gov.br\/institutoflorestal\/wp-json\/wp\/v2\/pages\/9761\/revisions\/9763"}],"up":[{"embeddable":true,"href":"https:\/\/www.infraestruturameioambiente.sp.gov.br\/institutoflorestal\/wp-json\/wp\/v2\/pages\/2992"}],"wp:attachment":[{"href":"https:\/\/www.infraestruturameioambiente.sp.gov.br\/institutoflorestal\/wp-json\/wp\/v2\/media?parent=9761"}],"curies":[{"name":"wp","href":"https:\/\/api.w.org\/{rel}","templated":true}]}}

IF Série Registros nº 50

<p><strong>SÉRIE REGISTROS N. 50, mar. 2013: <a href="http://www.iflorestal.sp.gov.br/RIF/SerieRegistros/IFSR50/IFSR50.pdf">Revista Completa</a></strong></p>
<p><strong> </strong></p>
<ul>
<li>Parque Estadual do Juquery: Refúgio de Cerrado no Domínio Atlântico: Juquery State Park: CErrado Refuge in the Atlantic Domain. João Batista BAITELLO; Osny Tadeu de AGUIAR; João Aurélio PASTORE; Frederico Alexandre Roccia Dal Pozzo ARZOLLA</li>
</ul>
<p style="text-align: right"><strong></strong><strong></strong><a href="https://www.infraestruturameioambiente.sp.gov.br/institutoflorestal/wp-content/uploads/sites/234/2015/06/IFSR50_5-46.pdf"><strong>5-46</strong></a></p>

<p>SÉRIE REGISTROS N. 50, mar. 2013: Revista Completa   Parque Estadual do Juquery: Refúgio de Cerrado no Domínio Atlântico: Juquery State Park: CErrado Refuge in the Atlantic Domain. João Batista BAITELLO; Osny Tadeu de AGUIAR; João Aurélio PASTORE; Frederico Alexandre Roccia Dal Pozzo ARZOLLA 5-46</p>
