{"id":9721,"date":"2015-06-16T11:00:28","date_gmt":"2015-06-16T14:00:28","guid":{"rendered":"https:\/\/www.infraestruturameioambiente.sp.gov.br\/institutoflorestal\/?page_id=9721"},"modified":"2015-08-12T09:49:55","modified_gmt":"2015-08-12T12:49:55","slug":"revista-v-27-no1","status":"publish","type":"page","link":"https:\/\/www.infraestruturameioambiente.sp.gov.br\/institutoflorestal\/publicacoes-if\/revista-do-if\/revista-v-27-no1\/","title":{"rendered":"Revista v.27, n\u00ba1"},"content":{"rendered":"<p><strong>REVISTA V. 27, N. 1- Jun. 2015 &#8211; Revista Completa (<a href=\"https:\/\/www.infraestruturameioambiente.sp.gov.br\/institutoflorestal\/wp-content\/uploads\/sites\/234\/2015\/06\/RIF27-1.pdf\">PDF<\/a>) (<a href=\"https:\/\/www.infraestruturameioambiente.sp.gov.br\/institutoflorestal\/wp-content\/uploads\/sites\/234\/2015\/06\/RIF27-1.rar\">XML<\/a>)<\/strong><\/p>\n<p><strong>ARTIGOS CIENT\u00cdFICOS\/SCIENTIFIC ARTICLES<\/strong><\/p>\n<ul>\n<li>Morfologia de frutos, sementes e pl\u00e2ntulas de <em>Couroupita guianensis<\/em> Aubl. (Lecythidaceae). Morphology of fruits, seeds and seedlings of <em>Couroupita guianensis<\/em> Aubl. (Lecythidaceae). Rejane Maria da SILVA; Rayane de Tasso Moreira RIBEIRO; Diogenes Jos\u00e9 Gusm\u00e3o COUTINHO; Suzene Iz\u00eddio da SILVA; Maria Izabel GALL\u00c3O<br \/>\n<a href=\"http:\/\/dx.doi.org\/10.4322\/rif.2015.001\">http:\/\/dx.doi.org\/10.4322\/rif.2015.001<\/a><a href=\"http:\/\/dx.doi.org\/10.4322\/rif.2014.010\"><br \/>\n<\/a><\/li>\n<\/ul>\n<p style=\"text-align: right\"><a href=\"https:\/\/www.infraestruturameioambiente.sp.gov.br\/institutoflorestal\/wp-content\/uploads\/sites\/234\/2015\/06\/RIF27-1_7-17.pdf\"><strong>7-17<\/strong><\/a><\/p>\n<ul>\n<li>Basic specific gravity and anatomy of <em>Peltophorum dubium<\/em> wood as a function of provenance and radial position. Densidade aparente e anatomia da madeira de <em>Peltophorum dubium<\/em> em fun\u00e7\u00e3o da proced\u00eancia e posi\u00e7\u00e3o radial. Israel Luiz de LIMA; Eduardo Luiz LONGUI; Cintya CERATO; Miguel Luiz Menezes FREITAS; Sandra Monteiro Borges FLORSHEIM; Antonio Carlos Scatena ZANATTO<br \/>\n<a href=\"http:\/\/dx.doi.org\/10.4322\/rif.2015.002\">http:\/\/dx.doi.org\/10.4322\/rif.2015.002<\/a><a href=\"https:\/\/www.infraestruturameioambiente.sp.gov.br\/institutoflorestal\/wp-content\/uploads\/sites\/234\/2015\/05\/p.-147-159.pdf\"><br \/>\n<\/a><\/li>\n<\/ul>\n<p style=\"text-align: right\"><a href=\"https:\/\/www.infraestruturameioambiente.sp.gov.br\/institutoflorestal\/wp-content\/uploads\/sites\/234\/2015\/06\/RIF27-1_19-29.pdf\"><strong>19-29<\/strong><\/a><\/p>\n<ul>\n<li>Variabilidade gen\u00e9tica em prog\u00eanies de <em>Pinus caribea<\/em> var. <em>hondurensis<\/em> aos 21 anos de idade. Genetic variability in progenies of <em>Pinus caribaea<\/em> var. <em>hondurensis<\/em> at 21 years of age. Hugo Rodrigo MACEDO; Miguel Luiz Menezes FREITAS; Osmar Vilas BOAS; Alexandre Magno SEBBENN<br \/>\n<a href=\"http:\/\/dx.doi.org\/10.4322\/rif.2015.003\">http:\/\/dx.doi.org\/10.4322\/rif.2015.003<\/a><\/li>\n<\/ul>\n<p style=\"text-align: right\"><a href=\"https:\/\/www.infraestruturameioambiente.sp.gov.br\/institutoflorestal\/wp-content\/uploads\/sites\/234\/2015\/06\/RIF27-1_31-39.pdf\"><strong>31-39<\/strong><\/a><\/p>\n<ul>\n<li>Tamanho amostral para a estimativa da densidade b\u00e1sica em um clone h\u00edbrido de <em>Eucalyptus<\/em> sp. Sample size for estimating basic density in a clone of<em> Eucalyptus<\/em> sp. hybrid. Francisca Andrade de P\u00c1DUA; Paulo Fernando TRUGILHO; Cl\u00e1udio Roberto THIERSCH; Mayara Marcon VIRE; Jos\u00e9 Mauro Santana da SILVA<br \/>\n<a href=\"http:\/\/dx.doi.org\/10.4322\/rif.2015.004\">http:\/\/dx.doi.org\/10.4322\/rif.2015.004<\/a><\/li>\n<\/ul>\n<p style=\"text-align: right\"><a href=\"https:\/\/www.infraestruturameioambiente.sp.gov.br\/institutoflorestal\/wp-content\/uploads\/sites\/234\/2015\/06\/RIF27-1_41-47.pdf\"><strong>41-47<\/strong><\/a><\/p>\n<ul>\n<li>\u00c1reas priorit\u00e1rias ao restabelecimento da conectividade estrutural entre fragmentos florestais da Zona de Amortecimento da Esta\u00e7\u00e3o Ecol\u00f3gica de Ribeir\u00e3o Preto. Priority areas to restoration of structural connectivity between forest fragments of Buffer Zone of Ribeir\u00e3o Preto Ecological Station. Elenice Mouro VARANDA; Marina Janzantti LAPENTA; Val\u00e9ria Maria Melleiro GIMENEZ; Marcela Pereira VASTERS; Hertz Figueiredo dos SANTOS; Jos\u00e9 Ricardo BAROSELA; Nicole Maria Marson DONADIO; Luciana de F\u00e1tima GAIOSO-RAFAEL; Cleide de OLIVEIRA<br \/>\n<a href=\"http:\/\/dx.doi.org\/10.4322\/rif.2015.005\">http:\/\/dx.doi.org\/10.4322\/rif.2015.005<\/a><\/li>\n<\/ul>\n<p style=\"text-align: right\"><a href=\"https:\/\/www.infraestruturameioambiente.sp.gov.br\/institutoflorestal\/wp-content\/uploads\/sites\/234\/2015\/06\/RIF27-1_49-71.pdf\"><strong>49-71<\/strong><\/a><\/p>\n<ul>\n<li>Caracteriza\u00e7\u00e3o qu\u00edmica, f\u00edsica e mec\u00e2nica de briquetes de duas variedades de bambu. Chemical, physical and mechanical characterization of briquettes from two bamboo varieties. Paula Martucheli AMARAL; F\u00e1bio Minoru YAMAJI; Pamela Beatriz Moreira de OLIVEIRA; Diego Aleixo da SILVA; Jos\u00e9 Mauro Santana da SILVA; Saulo Philipe Sebasti\u00e3o GUERRA<br \/>\n<a href=\"http:\/\/dx.doi.org\/10.4322\/rif.2015.006\">http:\/\/dx.doi.org\/10.4322\/rif.2015.006<\/a><\/li>\n<\/ul>\n<p style=\"text-align: right\"><a href=\"https:\/\/www.infraestruturameioambiente.sp.gov.br\/institutoflorestal\/wp-content\/uploads\/sites\/234\/2015\/06\/RIF27-1_73-81.pdf\"><strong>73-81<\/strong><\/a><\/p>\n<ul>\n<li>Orchidaceae no Parque Estadual da Cantareira e sua conserva\u00e7\u00e3o. Orchidaceae in the Cantareira State Park and its conservation. Luciano Ramos ZANDON\u00c1; Eduardo Lu\u00eds Martins CATHARINO<br \/>\n<a href=\"http:\/\/dx.doi.org\/10.4322\/rif.2015.007\">http:\/\/dx.doi.org\/10.4322\/rif.2015.007<\/a><\/li>\n<\/ul>\n<p style=\"text-align: right\"><a href=\"https:\/\/www.infraestruturameioambiente.sp.gov.br\/institutoflorestal\/wp-content\/uploads\/sites\/234\/2015\/06\/RIF27-1_83-101.pdf\"><strong>83-101<\/strong><\/a><\/p>\n<ul>\n<li>Quantifica\u00e7\u00e3o da biomassa em plantios de <em>Pinus elliottii<\/em> Engelm. em Clevel\u00e2ndia \u2013 PR. Measurement of biomass in plantations of<em> Pinus elliottii<\/em> Engelm. Gerson dos Santos LISBOA; Karina LANZARIN; David Fagner de Souza LIRA; Camila Mariah Magri PESCADOR; Luciano Farinha WATZLAWICK; Alvaro Felipe VAL\u00c9RIO<br \/>\n<a href=\"http:\/\/dx.doi.org\/10.4322\/rif.2015.008\">http:\/\/dx.doi.org\/10.4322\/rif.2015.008<\/a><\/li>\n<\/ul>\n<p style=\"text-align: right\"><a href=\"https:\/\/www.infraestruturameioambiente.sp.gov.br\/institutoflorestal\/wp-content\/uploads\/sites\/234\/2015\/06\/RIF27-1_103-115.pdf\"><strong>103-115<\/strong><\/a><\/p>\n","protected":false},"excerpt":{"rendered":"<p>REVISTA V. 27, N. 1- Jun. 2015 &#8211; Revista Completa (PDF) (XML) ARTIGOS CIENT\u00cdFICOS\/SCIENTIFIC ARTICLES Morfologia de frutos, sementes e pl\u00e2ntulas de Couroupita guianensis Aubl. (Lecythidaceae). Morphology of fruits, seeds and seedlings of Couroupita guianensis Aubl. (Lecythidaceae). Rejane Maria da SILVA; Rayane de Tasso Moreira RIBEIRO; Diogenes Jos\u00e9 Gusm\u00e3o COUTINHO; Suzene Iz\u00eddio da SILVA; Maria [&hellip;]<\/p>\n","protected":false},"author":46,"featured_media":0,"parent":2998,"menu_order":0,"comment_status":"closed","ping_status":"open","template":"","meta":[],"_links":{"self":[{"href":"https:\/\/www.infraestruturameioambiente.sp.gov.br\/institutoflorestal\/wp-json\/wp\/v2\/pages\/9721"}],"collection":[{"href":"https:\/\/www.infraestruturameioambiente.sp.gov.br\/institutoflorestal\/wp-json\/wp\/v2\/pages"}],"about":[{"href":"https:\/\/www.infraestruturameioambiente.sp.gov.br\/institutoflorestal\/wp-json\/wp\/v2\/types\/page"}],"author":[{"embeddable":true,"href":"https:\/\/www.infraestruturameioambiente.sp.gov.br\/institutoflorestal\/wp-json\/wp\/v2\/users\/46"}],"replies":[{"embeddable":true,"href":"https:\/\/www.infraestruturameioambiente.sp.gov.br\/institutoflorestal\/wp-json\/wp\/v2\/comments?post=9721"}],"version-history":[{"count":14,"href":"https:\/\/www.infraestruturameioambiente.sp.gov.br\/institutoflorestal\/wp-json\/wp\/v2\/pages\/9721\/revisions"}],"predecessor-version":[{"id":11357,"href":"https:\/\/www.infraestruturameioambiente.sp.gov.br\/institutoflorestal\/wp-json\/wp\/v2\/pages\/9721\/revisions\/11357"}],"up":[{"embeddable":true,"href":"https:\/\/www.infraestruturameioambiente.sp.gov.br\/institutoflorestal\/wp-json\/wp\/v2\/pages\/2998"}],"wp:attachment":[{"href":"https:\/\/www.infraestruturameioambiente.sp.gov.br\/institutoflorestal\/wp-json\/wp\/v2\/media?parent=9721"}],"curies":[{"name":"wp","href":"https:\/\/api.w.org\/{rel}","templated":true}]}}