{"id":9713,"date":"2015-06-16T10:39:53","date_gmt":"2015-06-16T13:39:53","guid":{"rendered":"https:\/\/www.infraestruturameioambiente.sp.gov.br\/institutoflorestal\/?page_id=9713"},"modified":"2015-06-16T15:16:39","modified_gmt":"2015-06-16T18:16:39","slug":"if-serie-registros-no-53","status":"publish","type":"page","link":"https:\/\/www.infraestruturameioambiente.sp.gov.br\/institutoflorestal\/publicacoes-if\/if-serie-registros\/if-serie-registros-no-53\/","title":{"rendered":"IF S\u00e9rie Registros n\u00ba 53"},"content":{"rendered":"<p><strong>S\u00c9RIE REGISTROS N. 53, jun. 2015: <a href=\"https:\/\/www.infraestruturameioambiente.sp.gov.br\/institutoflorestal\/wp-content\/uploads\/sites\/234\/2015\/06\/IFSR53.pdf\">Revista Completa<\/a><\/strong><\/p>\n<p><strong>\u00a0<\/strong><\/p>\n<ul>\n<li>A Vegeta\u00e7\u00e3o da Esta\u00e7\u00e3o Ecol\u00f3gica de Avar\u00e9: subs\u00eddios para o Plano de Manejo. Vegetation of Avar\u00e9 Ecological Station: support for the Management Plan. \u00a0Roque CIELO-FILHO; Jo\u00e3o Batista BAITELLO;\u00a0Frederico Alexandre Roccia Dal Pozzo ARZOLLA; Francisco Eduardo Silva Pinto VILELA;\u00a0Marina Mitsue KANASHIRO; Isabel Fernandes de Aguiar MATTOS;\u00a0Osny Tadeu de AGUIAR; Silvana Cristina Pereira Muniz de SOUZA; Jo\u00e3o Aur\u00e9lio PASTORE;\u00a0Geraldo Antonio Daher Corr\u00eaa FRANCO; L\u00e9o ZIMBACK<br \/>\n<a href=\"http:\/\/dx.doi.org\/10.4322\/ifsr.2015.001\">http:\/\/dx.doi.org\/10.4322\/ifsr.2015.001 <\/a><\/li>\n<\/ul>\n<p style=\"text-align: right\"><strong><\/strong><strong><\/strong><a href=\"https:\/\/www.infraestruturameioambiente.sp.gov.br\/institutoflorestal\/wp-content\/uploads\/sites\/234\/2015\/06\/IFSR53_5-42.pdf\"><strong>5-42<\/strong><\/a><\/p>\n","protected":false},"excerpt":{"rendered":"<p>S\u00c9RIE REGISTROS N. 53, jun. 2015: Revista Completa \u00a0 A Vegeta\u00e7\u00e3o da Esta\u00e7\u00e3o Ecol\u00f3gica de Avar\u00e9: subs\u00eddios para o Plano de Manejo. Vegetation of Avar\u00e9 Ecological Station: support for the Management Plan. \u00a0Roque CIELO-FILHO; Jo\u00e3o Batista BAITELLO;\u00a0Frederico Alexandre Roccia Dal Pozzo ARZOLLA; Francisco Eduardo Silva Pinto VILELA;\u00a0Marina Mitsue KANASHIRO; Isabel Fernandes de Aguiar MATTOS;\u00a0Osny Tadeu [&hellip;]<\/p>\n","protected":false},"author":46,"featured_media":0,"parent":2992,"menu_order":0,"comment_status":"closed","ping_status":"open","template":"","meta":[],"_links":{"self":[{"href":"https:\/\/www.infraestruturameioambiente.sp.gov.br\/institutoflorestal\/wp-json\/wp\/v2\/pages\/9713"}],"collection":[{"href":"https:\/\/www.infraestruturameioambiente.sp.gov.br\/institutoflorestal\/wp-json\/wp\/v2\/pages"}],"about":[{"href":"https:\/\/www.infraestruturameioambiente.sp.gov.br\/institutoflorestal\/wp-json\/wp\/v2\/types\/page"}],"author":[{"embeddable":true,"href":"https:\/\/www.infraestruturameioambiente.sp.gov.br\/institutoflorestal\/wp-json\/wp\/v2\/users\/46"}],"replies":[{"embeddable":true,"href":"https:\/\/www.infraestruturameioambiente.sp.gov.br\/institutoflorestal\/wp-json\/wp\/v2\/comments?post=9713"}],"version-history":[{"count":7,"href":"https:\/\/www.infraestruturameioambiente.sp.gov.br\/institutoflorestal\/wp-json\/wp\/v2\/pages\/9713\/revisions"}],"predecessor-version":[{"id":9740,"href":"https:\/\/www.infraestruturameioambiente.sp.gov.br\/institutoflorestal\/wp-json\/wp\/v2\/pages\/9713\/revisions\/9740"}],"up":[{"embeddable":true,"href":"https:\/\/www.infraestruturameioambiente.sp.gov.br\/institutoflorestal\/wp-json\/wp\/v2\/pages\/2992"}],"wp:attachment":[{"href":"https:\/\/www.infraestruturameioambiente.sp.gov.br\/institutoflorestal\/wp-json\/wp\/v2\/media?parent=9713"}],"curies":[{"name":"wp","href":"https:\/\/api.w.org\/{rel}","templated":true}]}}

IF Série Registros nº 53

<p><strong>SÉRIE REGISTROS N. 53, jun. 2015: <a href="https://www.infraestruturameioambiente.sp.gov.br/institutoflorestal/wp-content/uploads/sites/234/2015/06/IFSR53.pdf">Revista Completa</a></strong></p>
<p><strong> </strong></p>
<ul>
<li>A Vegetação da Estação Ecológica de Avaré: subsídios para o Plano de Manejo. Vegetation of Avaré Ecological Station: support for the Management Plan.  Roque CIELO-FILHO; João Batista BAITELLO; Frederico Alexandre Roccia Dal Pozzo ARZOLLA; Francisco Eduardo Silva Pinto VILELA; Marina Mitsue KANASHIRO; Isabel Fernandes de Aguiar MATTOS; Osny Tadeu de AGUIAR; Silvana Cristina Pereira Muniz de SOUZA; João Aurélio PASTORE; Geraldo Antonio Daher Corrêa FRANCO; Léo ZIMBACK<br />
<a href="http://dx.doi.org/10.4322/ifsr.2015.001">http://dx.doi.org/10.4322/ifsr.2015.001 </a></li>
</ul>
<p style="text-align: right"><strong></strong><strong></strong><a href="https://www.infraestruturameioambiente.sp.gov.br/institutoflorestal/wp-content/uploads/sites/234/2015/06/IFSR53_5-42.pdf"><strong>5-42</strong></a></p>

<p>SÉRIE REGISTROS N. 53, jun. 2015: Revista Completa   A Vegetação da Estação Ecológica de Avaré: subsídios para o Plano de Manejo. Vegetation of Avaré Ecological Station: support for the Management Plan.  Roque CIELO-FILHO; João Batista BAITELLO; Frederico Alexandre Roccia Dal Pozzo ARZOLLA; Francisco Eduardo Silva Pinto VILELA; Marina Mitsue KANASHIRO; Isabel Fernandes de Aguiar MATTOS; Osny Tadeu [&hellip;]</p>
