{"id":8695,"date":"2015-01-26T11:53:41","date_gmt":"2015-01-26T13:53:41","guid":{"rendered":"https:\/\/www.infraestruturameioambiente.sp.gov.br\/institutoflorestal\/?page_id=8695"},"modified":"2015-03-02T10:29:59","modified_gmt":"2015-03-02T13:29:59","slug":"sumario_n51","status":"publish","type":"page","link":"https:\/\/www.infraestruturameioambiente.sp.gov.br\/institutoflorestal\/publicacoes-if\/if-serie-registros\/sumario_n51\/","title":{"rendered":"IF S\u00e9rie Registros n\u00ba 51"},"content":{"rendered":"<p><strong>S\u00c9RIE REGISTROS N. 51, dez. 2014: <a href=\"https:\/\/www.infraestruturameioambiente.sp.gov.br\/institutoflorestal\/wp-content\/uploads\/sites\/234\/2015\/01\/IFSR51.pdf\">Revista Completa<\/a><\/strong><\/p>\n<p><strong>CONTE\u00daDO<\/strong><\/p>\n<ul>\n<li>A vegeta\u00e7\u00e3o da esta\u00e7\u00e3o ecol\u00f3gica de Xitu\u00e9, Ribeir\u00e3o Grande-SP: subs\u00eddios para o plano de manejo. The vegetation of Xitu\u00e9 ecological station, S\u00e3o Paulo state, brazil: support for its management plan. Flaviana Maluf SOUZA; Roque CIELO-FILHO; Nat\u00e1lia Macedo IVANAUSKAS; Geraldo Ant\u00f4nio Daher Corr\u00eaa FRANCO; Maria Teresa Zugliani TONIATO; Isabel Fernandes de Aguiar MATTOS; Marina Mitsue KANASHIRO; Osny Tadeu AGUIAR; Jo\u00e3o Batista BAITELLO<br \/>\n<a href=\"http:\/\/dx.doi.org\/10.4322\/ifsr.2014.001\">http:\/\/dx.doi.org\/10.4322\/ifsr.2014.001<\/a><\/li>\n<\/ul>\n<p style=\"text-align: right\"><strong><\/strong><strong><\/strong><a href=\"https:\/\/www.infraestruturameioambiente.sp.gov.br\/institutoflorestal\/wp-content\/uploads\/sites\/234\/2015\/01\/IFSR51_5-30.pdf\"><strong>5-30<\/strong><\/a><\/p>\n<ul>\n<li>Caracteriza\u00e7\u00e3o da vegeta\u00e7\u00e3o da fazenda remonta, coudelaria de Campinas, S\u00e3o Paulo. Characterization of the vegetation of remonta farm, Campinas harass, Sao Paulo state. Daniela Fessel BERTANI; Nat\u00e1lia Macedo IVANAUSKAS; Flaviana Maluf de SOUZA; Geraldo Ant\u00f4nio Daher Corr\u00eaa FRANCO; Isabel Fernandes de Aguiar MATTOS; Marina Mitsue KANASHIRO<br \/>\n<a href=\"http:\/\/dx.doi.org\/10.4322\/ifsr.2014.002\">http:\/\/dx.doi.org\/10.4322\/ifsr.2014.002<\/a><\/li>\n<\/ul>\n<p style=\"text-align: right\"><strong><\/strong><a href=\"https:\/\/www.infraestruturameioambiente.sp.gov.br\/institutoflorestal\/wp-content\/uploads\/sites\/234\/2015\/01\/IFSR51_31-43.pdf\"><strong>31-43<\/strong><\/a><\/p>\n<ul>\n<li>Caracteriza\u00e7\u00e3o da vegeta\u00e7\u00e3o e fl ora do parque natural municipal nascentes de Paranapiacaba, Santo Andr\u00e9-SP: subs\u00eddios para o plano de manejo. Characterization of the vegetation and flora of the \u2018nascentes de Paranapiacaba\u2019 municipal park, municipality of Santo Andre, Sao Paulo state: subsidies for the management plan. Bruno Almozara ARANHA<br \/>\n<a href=\"http:\/\/dx.doi.org\/10.4322\/ifsr.2014.003\">http:\/\/dx.doi.org\/10.4322\/ifsr.2014.003<\/a><\/li>\n<\/ul>\n<p style=\"text-align: right\"><strong><\/strong><a href=\"https:\/\/www.infraestruturameioambiente.sp.gov.br\/institutoflorestal\/wp-content\/uploads\/sites\/234\/2015\/01\/IFSR51_45-119.pdf\"><strong>45-119<\/strong><\/a><\/p>\n","protected":false},"excerpt":{"rendered":"<p>S\u00c9RIE REGISTROS N. 51, dez. 2014: Revista Completa CONTE\u00daDO A vegeta\u00e7\u00e3o da esta\u00e7\u00e3o ecol\u00f3gica de Xitu\u00e9, Ribeir\u00e3o Grande-SP: subs\u00eddios para o plano de manejo. The vegetation of Xitu\u00e9 ecological station, S\u00e3o Paulo state, brazil: support for its management plan. Flaviana Maluf SOUZA; Roque CIELO-FILHO; Nat\u00e1lia Macedo IVANAUSKAS; Geraldo Ant\u00f4nio Daher Corr\u00eaa FRANCO; Maria Teresa Zugliani [&hellip;]<\/p>\n","protected":false},"author":46,"featured_media":0,"parent":2992,"menu_order":0,"comment_status":"closed","ping_status":"open","template":"","meta":[],"_links":{"self":[{"href":"https:\/\/www.infraestruturameioambiente.sp.gov.br\/institutoflorestal\/wp-json\/wp\/v2\/pages\/8695"}],"collection":[{"href":"https:\/\/www.infraestruturameioambiente.sp.gov.br\/institutoflorestal\/wp-json\/wp\/v2\/pages"}],"about":[{"href":"https:\/\/www.infraestruturameioambiente.sp.gov.br\/institutoflorestal\/wp-json\/wp\/v2\/types\/page"}],"author":[{"embeddable":true,"href":"https:\/\/www.infraestruturameioambiente.sp.gov.br\/institutoflorestal\/wp-json\/wp\/v2\/users\/46"}],"replies":[{"embeddable":true,"href":"https:\/\/www.infraestruturameioambiente.sp.gov.br\/institutoflorestal\/wp-json\/wp\/v2\/comments?post=8695"}],"version-history":[{"count":9,"href":"https:\/\/www.infraestruturameioambiente.sp.gov.br\/institutoflorestal\/wp-json\/wp\/v2\/pages\/8695\/revisions"}],"predecessor-version":[{"id":8901,"href":"https:\/\/www.infraestruturameioambiente.sp.gov.br\/institutoflorestal\/wp-json\/wp\/v2\/pages\/8695\/revisions\/8901"}],"up":[{"embeddable":true,"href":"https:\/\/www.infraestruturameioambiente.sp.gov.br\/institutoflorestal\/wp-json\/wp\/v2\/pages\/2992"}],"wp:attachment":[{"href":"https:\/\/www.infraestruturameioambiente.sp.gov.br\/institutoflorestal\/wp-json\/wp\/v2\/media?parent=8695"}],"curies":[{"name":"wp","href":"https:\/\/api.w.org\/{rel}","templated":true}]}}

IF Série Registros nº 51

<p><strong>SÉRIE REGISTROS N. 51, dez. 2014: <a href="https://www.infraestruturameioambiente.sp.gov.br/institutoflorestal/wp-content/uploads/sites/234/2015/01/IFSR51.pdf">Revista Completa</a></strong></p>
<p><strong>CONTEÚDO</strong></p>
<ul>
<li>A vegetação da estação ecológica de Xitué, Ribeirão Grande-SP: subsídios para o plano de manejo. The vegetation of Xitué ecological station, São Paulo state, brazil: support for its management plan. Flaviana Maluf SOUZA; Roque CIELO-FILHO; Natália Macedo IVANAUSKAS; Geraldo Antônio Daher Corrêa FRANCO; Maria Teresa Zugliani TONIATO; Isabel Fernandes de Aguiar MATTOS; Marina Mitsue KANASHIRO; Osny Tadeu AGUIAR; João Batista BAITELLO<br />
<a href="http://dx.doi.org/10.4322/ifsr.2014.001">http://dx.doi.org/10.4322/ifsr.2014.001</a></li>
</ul>
<p style="text-align: right"><strong></strong><strong></strong><a href="https://www.infraestruturameioambiente.sp.gov.br/institutoflorestal/wp-content/uploads/sites/234/2015/01/IFSR51_5-30.pdf"><strong>5-30</strong></a></p>
<ul>
<li>Caracterização da vegetação da fazenda remonta, coudelaria de Campinas, São Paulo. Characterization of the vegetation of remonta farm, Campinas harass, Sao Paulo state. Daniela Fessel BERTANI; Natália Macedo IVANAUSKAS; Flaviana Maluf de SOUZA; Geraldo Antônio Daher Corrêa FRANCO; Isabel Fernandes de Aguiar MATTOS; Marina Mitsue KANASHIRO<br />
<a href="http://dx.doi.org/10.4322/ifsr.2014.002">http://dx.doi.org/10.4322/ifsr.2014.002</a></li>
</ul>
<p style="text-align: right"><strong></strong><a href="https://www.infraestruturameioambiente.sp.gov.br/institutoflorestal/wp-content/uploads/sites/234/2015/01/IFSR51_31-43.pdf"><strong>31-43</strong></a></p>
<ul>
<li>Caracterização da vegetação e fl ora do parque natural municipal nascentes de Paranapiacaba, Santo André-SP: subsídios para o plano de manejo. Characterization of the vegetation and flora of the ‘nascentes de Paranapiacaba’ municipal park, municipality of Santo Andre, Sao Paulo state: subsidies for the management plan. Bruno Almozara ARANHA<br />
<a href="http://dx.doi.org/10.4322/ifsr.2014.003">http://dx.doi.org/10.4322/ifsr.2014.003</a></li>
</ul>
<p style="text-align: right"><strong></strong><a href="https://www.infraestruturameioambiente.sp.gov.br/institutoflorestal/wp-content/uploads/sites/234/2015/01/IFSR51_45-119.pdf"><strong>45-119</strong></a></p>

<p>SÉRIE REGISTROS N. 51, dez. 2014: Revista Completa CONTEÚDO A vegetação da estação ecológica de Xitué, Ribeirão Grande-SP: subsídios para o plano de manejo. The vegetation of Xitué ecological station, São Paulo state, brazil: support for its management plan. Flaviana Maluf SOUZA; Roque CIELO-FILHO; Natália Macedo IVANAUSKAS; Geraldo Antônio Daher Corrêa FRANCO; Maria Teresa Zugliani [&hellip;]</p>
