{"id":8576,"date":"2014-11-26T09:41:20","date_gmt":"2014-11-26T11:41:20","guid":{"rendered":"https:\/\/www.infraestruturameioambiente.sp.gov.br\/institutoflorestal\/?page_id=8576"},"modified":"2020-07-30T23:04:21","modified_gmt":"2020-07-31T02:04:21","slug":"seminario-de-iniciacao-cientifica","status":"publish","type":"page","link":"https:\/\/www.infraestruturameioambiente.sp.gov.br\/institutoflorestal\/o-instituto\/estagios-e-bolsas\/seminario-de-iniciacao-cientifica\/","title":{"rendered":"Semin\u00e1rios de Inicia\u00e7\u00e3o Cient\u00edfica do IF"},"content":{"rendered":"<ul>\n<li><a href=\"https:\/\/www.infraestruturameioambiente.sp.gov.br\/institutoflorestal\/14o-seminario-de-iniciacao-cientifica-do-instituto-florestal-2020\/\">14\u00ba Semin\u00e1rio de Inicia\u00e7\u00e3o Cient\u00edfica do IF (2020)<\/a><\/li>\n<li><a href=\"https:\/\/www.infraestruturameioambiente.sp.gov.br\/institutoflorestal\/o-instituto\/estagios-e-bolsas\/seminario-de-iniciacao-cientifica\/13o-seminario-de-iniciacao-cientifica-do-instituto-florestal-2019\/\">13\u00ba Semin\u00e1rio de Inicia\u00e7\u00e3o Cient\u00edfica do IF (2019)<\/a><\/li>\n<li><a href=\"https:\/\/www.infraestruturameioambiente.sp.gov.br\/institutoflorestal\/o-instituto\/estagios-e-bolsas\/seminario-de-iniciacao-cientifica\/12o-seminario-de-iniciacao-cientifica-do-instituto-florestal-2018\/\">12\u00ba Semin\u00e1rio de Inicia\u00e7\u00e3o Cient\u00edfica do IF (2018)<\/a><\/li>\n<li><a href=\"https:\/\/www.infraestruturameioambiente.sp.gov.br\/institutoflorestal\/o-instituto\/estagios-e-bolsas\/seminario-de-iniciacao-cientifica\/11o-seminario-de-iniciacao-cientifica-do-instituto-florestal-2017\/\">11\u00ba Semin\u00e1rio de Inicia\u00e7\u00e3o Cient\u00edfica do IF (2017)<\/a><\/li>\n<li><a href=\"https:\/\/www.infraestruturameioambiente.sp.gov.br\/institutoflorestal\/o-instituto\/estagios-e-bolsas\/seminario-de-iniciacao-cientifica\/x-seminario-de-iniciacao-cientifica\/\">10\u00ba Semin\u00e1rio de Inicia\u00e7\u00e3o Cient\u00edfica do IF (2016)<\/a><\/li>\n<li><a href=\"https:\/\/www.infraestruturameioambiente.sp.gov.br\/institutoflorestal\/institutoflorestal\/?p=10454\">9\u00ba Semin\u00e1rio de Inicia\u00e7\u00e3o Cient\u00edfica do IF (2015)<\/a><\/li>\n<li><a href=\"https:\/\/www.infraestruturameioambiente.sp.gov.br\/institutoflorestal\/institutoflorestal\/?p=10496\">8\u00ba Semin\u00e1rio de Inicia\u00e7\u00e3o Cient\u00edfica do IF (2014)<\/a><\/li>\n<li><a href=\"https:\/\/www.infraestruturameioambiente.sp.gov.br\/institutoflorestal\/institutoflorestal\/?p=10514\">7\u00ba Semin\u00e1rio de Inicia\u00e7\u00e3o Cient\u00edfica do IF (2013)<\/a><\/li>\n<li><a href=\"https:\/\/www.infraestruturameioambiente.sp.gov.br\/institutoflorestal\/institutoflorestal\/?p=10574\">6\u00ba Semin\u00e1rio de Inicia\u00e7\u00e3o Cient\u00edfica do IF (2012)<\/a><\/li>\n<li><a href=\"https:\/\/www.infraestruturameioambiente.sp.gov.br\/institutoflorestal\/institutoflorestal\/?p=10590\">5\u00ba Semin\u00e1rio de Inicia\u00e7\u00e3o Cient\u00edfica do IF (2011)<\/a><\/li>\n<li><a href=\"http:\/\/www.iflorestal.sp.gov.br\/RIF\/SerieRegistros\/IFSR42\/IFSR42.pdf\" target=\"_blank\" rel=\"noopener noreferrer\">4\u00ba Semin\u00e1rio de Inicia\u00e7\u00e3o Cient\u00edfica do IF (2010)<\/a><\/li>\n<li><a href=\"http:\/\/www.iflorestal.sp.gov.br\/RIF\/SerieRegistros\/IFSR40\/IFSR40.pdf\" target=\"_blank\" rel=\"noopener noreferrer\">3\u00ba Semin\u00e1rio de Inicia\u00e7\u00e3o Cient\u00edfica do IF (2009)<\/a><\/li>\n<li><a href=\"http:\/\/www.iflorestal.sp.gov.br\/RIF\/SerieRegistros\/IFSR36\/IFSR36.pdf\" target=\"_blank\" rel=\"noopener noreferrer\">2\u00ba Semin\u00e1rio de Inicia\u00e7\u00e3o Cient\u00edfica do IF (2008)<\/a><\/li>\n<li><a href=\"http:\/\/www.iflorestal.sp.gov.br\/RIF\/SerieRegistros\/IFSR31\/IFSR31.pdf\" target=\"_blank\" rel=\"noopener noreferrer\">1\u00ba Semin\u00e1rio de Inicia\u00e7\u00e3o Cient\u00edfica do IF (2007)<\/a><\/li>\n<\/ul>\n","protected":false},"excerpt":{"rendered":"<p>14\u00ba Semin\u00e1rio de Inicia\u00e7\u00e3o Cient\u00edfica do IF (2020) 13\u00ba Semin\u00e1rio de Inicia\u00e7\u00e3o Cient\u00edfica do IF (2019) 12\u00ba Semin\u00e1rio de Inicia\u00e7\u00e3o Cient\u00edfica do IF (2018) 11\u00ba Semin\u00e1rio de Inicia\u00e7\u00e3o Cient\u00edfica do IF (2017) 10\u00ba Semin\u00e1rio de Inicia\u00e7\u00e3o Cient\u00edfica do IF (2016) 9\u00ba Semin\u00e1rio de Inicia\u00e7\u00e3o Cient\u00edfica do IF (2015) 8\u00ba Semin\u00e1rio de Inicia\u00e7\u00e3o Cient\u00edfica do IF [&hellip;]<\/p>\n","protected":false},"author":102,"featured_media":0,"parent":1730,"menu_order":0,"comment_status":"closed","ping_status":"open","template":"","meta":[],"_links":{"self":[{"href":"https:\/\/www.infraestruturameioambiente.sp.gov.br\/institutoflorestal\/wp-json\/wp\/v2\/pages\/8576"}],"collection":[{"href":"https:\/\/www.infraestruturameioambiente.sp.gov.br\/institutoflorestal\/wp-json\/wp\/v2\/pages"}],"about":[{"href":"https:\/\/www.infraestruturameioambiente.sp.gov.br\/institutoflorestal\/wp-json\/wp\/v2\/types\/page"}],"author":[{"embeddable":true,"href":"https:\/\/www.infraestruturameioambiente.sp.gov.br\/institutoflorestal\/wp-json\/wp\/v2\/users\/102"}],"replies":[{"embeddable":true,"href":"https:\/\/www.infraestruturameioambiente.sp.gov.br\/institutoflorestal\/wp-json\/wp\/v2\/comments?post=8576"}],"version-history":[{"count":29,"href":"https:\/\/www.infraestruturameioambiente.sp.gov.br\/institutoflorestal\/wp-json\/wp\/v2\/pages\/8576\/revisions"}],"predecessor-version":[{"id":19598,"href":"https:\/\/www.infraestruturameioambiente.sp.gov.br\/institutoflorestal\/wp-json\/wp\/v2\/pages\/8576\/revisions\/19598"}],"up":[{"embeddable":true,"href":"https:\/\/www.infraestruturameioambiente.sp.gov.br\/institutoflorestal\/wp-json\/wp\/v2\/pages\/1730"}],"wp:attachment":[{"href":"https:\/\/www.infraestruturameioambiente.sp.gov.br\/institutoflorestal\/wp-json\/wp\/v2\/media?parent=8576"}],"curies":[{"name":"wp","href":"https:\/\/api.w.org\/{rel}","templated":true}]}}