{"id":8040,"date":"2014-08-20T16:36:23","date_gmt":"2014-08-20T19:36:23","guid":{"rendered":"https:\/\/www.infraestruturameioambiente.sp.gov.br\/institutoflorestal\/?page_id=8040"},"modified":"2015-10-14T11:00:08","modified_gmt":"2015-10-14T14:00:08","slug":"seminario-2014","status":"publish","type":"page","link":"https:\/\/www.infraestruturameioambiente.sp.gov.br\/institutoflorestal\/o-instituto\/estagios-e-bolsas\/ic-pibic\/seminario-2014\/","title":{"rendered":"Semin\u00e1rio 2014"},"content":{"rendered":"<p><a style=\"line-height: 1.5em\" href=\"https:\/\/www.infraestruturameioambiente.sp.gov.br\/institutoflorestal\/wp-content\/uploads\/sites\/234\/2015\/10\/VIII_Seminario_2014.rar\">Download dos Anais<\/a><\/p>\n<p><strong>Resumos dos trabalhos<\/strong><\/p>\n<h3 style=\"text-align: center\"><strong>\u00a0 \u00a0 \u00a0 \u00a0 \u00a0 \u00a0 \u00a0 \u00a0 \u00a0<\/strong><\/h3>\n<h3 style=\"text-align: center\"><strong>CI\u00caNCIAS AGR\u00c1RIAS<\/strong><\/h3>\n<ul>\n<li>\n<div>\n<div>AN\u00c1LISE DO TEOR DE LIP\u00cdDIOS EM AM\u00caNDOAS DE UMA POPULA\u00c7\u00c3O NATURAL DE <i>Dipteryx Alata Vogel <\/i>VISANDO PROGRAMAS DE CONSERVA\u00c7\u00c3O E MELHORAMENTO GEN\u00c9TICO. <strong>CAMBUIM, Aldo Renan Gomes<\/strong><\/div>\n<\/div>\n<\/li>\n<\/ul>\n<p style=\"text-align: right\"><strong><\/strong><strong><\/strong><strong><a href=\"https:\/\/www.infraestruturameioambiente.sp.gov.br\/institutoflorestal\/wp-content\/uploads\/sites\/234\/2014\/08\/Aldo-Renan-Gomes-CAMBUIM_Resumo.pdf\" target=\"_blank\">abrir<\/a><\/strong><\/p>\n<ul>\n<li>\n<div>ELABORA\u00c7\u00c3O DE UM ROTEIRO INTERPRETATIVO PARA TRILHA DE CICLISTAS DE MONTANHA PROPOSTA PARA A \u00c1REA DE USO P\u00daBLICO DA FLORESTA ESTADUAL EDMUNDO NAVARRO DE ANDRADE. <strong>LE\u00c3O, Leandro Paulo<\/strong><\/div>\n<\/li>\n<\/ul>\n<p style=\"text-align: right\"><strong><\/strong><strong><a href=\"https:\/\/www.infraestruturameioambiente.sp.gov.br\/institutoflorestal\/wp-content\/uploads\/sites\/234\/2014\/08\/Leandro-Paulo-LE\u00c3O_Resumo.pdf\">abrir<\/a><\/strong><strong><a href=\"https:\/\/www.infraestruturameioambiente.sp.gov.br\/institutoflorestal\/wp-content\/uploads\/sites\/234\/2013\/08\/Vanessa_Zaffani_SANTANA.pdf\"><strong>\u00a0<\/strong><\/a><\/strong><\/p>\n<h3 style=\"text-align: center\"><strong>CI\u00caNCIAS BIOL\u00d3GICAS<\/strong><\/h3>\n<ul>\n<li>\n<div>A CRIA\u00c7\u00c3O E INSTITUCIONALIZA\u00c7\u00c3O DA RESERVA DA BIOSFERA DO CINTUR\u00c3O VERDE E SUA CORRELA\u00c7\u00c3O COM O DESENVOLVIMENTO DO CONHECIMENTO CIENT\u00cdFICO SOBRE SERVI\u00c7OS ECOSSIST\u00caMICOS. \u00a0<strong>PAZZINI, Luiza<\/strong><\/div>\n<\/li>\n<\/ul>\n<p style=\"text-align: right\"><strong><\/strong><strong><\/strong><strong><a href=\"https:\/\/www.infraestruturameioambiente.sp.gov.br\/institutoflorestal\/wp-content\/uploads\/sites\/234\/2014\/08\/Luiza-PAZZINI_Resumo.pdf\" target=\"_blank\">abrir<\/a><\/strong><\/p>\n<ul>\n<li>\n<div>\n<div>ALCANCE TERRITORIAL DO SISTEMA DE GEST\u00c3O DA RESERVA DA BIOSFERA DO CINTUR\u00c3O VERDE DA CIDADE DE S\u00c3O PAULO. <strong>ALVES, Fernanda Moreira Soares<\/strong><\/div>\n<\/div>\n<\/li>\n<\/ul>\n<p style=\"text-align: right\"><strong><\/strong><strong><a href=\"https:\/\/www.infraestruturameioambiente.sp.gov.br\/institutoflorestal\/wp-content\/uploads\/sites\/234\/2014\/08\/Fernanda-Moreira-Soares-ALVES2_Resumo.pdf\">abrir<\/a><\/strong><\/p>\n<ul>\n<li>\n<div>A CONSTRU\u00c7\u00c3O DE PLANOS DE A\u00c7\u00c3O COMO FERRAMENTA DE GEST\u00c3O DA RESERVA DA BIOSFERA DO CINTUR\u00c3O VERDE DA CIDADE DE S\u00c3O PAULO NO PER\u00cdODO DE 1994 A 2016. <strong>AGRIPINO, Felipe \u00a0da Silva<\/strong><\/div>\n<\/li>\n<\/ul>\n<p style=\"text-align: right\"><strong><\/strong><strong><a href=\"https:\/\/www.infraestruturameioambiente.sp.gov.br\/institutoflorestal\/wp-content\/uploads\/sites\/234\/2014\/08\/Felipe-da-Silva-AGRIPINO_Resumo.pdf\">abrir<\/a><\/strong><\/p>\n<ul>\n<li>\n<div>AVALIA\u00c7\u00c3O DO DESENVOLVIMENTO FLOR\u00cdSTICO DE DUAS \u00c1REAS DE RESTAURA\u00c7\u00c3O FLORESTAL NO N\u00daCLEO CAPELINHA &#8211; PARQUE ESTADUAL DO RIO TURVO. <strong>LEITE, Gilvani Scatolin.<\/strong><\/div>\n<\/li>\n<\/ul>\n<p style=\"text-align: right\"><strong><\/strong><strong><a href=\"https:\/\/www.infraestruturameioambiente.sp.gov.br\/institutoflorestal\/wp-content\/uploads\/sites\/234\/2014\/08\/Gilvani-Scatolin-LEITE_Resumo.pdf\">abrir<\/a><\/strong><\/p>\n<ul>\n<li>\n<div>AUDI\u00caNCIAS P\u00daBLICAS PARA CRIA\u00c7\u00c3O DE UNIDADES DE CONSERVA\u00c7\u00c3O &#8211; AVALIA\u00c7\u00c3O DO PROCESSO DE PARTICIPA\u00c7\u00c3O SOCIAL. <strong>ALVES, Fernanda Moreira Soares<\/strong><\/div>\n<\/li>\n<\/ul>\n<p style=\"text-align: right\"><strong><\/strong><strong><a href=\"https:\/\/www.infraestruturameioambiente.sp.gov.br\/institutoflorestal\/wp-content\/uploads\/sites\/234\/2014\/08\/Fernanda-Moreira-Soares-ALVES_Resumo.pdf\">abrir<\/a><\/strong><\/p>\n<ul>\n<li>\n<div>BIOLOGIA REPRODUTIVA DE <i>Cypseloides fumigatus <\/i>(AVES: APODIDAE) NO PARQUE ESTADUAL INTERVALES, RIBEIR\u00c3O GRANDE, SP. <strong>BIANCALANA, Renata Alves<\/strong><\/div>\n<\/li>\n<\/ul>\n<p style=\"text-align: right\">\u00a0<strong><a href=\"https:\/\/www.infraestruturameioambiente.sp.gov.br\/institutoflorestal\/wp-content\/uploads\/sites\/234\/2014\/08\/Renata-Neves-BIANCALANA_Resumo.pdf\">abrir<\/a><\/strong><\/p>\n<ul>\n<li>\n<div>CONDUTIVIDADE HIDR\u00c1ULICA DO LENHO DE ESP\u00c9CIES PIONEIRAS\/SECUND\u00c1RIAS INICIAIS E N\u00c3O PIONEIRAS. <strong>GAL\u00c3O, Ana Tereza Dur\u00e3o<\/strong><\/div>\n<\/li>\n<\/ul>\n<p style=\"text-align: right\"><strong><\/strong><strong><a href=\"https:\/\/www.infraestruturameioambiente.sp.gov.br\/institutoflorestal\/wp-content\/uploads\/sites\/234\/2014\/08\/Ana-Tereza-Dur\u00e3o-GAL\u00c3O_Resumo.pdf\">abrir<\/a><\/strong><\/p>\n<ul>\n<li>\n<div>CONDUTIVIDADE HIDR\u00c1ULICA ESTIMADA EM DEZ ESP\u00c9CIES BRASILEIRAS. <strong>OLIVEIRA, Larissa Aparecida Ferrari<\/strong><\/div>\n<\/li>\n<\/ul>\n<p style=\"text-align: right\"><strong><\/strong><strong><a href=\"https:\/\/www.infraestruturameioambiente.sp.gov.br\/institutoflorestal\/wp-content\/uploads\/sites\/234\/2014\/08\/Larissa-Aparecida-Ferrari-OLIVEIRA01_Resumo.pdf\">abrir<\/a><\/strong><\/p>\n<ul>\n<li>\n<div>DESENVOLVIMENTO DE CURSO DE FORMA\u00c7\u00c3O DE PROFESSORES EM EDUCA\u00c7\u00c3O AMBIENTAL NA ESTA\u00c7\u00c3O EXPERIMENTAL DE TUPI. <strong>MARQUES, Pedro Lemos<\/strong><\/div>\n<\/li>\n<\/ul>\n<p style=\"text-align: right\"><strong><\/strong><strong><a href=\"https:\/\/www.infraestruturameioambiente.sp.gov.br\/institutoflorestal\/wp-content\/uploads\/sites\/234\/2014\/08\/Pedro-Lemos-MARQUES_Resumo.pdf\">abrir<\/a><\/strong><\/p>\n<ul>\n<li>\n<div>DIMENS\u00d5ES DAS FIBRAS E DENSIDADE DA MADEIRA DE <i>MYRACRODRUON URUNDEUVA <\/i>EM DOIS SISTEMAS DE PLANTIO. <strong>OLIVEIRA, Larissa Aparecida Ferrari<\/strong><\/div>\n<\/li>\n<\/ul>\n<p style=\"text-align: right\">\u00a0<strong><a href=\"https:\/\/www.infraestruturameioambiente.sp.gov.br\/institutoflorestal\/wp-content\/uploads\/sites\/234\/2014\/08\/Larissa-Aparecida-Ferrari-OLIVEIRA02_Resumo.pdf\">abrir<\/a><\/strong><\/p>\n<ul>\n<li>\n<div>EFEITO DE DIFERENTES T\u00c9CNICAS DE MANEJO NA REGENERA\u00c7\u00c3O DO ESTRATO HERB\u00c1CEO DO CERRADO EM \u00c1REAS DE ANTIGOS PLANTIOS DE PINUS. <strong>ZANZARINI, Vagner Augusto<\/strong><\/div>\n<\/li>\n<\/ul>\n<p style=\"text-align: right\"><strong><\/strong><strong><a href=\"https:\/\/www.infraestruturameioambiente.sp.gov.br\/institutoflorestal\/wp-content\/uploads\/sites\/234\/2014\/08\/Vagner-Augusto-ZANZARINI_Resumo.pdf\">abrir<\/a><\/strong><\/p>\n<ul>\n<li>\n<div>EFEITO DE TRATAMENTOS PR\u00c9-GERMINATIVOS NA GERMINA\u00c7\u00c3O DE SEMENTES DE <i>Pteroyne nitens <\/i>TULL (AMENDOIM-BRAVO), SOB DIFERENTES TEMPERATURAS. <strong>FERNANDES, Pedro Frederico Crist\u00f3faro Duarte<\/strong><\/div>\n<\/li>\n<\/ul>\n<p style=\"text-align: right\"><strong><\/strong><strong><a href=\"https:\/\/www.infraestruturameioambiente.sp.gov.br\/institutoflorestal\/wp-content\/uploads\/sites\/234\/2014\/08\/Pedro-Frederico-Crist\u00f3faro-Duarte-FERNANDES_Resumo.pdf\">abrir<\/a><\/strong><\/p>\n<ul>\n<li>\n<div>VIABILIDADE DE IMPLANTA\u00c7\u00c3O DE TRILHA AUTOGUIADA NA FLORESTA ESTADUAL DE BEBEDOURO, ESTADO DE S\u00c3O PAULO. <strong>CERIELLO, Hellen<\/strong><\/div>\n<\/li>\n<\/ul>\n<p style=\"text-align: right\"><strong><a href=\"https:\/\/www.infraestruturameioambiente.sp.gov.br\/institutoflorestal\/wp-content\/uploads\/sites\/234\/2014\/08\/Hellen-CERIELLO_Resumo.pdf\">abrir<\/a><\/strong><\/p>\n<ul>\n<li>\n<div>ESTRUTURA POPULACIONAL DA ESP\u00c9CIE EX\u00d3TICA INVASORA <i>PITTOSPORUM UNDULATUM <\/i>VENT. (PITTOSPORACEAE), NO PARQUE ESTADUAL ALBERTO L\u04e6FGREN, S\u00c3O PAULO \u2013 SP. <strong>ZURETTI, Camila Fernandes\u00a0<\/strong><\/div>\n<\/li>\n<\/ul>\n<p style=\"text-align: right\">\u00a0<strong><a href=\"https:\/\/www.infraestruturameioambiente.sp.gov.br\/institutoflorestal\/wp-content\/uploads\/sites\/234\/2014\/08\/Camila-Fernandes-Zuretti_Resumo.pdf\">abrir<\/a><\/strong><\/p>\n<ul>\n<li>\n<div>FLORA ARB\u00d3REA DA REGI\u00c3O DE DELFIM MOREIRA &#8211; MG, NA SERRA DA MANTIQUEIRA MERIDIONAL. <strong>CORNIA, Maria Gabriela Kiss<\/strong><\/div>\n<\/li>\n<\/ul>\n<p style=\"text-align: right\"><strong><\/strong><strong><a href=\"https:\/\/www.infraestruturameioambiente.sp.gov.br\/institutoflorestal\/wp-content\/uploads\/sites\/234\/2014\/08\/Maria-Gabriela-Kiss-CORNIA_Resumo.pdf\">abrir<\/a><\/strong><\/p>\n<ul>\n<li>\n<div>FOMENTO \u00c0 CRIA\u00c7\u00c3O DE UNIDADES DE CONSERVA\u00c7\u00c3O MUNICIPAIS NA \u00c1REA DA RESERVA DA BIOSFERA DO CINTUR\u00c3O VERDE DA CIDADE DE S\u00c3O PAULO E SEU POTENCIAL DE CONTRIBUI\u00c7\u00c3O PARA O CUMPRIMENTO DAS METAS INTERNACIONAIS DE CONSERVA\u00c7\u00c3O DA BIODIVERSIDADE. <strong>PAZZINI, Luiza<\/strong><\/div>\n<\/li>\n<\/ul>\n<p style=\"text-align: right\"><strong><\/strong><strong><a href=\"https:\/\/www.infraestruturameioambiente.sp.gov.br\/institutoflorestal\/wp-content\/uploads\/sites\/234\/2014\/08\/Luiza-PAZZINI02_Resumo.pdf\">abrir<\/a><\/strong><\/p>\n<ul>\n<li>\n<div>INVENT\u00c1RIO DOS INDIV\u00cdDUOS DE <i>Livistona chinensis <\/i>(Jack.) R.Br. ex. Mart. NA MICROBACIA DO C\u00d3RREGO DO VIVEIRO NO PARQUE ESTADUAL ALBERTO L\u00d6EFGREN, S\u00c3O PAULO-SP. <strong>SANTANA, Davis Alves<\/strong><\/div>\n<\/li>\n<\/ul>\n<p style=\"text-align: right\"><strong><\/strong><strong><a href=\"https:\/\/www.infraestruturameioambiente.sp.gov.br\/institutoflorestal\/wp-content\/uploads\/sites\/234\/2014\/08\/Davis-Alves-SANTANA_Resumo.pdf\">abrir<\/a><\/strong><\/p>\n<ul>\n<li>\n<div>PORCENTAGEM DA \u00c1REA DE VASOS AO LONGO DOS AN\u00c9IS DE CRESCIMENTO DE ANNONA CRASSIFLORA. <strong>FERREIRA, Wellington Moreira<\/strong><\/div>\n<\/li>\n<\/ul>\n<p style=\"text-align: right\">\u00a0<strong><a href=\"https:\/\/www.infraestruturameioambiente.sp.gov.br\/institutoflorestal\/wp-content\/uploads\/sites\/234\/2014\/08\/Wellington-Moreira-FERREIRA_Resumo.pdf\">abrir<\/a><\/strong><\/p>\n<ul>\n<li>\n<div>SUCESS\u00c3O SECUND\u00c1RIA E A ESTRUTURA DA FLORESTA OMBR\u00d3FILA DENSA MONTANA NA SERRA DA CANTAREIRA, S\u00c3O PAULO- SP. <strong>AQUINO, Larissa Ferreira<\/strong><\/div>\n<\/li>\n<\/ul>\n<p style=\"text-align: right\"><strong><\/strong><strong><a href=\"https:\/\/www.infraestruturameioambiente.sp.gov.br\/institutoflorestal\/wp-content\/uploads\/sites\/234\/2014\/08\/Larissa-Ferreira-de-AQUINO_Resumo.pdf\">abrir<\/a><\/strong><\/p>\n<ul>\n<li>\n<div>TRATAMENTOS PR\u00c9-GERMINATIVOS EM SEMENTES DE <i>SAPINDUS SAPONARIA<\/i>. <strong>STECCA, Renata Salaro<\/strong><\/div>\n<\/li>\n<\/ul>\n<p style=\"text-align: right\"><strong><\/strong><strong><a href=\"https:\/\/www.infraestruturameioambiente.sp.gov.br\/institutoflorestal\/wp-content\/uploads\/sites\/234\/2014\/08\/Renata-Salaro-STECCA_Resumo.pdf\">abrir<\/a><\/strong><\/p>\n<ul>\n<li>\n<div>VARIA\u00c7\u00c3O LONGITUDINAL DA DENSIDADE B\u00c1SICA E COMPRIMENTO DE FIBRA DA MADEIRA <i>Anadenanthera macrocarpa <\/i>(Benth.). <strong>SILVA, Amanda da Costa<\/strong><\/div>\n<\/li>\n<\/ul>\n<p style=\"text-align: right\">\u00a0<strong><a href=\"https:\/\/www.infraestruturameioambiente.sp.gov.br\/institutoflorestal\/wp-content\/uploads\/sites\/234\/2014\/08\/Amanda-da-Costa-Silva_Resumo.pdf\">abrir<\/a><\/strong><\/p>\n<p style=\"text-align: center\"><strong>CI\u00caNCIAS EXATAS E DA TERRA<\/strong><\/p>\n<ul>\n<li>\n<div>AVALIA\u00c7\u00c3O DA EFETIVIDADE DA ZONA DE AMORTECIMENTO DO PARQUE ESTADUAL ALBERTO L\u00d6FGREN. <strong>RUEDA, Renata de Freitas<\/strong><\/div>\n<\/li>\n<\/ul>\n<p style=\"text-align: right\"><strong><\/strong><strong><a href=\"https:\/\/www.infraestruturameioambiente.sp.gov.br\/institutoflorestal\/wp-content\/uploads\/sites\/234\/2014\/08\/Renata-de-Freitas-RUEDA_Resumo.pdf\">abrir<\/a><\/strong><\/p>\n<ul>\n<li>\n<div>CARACTERIZA\u00c7\u00c3O DO MEIO F\u00cdSICO DA FLORESTA DE CAJURU: SOLOS. <strong>CANHADAS, C\u00e9sar<\/strong><\/div>\n<\/li>\n<\/ul>\n<p style=\"text-align: right\">\u00a0<strong><a href=\"https:\/\/www.infraestruturameioambiente.sp.gov.br\/institutoflorestal\/wp-content\/uploads\/sites\/234\/2014\/08\/C\u00e9sar-CANHADAS_Resumo.pdf\">abrir<\/a><\/strong><\/p>\n<ul>\n<li>CARACTERIZA\u00c7\u00c3O E MAPEAMENTO DO MEIO F\u00cdSICO PARA CRIA\u00c7\u00c3O DE UMA UNIDADE DE CONSERVA\u00c7\u00c3O ENTRE TAPIRA\u00cd E PILAR DO SUL &#8211; S\u00c3O PAULO. <strong>SILVA, Tatiane Bernardino de Seixas Carvalho<\/strong><\/li>\n<\/ul>\n<p style=\"text-align: right\"><strong><\/strong><strong><a href=\"https:\/\/www.infraestruturameioambiente.sp.gov.br\/institutoflorestal\/wp-content\/uploads\/sites\/234\/2014\/08\/Tatiane-Bernardino-de-Seixas-Carvalho-da-SILVA_Resumo.pdf\">abrir<\/a><\/strong><\/p>\n<ul>\n<li>CONTRIBUI\u00c7\u00d5ES DO ENFOQUE ECOSSIST\u00caMICO PARA O PLANEJAMENTO E O ORDENAMENTO TERRITORIAL MUNICIPAL. <strong>LOPES, Rosangela Soares<\/strong><\/li>\n<\/ul>\n<p style=\"text-align: right\">\u00a0<strong><a href=\"https:\/\/www.infraestruturameioambiente.sp.gov.br\/institutoflorestal\/wp-content\/uploads\/sites\/234\/2014\/08\/Rosangela-Soares-LOPES_Resumo.pdf\">abrir<\/a><\/strong><\/p>\n<ul>\n<li>MAPEAMENTO DOS SOLOS COMO SUBS\u00cdDIO PARA CRIA\u00c7\u00c3O DE UNIDADE DE CONSERVA\u00c7\u00c3O EM CAMPOS NOVOS PAULISTA &#8211; SP. <strong>MARTINS, Igor<\/strong><\/li>\n<\/ul>\n<p style=\"text-align: right\"><strong><\/strong><strong><a href=\"https:\/\/www.infraestruturameioambiente.sp.gov.br\/institutoflorestal\/wp-content\/uploads\/sites\/234\/2014\/08\/Igor-MARTINS_Resumo.pdf\">abrir<\/a><\/strong><\/p>\n<ul>\n<li>REPARTI\u00c7\u00c3O DA \u00c1GUA DE CHUVA EM PLANTIOS DE <em>Eucalyptus E Pinus<\/em> EM LIS\u00cdMETROS PLANOS NO LABORAT\u00d3RIO DE HIDROLOGIA FLORESTAL WALTER EMMERICH, CUNHA, SP. <strong>IKARI, Cesar Augusto Takayuky<\/strong><\/li>\n<\/ul>\n<p style=\"text-align: right\">\u00a0<strong><a href=\"https:\/\/www.infraestruturameioambiente.sp.gov.br\/institutoflorestal\/wp-content\/uploads\/sites\/234\/2014\/08\/Cesar-Augusto-Takayuki-IKARI_Resumo.pdf\">abrir<\/a><\/strong><\/p>\n<ul>\n<li>SENSIBILIDADE GEOAMBIENTAL DA ESTA\u00c7\u00c3O ECOL\u00d3GICA DE MAR\u00cdLIA. <strong>SANTOS,\u00a0Lucas Gonzaga<\/strong><\/li>\n<\/ul>\n<p style=\"text-align: right\"><strong><\/strong><strong><a href=\"https:\/\/www.infraestruturameioambiente.sp.gov.br\/institutoflorestal\/wp-content\/uploads\/sites\/234\/2014\/08\/Lucas-Gonzaga-SANTOS_Resumo.pdf\">abrir<\/a><\/strong><\/p>\n<ul>\n<li>VALORA\u00c7\u00c3O AMBIENTAL E COBRAN\u00c7A PELO USO DOS RECURSOS H\u00cdDRICOS: ESTRAT\u00c9GIAS PARA A GEST\u00c3O TERRITORIAL DA BACIA HIDROGR\u00c1FICA. <strong>SILVA, Naiara Machado<\/strong><\/li>\n<\/ul>\n<p style=\"text-align: right\">\u00a0<strong><a href=\"https:\/\/www.infraestruturameioambiente.sp.gov.br\/institutoflorestal\/wp-content\/uploads\/sites\/234\/2014\/08\/Naiara-Machado-SILVA_Resumo.pdf\">abrir<\/a><\/strong><\/p>\n<p style=\"text-align: center\"><strong>CI\u00caNCIAS HUMANAS<\/strong><\/p>\n<ul>\n<li>\n<div>AMBIENTE VIRTUAL DE APRENDIZAGEM COMO APOIO \u00c0 CONSTRU\u00c7\u00c3O DO CONHECIMENTO. <strong>MENOCCI, Aram Sperduti<\/strong><\/div>\n<\/li>\n<\/ul>\n<p style=\"text-align: right\"><strong><\/strong><strong><a href=\"https:\/\/www.infraestruturameioambiente.sp.gov.br\/institutoflorestal\/wp-content\/uploads\/sites\/234\/2014\/08\/Aram-Sperduti-MENOCCI01_Resumo.pdf\">abrir<\/a><\/strong><\/p>\n<ul>\n<li>\n<div>A REGULAMENTA\u00c7\u00c3O DO PAGAMENTO POR SERVI\u00c7OS AMBIENTAIS NO SISTEMA AMBIENTAL DO ESTADO DE S\u00c3O PAULO \u2013 BRASIL. <strong>SATO, Milena Wada<\/strong><\/div>\n<\/li>\n<\/ul>\n<p style=\"text-align: right\"><strong><\/strong><strong><a href=\"https:\/\/www.infraestruturameioambiente.sp.gov.br\/institutoflorestal\/wp-content\/uploads\/sites\/234\/2014\/08\/Mylena-Wada-SATO_Resumo.pdf\">abrir<\/a><\/strong><\/p>\n<ul>\n<li>\n<div>DA ACADEMIA PARA A SOCIEDADE: AVALIA\u00c7\u00c3O DA TRANSFER\u00caNCIA DE CONHECIMENTOS SOBRE SERVI\u00c7OS ECOSSIST\u00caMICOS. <strong>PANEQUE, Leticia Nunes<\/strong><\/div>\n<\/li>\n<\/ul>\n<p style=\"text-align: right\"><strong><\/strong><strong><a href=\"https:\/\/www.infraestruturameioambiente.sp.gov.br\/institutoflorestal\/wp-content\/uploads\/sites\/234\/2014\/08\/Leticia-Nunes-PANEQUE_Resumo.pdf\">abrir<\/a><\/strong><\/p>\n<ul>\n<li>\n<div>DESENVOLVIMENTO DE UM SISTEMA PARA CATALOGA\u00c7\u00c3O ELETR\u00d4NICA DO ACERVO DO MUSEU FLORESTAL OCT\u00c1VIO VECCHI. <strong>MENOCCI, Aram Sperduti<\/strong><\/div>\n<\/li>\n<\/ul>\n<p style=\"text-align: right\">\u00a0<strong><a href=\"https:\/\/www.infraestruturameioambiente.sp.gov.br\/institutoflorestal\/wp-content\/uploads\/sites\/234\/2014\/08\/Aram-Sperduti-MENOCCI02_Resumo.pdf\">abrir<\/a><\/strong><\/p>\n<ul>\n<li>\n<div>EFIC\u00c1CIA DAS A\u00c7\u00d5ES INTEGRADAS DA CAMPANHA CONTRA O ATROPELAMENTO DE FAUNA NO PARQUE ESTADUAL ALBERTO L\u00d6FGREN, S\u00c3O PAULO \u2013 SP. <strong>SANTOS, Gustavo Stancial dos<\/strong><\/div>\n<\/li>\n<\/ul>\n<p style=\"text-align: right\"><strong><\/strong><strong><a href=\"https:\/\/www.infraestruturameioambiente.sp.gov.br\/institutoflorestal\/wp-content\/uploads\/sites\/234\/2014\/08\/Gustavo-Stancial-dos-SANTOS_Resumo.pdf\">abrir<\/a><\/strong><\/p>\n<ul>\n<li>\n<div>A INICIA\u00c7\u00c3O CIENT\u00cdFICA JUNIOR E A POPULARIZA\u00c7\u00c3O DA CI\u00caNCIA NO PROGRAMA DE JOVENS &#8211; MEIO AMBIENTE E INTEGRA\u00c7\u00c3O SOCIAL (PJ-MAIS) DA RESERVA DA BIOSFERA DO CINTUR\u00c3O VERDE DE S\u00c3O PAULO. <strong>AGRIPINO, Felipe da Silva<\/strong><\/div>\n<\/li>\n<\/ul>\n<p style=\"text-align: right\"><strong><\/strong><strong><a href=\"https:\/\/www.infraestruturameioambiente.sp.gov.br\/institutoflorestal\/wp-content\/uploads\/sites\/234\/2014\/08\/Felipe-da-Silva-AGRIPINO_Resumo.pdf\">abrir<\/a><\/strong><\/p>\n<ul>\n<li>\n<div>O ENFOQUE ECOSSIST\u00caMICO COMO DIRETRIZ PARA A COMPOSI\u00c7\u00c3O DE PROJETO GR\u00c1FICO DE PUBLICA\u00c7\u00c3O. <strong>SOARES, Carolina Cortasso<\/strong><\/div>\n<\/li>\n<\/ul>\n<p style=\"text-align: right\">\u00a0<strong><a href=\"https:\/\/www.infraestruturameioambiente.sp.gov.br\/institutoflorestal\/wp-content\/uploads\/sites\/234\/2014\/08\/Carolina-Cortasso-SOARES_Resumo.pdf\">abrir<\/a><\/strong><\/p>\n<ul>\n<li>\n<div>PERCEP\u00c7\u00c3O DO USU\u00c1RIO DO PARQUE ESTADUAL ALBERTO L\u00d6FGREN. <strong>BRUNO, Jo\u00e3o Francisco de<\/strong><\/div>\n<\/li>\n<\/ul>\n<p style=\"text-align: right\">\u00a0<strong><a href=\"https:\/\/www.infraestruturameioambiente.sp.gov.br\/institutoflorestal\/wp-content\/uploads\/sites\/234\/2014\/08\/Jo\u00e3o-Francisco-de-Jesus-BRUNO_Resumo.pdf\">abrir<\/a><\/strong><\/p>\n<p style=\"text-align: center\"><strong>RECURSOS FLORESTAIS E ENGENHARIA FLORESTAL<\/strong><\/p>\n<ul>\n<li>\n<div>AN\u00c1LISE DA GEST\u00c3O DA PESQUISA CIENT\u00cdFICA NO PARQUE ESTADUAL DA ILHA ANCHIETA. <strong>SOUSA, Micaeli Rocha<\/strong><\/div>\n<\/li>\n<\/ul>\n<p style=\"text-align: right\"><strong><\/strong><strong><a href=\"https:\/\/www.infraestruturameioambiente.sp.gov.br\/institutoflorestal\/wp-content\/uploads\/sites\/234\/2014\/08\/Micaeli-Rocha-de-SOUSA_Resumo.pdf\">abrir<\/a><\/strong><\/p>\n<ul>\n<li>\n<div>CAPTA\u00c7\u00c3O DE CARBONO NO BOSQUE DO TOTTORI. <strong>SILVA, Barbara Helena Freitas Lopes da<\/strong><\/div>\n<\/li>\n<\/ul>\n<p style=\"text-align: right\"><strong><\/strong><strong><a href=\"https:\/\/www.infraestruturameioambiente.sp.gov.br\/institutoflorestal\/wp-content\/uploads\/sites\/234\/2014\/08\/Barbara-Helena-Freitas-Lopes-da-SILVA_Resumo.pdf\">abrir<\/a><\/strong><\/p>\n<ul>\n<li>\n<div>EFEITO DA ORIENTA\u00c7\u00c3O DOS RAIOS NA RESIST\u00caNCIA AO CISALHAMENTO PARALELO \u00c0 GR\u00c3 DA MADEIRA DE QUATRO ESP\u00c9CIES BRASILEIRAS. <strong>PIRES, Gabriela Trindade<\/strong><\/div>\n<\/li>\n<\/ul>\n<p style=\"text-align: right\"><strong><\/strong><strong><a href=\"https:\/\/www.infraestruturameioambiente.sp.gov.br\/institutoflorestal\/wp-content\/uploads\/sites\/234\/2014\/08\/Gabriela-Trindade-PIRES_Resumo.pdf\">abrir<\/a><\/strong><\/p>\n<ul>\n<li>\n<div>ESTUDO DA CAPACIDADE DE SUPORTE PARA O USO P\u00daBLICO NO PARQUE ESTADUAL DA ILHA ANCHIETA. <strong>PEDRO, Marcela Lima<\/strong><\/div>\n<\/li>\n<\/ul>\n<p style=\"text-align: right\">\u00a0<strong><a href=\"https:\/\/www.infraestruturameioambiente.sp.gov.br\/institutoflorestal\/wp-content\/uploads\/sites\/234\/2014\/08\/Marcela-Lima-PEDRO_Resumo.pdf\">abrir<\/a><\/strong><\/p>\n<ul>\n<li>\n<div>INVENT\u00c1RIO DOS INDIV\u00cdDUOS DE <i>ARCHONTOPHOENIX CUNNINGHAMIANA <\/i>(H.WENDL.) H.WENDL. &amp; DRUDE NO PARQUE ESTADUAL ALBERTO L\u00d6FGREN, S\u00c3O PAULO-SP. <strong>TROV\u00d3, Rafael Arnoni<\/strong><\/div>\n<\/li>\n<\/ul>\n<p style=\"text-align: right\"><strong><\/strong><strong><a href=\"https:\/\/www.infraestruturameioambiente.sp.gov.br\/institutoflorestal\/wp-content\/uploads\/sites\/234\/2014\/08\/Rafael-Arnoni-TROV\u00d3_Resumo.pdf\">abrir<\/a><\/strong><\/p>\n<ul>\n<li>\n<div>O CINTUR\u00c3O VERDE E A INSTITUCIONALIZA\u00c7\u00c3O DE FIGURAS\u00a0 ESPEC\u00cdFICAS\u00a0 DE CONSERVA\u00c7\u00c3O DA NATUREZA NA SERRA DO ITAPETI.<strong> SILVA, Barbara Helena Freitas Lopes da<\/strong><\/div>\n<\/li>\n<\/ul>\n<p style=\"text-align: right\"><strong><\/strong><strong><a href=\"https:\/\/www.infraestruturameioambiente.sp.gov.br\/institutoflorestal\/wp-content\/uploads\/sites\/234\/2014\/08\/Barbara-Helena-Freitas-Lopes-da-SILVA02_Resumo.pdf\">abrir<\/a><\/strong><\/p>\n<ul>\n<li>\n<div>QUANTIFICA\u00c7\u00c3O DO TEOR DE LIP\u00cdDIOS EM SEMENTES DE UMA POPULA\u00c7\u00c3O NATURAL DE <i>Acrocomia aculeata<\/i> (Jacq.) Lodd. ex Mart. PROVENIENTES DE UMA POPULA\u00c7\u00c3O NATURAL NO MUNIC\u00cdPIO DE ROSANA-SP. <strong>ALCANTARA, Marcelo Augusto Mendes<\/strong><\/div>\n<\/li>\n<\/ul>\n<p style=\"text-align: right\">\u00a0<strong><a href=\"https:\/\/www.infraestruturameioambiente.sp.gov.br\/institutoflorestal\/wp-content\/uploads\/sites\/234\/2014\/08\/Marcelo-Augusto-Mendes-ALCANTARA_-Resumo.pdf\">abrir<\/a><\/strong><\/p>\n<ul>\n<li>\n<div>RELA\u00c7\u00c3O ENTRE RIGIDEZ E CONDUTIVIDADE HIDR\u00c1ULICA NA MADEIRA DE \u00c1RVORES JOVENS DE <i>ASPIDOSPERMA RAMIFLORUM, CALOPHYLLUM BRASILIENSE, CARINIANA LEGALIS E CORDIA AMERICANA<\/i>. <strong>JUSTO, Rhayssa de Almeida<\/strong><\/div>\n<\/li>\n<\/ul>\n<p style=\"text-align: right\">\u00a0<strong><a href=\"https:\/\/www.infraestruturameioambiente.sp.gov.br\/institutoflorestal\/wp-content\/uploads\/sites\/234\/2014\/08\/Rhayssa-de-Almeida-JUSTO_Resumo.pdf\">abrir<\/a><\/strong><\/p>\n<ul>\n<li>\n<div>VARIA\u00c7\u00c3O LONGITUDINAL DADENSIDADE B\u00c1SICA E DIMENS\u00d5ES CELULARES DA MADEIRA <i>Curatella Americana<\/i> L. <strong>SILVA, Amanda da Costa<\/strong><\/div>\n<\/li>\n<\/ul>\n<p style=\"text-align: right\">\u00a0<strong><a href=\"https:\/\/www.infraestruturameioambiente.sp.gov.br\/institutoflorestal\/wp-content\/uploads\/sites\/234\/2014\/08\/Amanda-da-Costa-Silva_Resumo.pdf\">abrir<\/a><\/strong><\/p>\n","protected":false},"excerpt":{"rendered":"<p>Download dos Anais Resumos dos trabalhos \u00a0 \u00a0 \u00a0 \u00a0 \u00a0 \u00a0 \u00a0 \u00a0 \u00a0 CI\u00caNCIAS AGR\u00c1RIAS AN\u00c1LISE DO TEOR DE LIP\u00cdDIOS EM AM\u00caNDOAS DE UMA POPULA\u00c7\u00c3O NATURAL DE Dipteryx Alata Vogel VISANDO PROGRAMAS DE CONSERVA\u00c7\u00c3O E MELHORAMENTO GEN\u00c9TICO. CAMBUIM, Aldo Renan Gomes abrir ELABORA\u00c7\u00c3O DE UM ROTEIRO INTERPRETATIVO PARA TRILHA DE CICLISTAS DE MONTANHA [&hellip;]<\/p>\n","protected":false},"author":46,"featured_media":0,"parent":1737,"menu_order":0,"comment_status":"closed","ping_status":"open","template":"","meta":[],"_links":{"self":[{"href":"https:\/\/www.infraestruturameioambiente.sp.gov.br\/institutoflorestal\/wp-json\/wp\/v2\/pages\/8040"}],"collection":[{"href":"https:\/\/www.infraestruturameioambiente.sp.gov.br\/institutoflorestal\/wp-json\/wp\/v2\/pages"}],"about":[{"href":"https:\/\/www.infraestruturameioambiente.sp.gov.br\/institutoflorestal\/wp-json\/wp\/v2\/types\/page"}],"author":[{"embeddable":true,"href":"https:\/\/www.infraestruturameioambiente.sp.gov.br\/institutoflorestal\/wp-json\/wp\/v2\/users\/46"}],"replies":[{"embeddable":true,"href":"https:\/\/www.infraestruturameioambiente.sp.gov.br\/institutoflorestal\/wp-json\/wp\/v2\/comments?post=8040"}],"version-history":[{"count":14,"href":"https:\/\/www.infraestruturameioambiente.sp.gov.br\/institutoflorestal\/wp-json\/wp\/v2\/pages\/8040\/revisions"}],"predecessor-version":[{"id":10373,"href":"https:\/\/www.infraestruturameioambiente.sp.gov.br\/institutoflorestal\/wp-json\/wp\/v2\/pages\/8040\/revisions\/10373"}],"up":[{"embeddable":true,"href":"https:\/\/www.infraestruturameioambiente.sp.gov.br\/institutoflorestal\/wp-json\/wp\/v2\/pages\/1737"}],"wp:attachment":[{"href":"https:\/\/www.infraestruturameioambiente.sp.gov.br\/institutoflorestal\/wp-json\/wp\/v2\/media?parent=8040"}],"curies":[{"name":"wp","href":"https:\/\/api.w.org\/{rel}","templated":true}]}}