{"id":7588,"date":"2014-04-23T15:31:43","date_gmt":"2014-04-23T18:31:43","guid":{"rendered":"https:\/\/www.infraestruturameioambiente.sp.gov.br\/institutoflorestal\/?page_id=7588"},"modified":"2014-04-23T15:31:43","modified_gmt":"2014-04-23T18:31:43","slug":"if-serie-registros-no-28","status":"publish","type":"page","link":"https:\/\/www.infraestruturameioambiente.sp.gov.br\/institutoflorestal\/publicacoes-if\/if-serie-registros\/if-serie-registros-no-28\/","title":{"rendered":"IF S\u00e9rie Registros n\u00ba 28"},"content":{"rendered":"<p><strong>S\u00c9RIE REGISTROS N. 28, Jan. 2005:\u00a0<a href=\"https:\/\/www.infraestruturameioambiente.sp.gov.br\/institutoflorestal\/wp-content\/uploads\/sites\/234\/2014\/04\/IFSR28.pdf\" target=\"_blank\">Revista Completa<\/a><\/strong><\/p>\n<p><strong>CONTE\u00daDO<\/strong><\/p>\n<ul>\n<li>M\u00e9todo para a sele\u00e7\u00e3o de \u00e1rvores superiores para forma do fuste e produ\u00e7\u00e3o de resina em\u00a0plantios de Pinus sp. Alexandre Magno SEBBENN<\/li>\n<\/ul>\n<p><strong><\/strong><strong><a href=\"https:\/\/www.infraestruturameioambiente.sp.gov.br\/institutoflorestal\/wp-content\/uploads\/sites\/234\/2014\/04\/IFSR28_1-11.pdf\" target=\"_blank\">1-11<\/a><\/strong><\/p>\n<ul>\n<li>Avalia\u00e7\u00e3o da capacita\u00e7\u00e3o de m0nitores ambientais do Parque Estadual da Ilha Anchieta, SP.\u00a0Juliana Marcondes BUSSOLOTTI; Maria de Jesus ROBIM<\/li>\n<\/ul>\n<p><strong><\/strong><strong><a href=\"https:\/\/www.infraestruturameioambiente.sp.gov.br\/institutoflorestal\/wp-content\/uploads\/sites\/234\/2014\/04\/IFSR28_13-37.pdf\">13-20<\/a><\/strong><\/p>\n<ul>\n<li>Impactos ambientais em unidades de conserva\u00e7\u00e3o: piscicultura com esp\u00e9cies ex\u00f3ticas na\u00a0represa do Jurupar\u00e1, lbi\u00fana, SP. Gl\u00e1ucia Cortez Ramos de PAULA; Frederico<br \/>\nAlexandre Roccia Dai Pozzo ARZOLLA; Marilda Rapp de ESTON; Francisco Eduardo\u00a0Silva Pinto VILELA; Maria Aparecida C\u00e2ndido Salles RESENDE; Ros\u00e2ngela C\u00e9lia<br \/>\nRibeiro de OLIVEIRA; Thais Helena CONDEZ<\/li>\n<\/ul>\n<p>&nbsp;<\/p>\n<p><strong><\/strong><strong><a href=\"https:\/\/www.infraestruturameioambiente.sp.gov.br\/institutoflorestal\/wp-content\/uploads\/sites\/234\/2014\/04\/IFSR28_39-48.pdf\">39-48<\/a><\/strong><\/p>\n<p>&nbsp;<\/p>\n","protected":false},"excerpt":{"rendered":"<p>S\u00c9RIE REGISTROS N. 28, Jan. 2005:\u00a0Revista Completa CONTE\u00daDO M\u00e9todo para a sele\u00e7\u00e3o de \u00e1rvores superiores para forma do fuste e produ\u00e7\u00e3o de resina em\u00a0plantios de Pinus sp. Alexandre Magno SEBBENN 1-11 Avalia\u00e7\u00e3o da capacita\u00e7\u00e3o de m0nitores ambientais do Parque Estadual da Ilha Anchieta, SP.\u00a0Juliana Marcondes BUSSOLOTTI; Maria de Jesus ROBIM 13-20 Impactos ambientais em unidades [&hellip;]<\/p>\n","protected":false},"author":46,"featured_media":0,"parent":2992,"menu_order":0,"comment_status":"closed","ping_status":"open","template":"","meta":[],"_links":{"self":[{"href":"https:\/\/www.infraestruturameioambiente.sp.gov.br\/institutoflorestal\/wp-json\/wp\/v2\/pages\/7588"}],"collection":[{"href":"https:\/\/www.infraestruturameioambiente.sp.gov.br\/institutoflorestal\/wp-json\/wp\/v2\/pages"}],"about":[{"href":"https:\/\/www.infraestruturameioambiente.sp.gov.br\/institutoflorestal\/wp-json\/wp\/v2\/types\/page"}],"author":[{"embeddable":true,"href":"https:\/\/www.infraestruturameioambiente.sp.gov.br\/institutoflorestal\/wp-json\/wp\/v2\/users\/46"}],"replies":[{"embeddable":true,"href":"https:\/\/www.infraestruturameioambiente.sp.gov.br\/institutoflorestal\/wp-json\/wp\/v2\/comments?post=7588"}],"version-history":[{"count":1,"href":"https:\/\/www.infraestruturameioambiente.sp.gov.br\/institutoflorestal\/wp-json\/wp\/v2\/pages\/7588\/revisions"}],"predecessor-version":[{"id":7592,"href":"https:\/\/www.infraestruturameioambiente.sp.gov.br\/institutoflorestal\/wp-json\/wp\/v2\/pages\/7588\/revisions\/7592"}],"up":[{"embeddable":true,"href":"https:\/\/www.infraestruturameioambiente.sp.gov.br\/institutoflorestal\/wp-json\/wp\/v2\/pages\/2992"}],"wp:attachment":[{"href":"https:\/\/www.infraestruturameioambiente.sp.gov.br\/institutoflorestal\/wp-json\/wp\/v2\/media?parent=7588"}],"curies":[{"name":"wp","href":"https:\/\/api.w.org\/{rel}","templated":true}]}}

IF Série Registros nº 28

<p><strong>SÉRIE REGISTROS N. 28, Jan. 2005: <a href="https://www.infraestruturameioambiente.sp.gov.br/institutoflorestal/wp-content/uploads/sites/234/2014/04/IFSR28.pdf" target="_blank">Revista Completa</a></strong></p>
<p><strong>CONTEÚDO</strong></p>
<ul>
<li>Método para a seleção de árvores superiores para forma do fuste e produção de resina em plantios de Pinus sp. Alexandre Magno SEBBENN</li>
</ul>
<p><strong></strong><strong><a href="https://www.infraestruturameioambiente.sp.gov.br/institutoflorestal/wp-content/uploads/sites/234/2014/04/IFSR28_1-11.pdf" target="_blank">1-11</a></strong></p>
<ul>
<li>Avaliação da capacitação de m0nitores ambientais do Parque Estadual da Ilha Anchieta, SP. Juliana Marcondes BUSSOLOTTI; Maria de Jesus ROBIM</li>
</ul>
<p><strong></strong><strong><a href="https://www.infraestruturameioambiente.sp.gov.br/institutoflorestal/wp-content/uploads/sites/234/2014/04/IFSR28_13-37.pdf">13-20</a></strong></p>
<ul>
<li>Impactos ambientais em unidades de conservação: piscicultura com espécies exóticas na represa do Jurupará, lbiúna, SP. Gláucia Cortez Ramos de PAULA; Frederico<br />
Alexandre Roccia Dai Pozzo ARZOLLA; Marilda Rapp de ESTON; Francisco Eduardo Silva Pinto VILELA; Maria Aparecida Cândido Salles RESENDE; Rosângela Célia<br />
Ribeiro de OLIVEIRA; Thais Helena CONDEZ</li>
</ul>
<p>&nbsp;</p>
<p><strong></strong><strong><a href="https://www.infraestruturameioambiente.sp.gov.br/institutoflorestal/wp-content/uploads/sites/234/2014/04/IFSR28_39-48.pdf">39-48</a></strong></p>
<p>&nbsp;</p>

<p>SÉRIE REGISTROS N. 28, Jan. 2005: Revista Completa CONTEÚDO Método para a seleção de árvores superiores para forma do fuste e produção de resina em plantios de Pinus sp. Alexandre Magno SEBBENN 1-11 Avaliação da capacitação de m0nitores ambientais do Parque Estadual da Ilha Anchieta, SP. Juliana Marcondes BUSSOLOTTI; Maria de Jesus ROBIM 13-20 Impactos ambientais em unidades [&hellip;]</p>
