{"id":7583,"date":"2014-04-23T15:20:02","date_gmt":"2014-04-23T18:20:02","guid":{"rendered":"https:\/\/www.infraestruturameioambiente.sp.gov.br\/institutoflorestal\/?page_id=7583"},"modified":"2021-01-15T17:23:04","modified_gmt":"2021-01-15T19:23:04","slug":"if-serie-registros-no-24","status":"publish","type":"page","link":"https:\/\/www.infraestruturameioambiente.sp.gov.br\/institutoflorestal\/publicacoes-if\/if-serie-registros\/if-serie-registros-no-24\/","title":{"rendered":"IF S\u00e9rie Registros n\u00ba 24"},"content":{"rendered":"<p><strong>S\u00c9RIE REGISTROS N. 24, Mai. 2002:\u00a0<a href=\"https:\/\/smastr16.blob.core.windows.net\/iflorestal\/sites\/234\/2014\/04\/IFSR24.pdf\" target=\"_blank\" rel=\"noopener noreferrer\">Revista Completa<\/a><\/strong><\/p>\n<p><strong>CONTE\u00daDO<\/strong><\/p>\n<ul>\n<li>Zonas-tamp\u00e3o mistas e a conserva\u00e7\u00e3o das matas em reflorestamentos homog\u00eaneos.\u00a0Alexandre de ALMEIDA<\/li>\n<\/ul>\n<p><strong><a href=\"https:\/\/smastr16.blob.core.windows.net\/iflorestal\/sites\/234\/2014\/04\/IFSR24_1-11.pdf\" target=\"_blank\" rel=\"noopener noreferrer\">1-11<\/a><\/strong><\/p>\n<ul>\n<li>A import\u00e2ncia do conhecimento dos guarda-parques para a elabora\u00e7\u00e3o de planos de manejo:\u00a0estudo de caso no Parque Estadual de Campos do Jord\u00e3o, Brasil. Alexandre SCHIA VElTI<\/li>\n<\/ul>\n<p><strong><a href=\"https:\/\/smastr16.blob.core.windows.net\/iflorestal\/sites\/234\/2021\/01\/ifsr24_13-20.pdf\">13-20<\/a><\/strong><\/p>\n","protected":false},"excerpt":{"rendered":"<p>S\u00c9RIE REGISTROS N. 24, Mai. 2002:\u00a0Revista Completa CONTE\u00daDO Zonas-tamp\u00e3o mistas e a conserva\u00e7\u00e3o das matas em reflorestamentos homog\u00eaneos.\u00a0Alexandre de ALMEIDA 1-11 A import\u00e2ncia do conhecimento dos guarda-parques para a elabora\u00e7\u00e3o de planos de manejo:\u00a0estudo de caso no Parque Estadual de Campos do Jord\u00e3o, Brasil. Alexandre SCHIA VElTI 13-20<\/p>\n","protected":false},"author":102,"featured_media":0,"parent":2992,"menu_order":0,"comment_status":"closed","ping_status":"open","template":"","meta":[],"_links":{"self":[{"href":"https:\/\/www.infraestruturameioambiente.sp.gov.br\/institutoflorestal\/wp-json\/wp\/v2\/pages\/7583"}],"collection":[{"href":"https:\/\/www.infraestruturameioambiente.sp.gov.br\/institutoflorestal\/wp-json\/wp\/v2\/pages"}],"about":[{"href":"https:\/\/www.infraestruturameioambiente.sp.gov.br\/institutoflorestal\/wp-json\/wp\/v2\/types\/page"}],"author":[{"embeddable":true,"href":"https:\/\/www.infraestruturameioambiente.sp.gov.br\/institutoflorestal\/wp-json\/wp\/v2\/users\/102"}],"replies":[{"embeddable":true,"href":"https:\/\/www.infraestruturameioambiente.sp.gov.br\/institutoflorestal\/wp-json\/wp\/v2\/comments?post=7583"}],"version-history":[{"count":2,"href":"https:\/\/www.infraestruturameioambiente.sp.gov.br\/institutoflorestal\/wp-json\/wp\/v2\/pages\/7583\/revisions"}],"predecessor-version":[{"id":20108,"href":"https:\/\/www.infraestruturameioambiente.sp.gov.br\/institutoflorestal\/wp-json\/wp\/v2\/pages\/7583\/revisions\/20108"}],"up":[{"embeddable":true,"href":"https:\/\/www.infraestruturameioambiente.sp.gov.br\/institutoflorestal\/wp-json\/wp\/v2\/pages\/2992"}],"wp:attachment":[{"href":"https:\/\/www.infraestruturameioambiente.sp.gov.br\/institutoflorestal\/wp-json\/wp\/v2\/media?parent=7583"}],"curies":[{"name":"wp","href":"https:\/\/api.w.org\/{rel}","templated":true}]}}

IF Série Registros nº 24

<p><strong>SÉRIE REGISTROS N. 24, Mai. 2002: <a href="https://smastr16.blob.core.windows.net/iflorestal/sites/234/2014/04/IFSR24.pdf" target="_blank" rel="noopener noreferrer">Revista Completa</a></strong></p>
<p><strong>CONTEÚDO</strong></p>
<ul>
<li>Zonas-tampão mistas e a conservação das matas em reflorestamentos homogêneos. Alexandre de ALMEIDA</li>
</ul>
<p><strong><a href="https://smastr16.blob.core.windows.net/iflorestal/sites/234/2014/04/IFSR24_1-11.pdf" target="_blank" rel="noopener noreferrer">1-11</a></strong></p>
<ul>
<li>A importância do conhecimento dos guarda-parques para a elaboração de planos de manejo: estudo de caso no Parque Estadual de Campos do Jordão, Brasil. Alexandre SCHIA VElTI</li>
</ul>
<p><strong><a href="https://smastr16.blob.core.windows.net/iflorestal/sites/234/2021/01/ifsr24_13-20.pdf">13-20</a></strong></p>

<p>SÉRIE REGISTROS N. 24, Mai. 2002: Revista Completa CONTEÚDO Zonas-tampão mistas e a conservação das matas em reflorestamentos homogêneos. Alexandre de ALMEIDA 1-11 A importância do conhecimento dos guarda-parques para a elaboração de planos de manejo: estudo de caso no Parque Estadual de Campos do Jordão, Brasil. Alexandre SCHIA VElTI 13-20</p>
