{"id":7571,"date":"2014-04-23T14:56:10","date_gmt":"2014-04-23T17:56:10","guid":{"rendered":"https:\/\/www.infraestruturameioambiente.sp.gov.br\/institutoflorestal\/?page_id=7571"},"modified":"2014-04-23T14:59:19","modified_gmt":"2014-04-23T17:59:19","slug":"if-serie-registros-no-17","status":"publish","type":"page","link":"https:\/\/www.infraestruturameioambiente.sp.gov.br\/institutoflorestal\/publicacoes-if\/if-serie-registros\/if-serie-registros-no-17\/","title":{"rendered":"IF S\u00e9rie Registros n\u00ba 17"},"content":{"rendered":"<p><strong>S\u00c9RIE REGISTROS N. 17, Dez. 1996:\u00a0<a href=\"https:\/\/www.infraestruturameioambiente.sp.gov.br\/institutoflorestal\/wp-content\/uploads\/sites\/234\/2014\/04\/IFSR17.pdf\" target=\"_blank\">Revista Completa<\/a><\/strong><\/p>\n<p><strong>CONTE\u00daDO<\/strong><\/p>\n<ul>\n<li>Unidades de Conserva\u00e7\u00e3o no Estado do Paran\u00e1 &#8211; a\u00e7\u00f5es e contradi\u00e7\u00f5es. Jo\u00e3o Batista\u00a0CAMPOS<\/li>\n<\/ul>\n<p><strong><\/strong><strong><a href=\"https:\/\/www.infraestruturameioambiente.sp.gov.br\/institutoflorestal\/wp-content\/uploads\/sites\/234\/2014\/04\/IFSR17_1-11.pdf\" target=\"_blank\">1-11<\/a><\/strong><\/p>\n<ul>\n<li>O papel da Ecologia Te\u00f3rica na delimita\u00e7\u00e3o de Unidades de Conserva\u00e7\u00e3o. Alexandre\u00a0SCHIAVETTI<\/li>\n<\/ul>\n<p><strong><\/strong><strong><a href=\"https:\/\/www.infraestruturameioambiente.sp.gov.br\/institutoflorestal\/wp-content\/uploads\/sites\/234\/2014\/04\/IFSR17_13-20.pdf\">13-20<\/a><\/strong><\/p>\n","protected":false},"excerpt":{"rendered":"<p>S\u00c9RIE REGISTROS N. 17, Dez. 1996:\u00a0Revista Completa CONTE\u00daDO Unidades de Conserva\u00e7\u00e3o no Estado do Paran\u00e1 &#8211; a\u00e7\u00f5es e contradi\u00e7\u00f5es. Jo\u00e3o Batista\u00a0CAMPOS 1-11 O papel da Ecologia Te\u00f3rica na delimita\u00e7\u00e3o de Unidades de Conserva\u00e7\u00e3o. Alexandre\u00a0SCHIAVETTI 13-20<\/p>\n","protected":false},"author":46,"featured_media":0,"parent":2992,"menu_order":0,"comment_status":"closed","ping_status":"open","template":"","meta":[],"_links":{"self":[{"href":"https:\/\/www.infraestruturameioambiente.sp.gov.br\/institutoflorestal\/wp-json\/wp\/v2\/pages\/7571"}],"collection":[{"href":"https:\/\/www.infraestruturameioambiente.sp.gov.br\/institutoflorestal\/wp-json\/wp\/v2\/pages"}],"about":[{"href":"https:\/\/www.infraestruturameioambiente.sp.gov.br\/institutoflorestal\/wp-json\/wp\/v2\/types\/page"}],"author":[{"embeddable":true,"href":"https:\/\/www.infraestruturameioambiente.sp.gov.br\/institutoflorestal\/wp-json\/wp\/v2\/users\/46"}],"replies":[{"embeddable":true,"href":"https:\/\/www.infraestruturameioambiente.sp.gov.br\/institutoflorestal\/wp-json\/wp\/v2\/comments?post=7571"}],"version-history":[{"count":3,"href":"https:\/\/www.infraestruturameioambiente.sp.gov.br\/institutoflorestal\/wp-json\/wp\/v2\/pages\/7571\/revisions"}],"predecessor-version":[{"id":7577,"href":"https:\/\/www.infraestruturameioambiente.sp.gov.br\/institutoflorestal\/wp-json\/wp\/v2\/pages\/7571\/revisions\/7577"}],"up":[{"embeddable":true,"href":"https:\/\/www.infraestruturameioambiente.sp.gov.br\/institutoflorestal\/wp-json\/wp\/v2\/pages\/2992"}],"wp:attachment":[{"href":"https:\/\/www.infraestruturameioambiente.sp.gov.br\/institutoflorestal\/wp-json\/wp\/v2\/media?parent=7571"}],"curies":[{"name":"wp","href":"https:\/\/api.w.org\/{rel}","templated":true}]}}

IF Série Registros nº 17

<p><strong>SÉRIE REGISTROS N. 17, Dez. 1996: <a href="https://www.infraestruturameioambiente.sp.gov.br/institutoflorestal/wp-content/uploads/sites/234/2014/04/IFSR17.pdf" target="_blank">Revista Completa</a></strong></p>
<p><strong>CONTEÚDO</strong></p>
<ul>
<li>Unidades de Conservação no Estado do Paraná &#8211; ações e contradições. João Batista CAMPOS</li>
</ul>
<p><strong></strong><strong><a href="https://www.infraestruturameioambiente.sp.gov.br/institutoflorestal/wp-content/uploads/sites/234/2014/04/IFSR17_1-11.pdf" target="_blank">1-11</a></strong></p>
<ul>
<li>O papel da Ecologia Teórica na delimitação de Unidades de Conservação. Alexandre SCHIAVETTI</li>
</ul>
<p><strong></strong><strong><a href="https://www.infraestruturameioambiente.sp.gov.br/institutoflorestal/wp-content/uploads/sites/234/2014/04/IFSR17_13-20.pdf">13-20</a></strong></p>

<p>SÉRIE REGISTROS N. 17, Dez. 1996: Revista Completa CONTEÚDO Unidades de Conservação no Estado do Paraná &#8211; ações e contradições. João Batista CAMPOS 1-11 O papel da Ecologia Teórica na delimitação de Unidades de Conservação. Alexandre SCHIAVETTI 13-20</p>
