{"id":7561,"date":"2014-04-23T14:40:10","date_gmt":"2014-04-23T17:40:10","guid":{"rendered":"https:\/\/www.infraestruturameioambiente.sp.gov.br\/institutoflorestal\/?page_id=7561"},"modified":"2014-04-23T14:45:38","modified_gmt":"2014-04-23T17:45:38","slug":"if-serie-registros-no-20","status":"publish","type":"page","link":"https:\/\/www.infraestruturameioambiente.sp.gov.br\/institutoflorestal\/publicacoes-if\/if-serie-registros\/if-serie-registros-no-20\/","title":{"rendered":"IF S\u00e9rie Registros n\u00ba 20"},"content":{"rendered":"<p><strong>S\u00c9RIE REGISTROS N. 20, Out. 1999:\u00a0<a href=\"https:\/\/www.infraestruturameioambiente.sp.gov.br\/institutoflorestal\/wp-content\/uploads\/sites\/234\/2014\/04\/IFSR20.pdf\" target=\"_blank\">Revista Completa<\/a><\/strong><\/p>\n<p><strong>CONTE\u00daDO<\/strong><\/p>\n<ul>\n<li>Caracteriza\u00e7\u00e3o do perfil dos usu\u00e1rios do Parque Estadual Alberto L\u00f6fgren &#8211; Horto\u00a0Florestal da Capital. Alcin\u00e9ia Guimar\u00e3es de CASTRO &amp; Irineu TAMAIO\u00a0<strong style=\"line-height: 1.5em\"><a href=\"https:\/\/www.infraestruturameioambiente.sp.gov.br\/institutoflorestal\/wp-content\/uploads\/sites\/234\/2014\/04\/IFSR20_1-7.pdf\" target=\"_blank\">1-7<\/a><\/strong><\/li>\n<\/ul>\n<ul>\n<li>\u00c1rvores gigantescas e milenares nas florestas paulistas: mito ou realidade? Giselda\u00a0DURlGAN\u00a0<strong style=\"line-height: 1.5em\"><a href=\"https:\/\/www.infraestruturameioambiente.sp.gov.br\/institutoflorestal\/wp-content\/uploads\/sites\/234\/2014\/04\/iFSR20_9-12.pdf\">9-12<\/a><\/strong><\/li>\n<\/ul>\n<ul>\n<li>Mudan\u00e7as no perfil socioecon\u00f4mico-cultural do usu\u00e1rio ap\u00f3s a implanta\u00e7\u00e3o de \u00e1rea de\u00a0pesca esportiva. Regina Ant\u00f4nia Liberal VALENTINO FREIRE &amp; Am\u00e9lia ELIAS<br \/>\nROMANELLI\u00a0<strong style=\"line-height: 1.5em\"><a href=\"https:\/\/www.infraestruturameioambiente.sp.gov.br\/institutoflorestal\/wp-content\/uploads\/sites\/234\/2014\/04\/IFSR20_13-32.pdf\">13-32<\/a><\/strong><\/li>\n<\/ul>\n","protected":false},"excerpt":{"rendered":"<p>S\u00c9RIE REGISTROS N. 20, Out. 1999:\u00a0Revista Completa CONTE\u00daDO Caracteriza\u00e7\u00e3o do perfil dos usu\u00e1rios do Parque Estadual Alberto L\u00f6fgren &#8211; Horto\u00a0Florestal da Capital. Alcin\u00e9ia Guimar\u00e3es de CASTRO &amp; Irineu TAMAIO\u00a01-7 \u00c1rvores gigantescas e milenares nas florestas paulistas: mito ou realidade? Giselda\u00a0DURlGAN\u00a09-12 Mudan\u00e7as no perfil socioecon\u00f4mico-cultural do usu\u00e1rio ap\u00f3s a implanta\u00e7\u00e3o de \u00e1rea de\u00a0pesca esportiva. Regina Ant\u00f4nia [&hellip;]<\/p>\n","protected":false},"author":46,"featured_media":0,"parent":2992,"menu_order":0,"comment_status":"closed","ping_status":"open","template":"","meta":[],"_links":{"self":[{"href":"https:\/\/www.infraestruturameioambiente.sp.gov.br\/institutoflorestal\/wp-json\/wp\/v2\/pages\/7561"}],"collection":[{"href":"https:\/\/www.infraestruturameioambiente.sp.gov.br\/institutoflorestal\/wp-json\/wp\/v2\/pages"}],"about":[{"href":"https:\/\/www.infraestruturameioambiente.sp.gov.br\/institutoflorestal\/wp-json\/wp\/v2\/types\/page"}],"author":[{"embeddable":true,"href":"https:\/\/www.infraestruturameioambiente.sp.gov.br\/institutoflorestal\/wp-json\/wp\/v2\/users\/46"}],"replies":[{"embeddable":true,"href":"https:\/\/www.infraestruturameioambiente.sp.gov.br\/institutoflorestal\/wp-json\/wp\/v2\/comments?post=7561"}],"version-history":[{"count":4,"href":"https:\/\/www.infraestruturameioambiente.sp.gov.br\/institutoflorestal\/wp-json\/wp\/v2\/pages\/7561\/revisions"}],"predecessor-version":[{"id":7568,"href":"https:\/\/www.infraestruturameioambiente.sp.gov.br\/institutoflorestal\/wp-json\/wp\/v2\/pages\/7561\/revisions\/7568"}],"up":[{"embeddable":true,"href":"https:\/\/www.infraestruturameioambiente.sp.gov.br\/institutoflorestal\/wp-json\/wp\/v2\/pages\/2992"}],"wp:attachment":[{"href":"https:\/\/www.infraestruturameioambiente.sp.gov.br\/institutoflorestal\/wp-json\/wp\/v2\/media?parent=7561"}],"curies":[{"name":"wp","href":"https:\/\/api.w.org\/{rel}","templated":true}]}}

IF Série Registros nº 20

<p><strong>SÉRIE REGISTROS N. 20, Out. 1999: <a href="https://www.infraestruturameioambiente.sp.gov.br/institutoflorestal/wp-content/uploads/sites/234/2014/04/IFSR20.pdf" target="_blank">Revista Completa</a></strong></p>
<p><strong>CONTEÚDO</strong></p>
<ul>
<li>Caracterização do perfil dos usuários do Parque Estadual Alberto Löfgren &#8211; Horto Florestal da Capital. Alcinéia Guimarães de CASTRO &amp; Irineu TAMAIO <strong style="line-height: 1.5em"><a href="https://www.infraestruturameioambiente.sp.gov.br/institutoflorestal/wp-content/uploads/sites/234/2014/04/IFSR20_1-7.pdf" target="_blank">1-7</a></strong></li>
</ul>
<ul>
<li>Árvores gigantescas e milenares nas florestas paulistas: mito ou realidade? Giselda DURlGAN <strong style="line-height: 1.5em"><a href="https://www.infraestruturameioambiente.sp.gov.br/institutoflorestal/wp-content/uploads/sites/234/2014/04/iFSR20_9-12.pdf">9-12</a></strong></li>
</ul>
<ul>
<li>Mudanças no perfil socioeconômico-cultural do usuário após a implantação de área de pesca esportiva. Regina Antônia Liberal VALENTINO FREIRE &amp; Amélia ELIAS<br />
ROMANELLI <strong style="line-height: 1.5em"><a href="https://www.infraestruturameioambiente.sp.gov.br/institutoflorestal/wp-content/uploads/sites/234/2014/04/IFSR20_13-32.pdf">13-32</a></strong></li>
</ul>

<p>SÉRIE REGISTROS N. 20, Out. 1999: Revista Completa CONTEÚDO Caracterização do perfil dos usuários do Parque Estadual Alberto Löfgren &#8211; Horto Florestal da Capital. Alcinéia Guimarães de CASTRO &amp; Irineu TAMAIO 1-7 Árvores gigantescas e milenares nas florestas paulistas: mito ou realidade? Giselda DURlGAN 9-12 Mudanças no perfil socioeconômico-cultural do usuário após a implantação de área de pesca esportiva. Regina Antônia [&hellip;]</p>
