{"id":4362,"date":"2013-09-17T10:22:56","date_gmt":"2013-09-17T13:22:56","guid":{"rendered":"https:\/\/www.infraestruturameioambiente.sp.gov.br\/institutoflorestal\/?page_id=4362"},"modified":"2013-09-18T09:31:54","modified_gmt":"2013-09-18T12:31:54","slug":"4362-2","status":"publish","type":"page","link":"https:\/\/www.infraestruturameioambiente.sp.gov.br\/institutoflorestal\/o-instituto\/projetos-socioambientais\/4362-2\/","title":{"rendered":"Projeto Ip\u00ea"},"content":{"rendered":"<ul>\n<li><strong>Nome:<\/strong>\u00a0Projeto Ip\u00ea &#8211; Esta\u00e7\u00e3o Experimental de Bento Quirino<\/li>\n<li><strong>Data de in\u00edcio:\u00a0<\/strong>01\/2009<\/li>\n<li><strong>Objetivos gerais:\u00a0<\/strong>Produ\u00e7\u00e3o de mudas florestais nativas e ornamentais para recupera\u00e7\u00e3o florestal, arboriza\u00e7\u00e3o urbana, plantios de matas ciliares, nascentes de \u00e1gua.<\/li>\n<li><strong>Objetivos espec\u00edficos:\u00a0<\/strong>Educa\u00e7\u00e3o Ambiental e capacita\u00e7\u00e3o profissional.<\/li>\n<li><strong>P\u00fablico-alvo:\u00a0<\/strong>Adolescente<\/li>\n<li><strong>Secretaria:\u00a0<\/strong>Meio Ambiente<\/li>\n<li><strong>\u00d3rg\u00e3o\/Institui\u00e7\u00e3o respons\u00e1vel:\u00a0<\/strong>Instituto Florestal &#8211; IF \/ Divis\u00e3o de Florestas e Esta\u00e7\u00f5es Experimentais &#8211; DFEE &#8211; Esta\u00e7\u00e3o Experimental (E.Ex.) de Bento Quirino; Prefeitura Municipal de S\u00e3o Sim\u00e3o.<\/li>\n<li><strong>Equipe:\u00a0<\/strong>Eur\u00edpedes Morais\/ IF-SP &#8211; E-mail: euripedesm@if.sp.gov.br;; Marcos Gon\u00e7alves\/ Prefeitura &#8211; E-mail: marcosjatai@bol.com.br<\/li>\n<\/ul>\n<ul>\n<li><strong>Endere\u00e7o:\u00a0<\/strong><a href=\"https:\/\/www.google.com.br\/maps\/preview#!q=Rua+Nutti%2C+S%C3%A3o+Sim%C3%A3o+-+S%C3%A3o+Paulo&amp;data=!2m1!1e3!4m11!1m10!2i9!4m8!1m3!1d4330!2d-47.1300906!3d-23.5348498!3m2!1i1280!2i909!4f13.1&amp;fid=7\" target=\"_blank\">Rua Nutti s\/n<\/a> &#8211; Caixa Postal 62<\/li>\n<li><strong>Cidade:\u00a0<\/strong>S\u00e3o Sim\u00e3o<\/li>\n<li><strong>Estado:\u00a0<\/strong>SP<\/li>\n<li><strong>CEP:\u00a0<\/strong>14200-000<\/li>\n<li><strong>Telefone:\u00a0<\/strong>(16) 3984-1352<\/li>\n<li><strong>Fax:\u00a0<\/strong>(16) 3984-1121<\/li>\n<li><strong>E-mail:\u00a0<\/strong><a href=\"mailto:eebentoquirino@ig.com.br\">eebentoquirino@ig.com.br<\/a><\/li>\n<\/ul>\n<ul>\n<li><strong>Justificativa:\u00a0<\/strong>Educa\u00e7\u00e3o Ambiental e capacita\u00e7\u00e3o profissional de jovens carentes.<\/li>\n<\/ul>\n<ul>\n<li><strong>Hist\u00f3rico do projeto:\u00a0<\/strong>Mudas produzidas s\u00e3o utilizadas em trabalhos de arboriza\u00e7\u00e3o urbana do munic\u00edpio,recupera\u00e7\u00e3o de \u00e1reas alteradas e matas ciliares. Os jovens s\u00e3o capacitados desde a coleta de sementes florestais, beneficiamento e produ\u00e7\u00e3o de mudas nativas e ornamentais, com forma\u00e7\u00e3o te\u00f3rica e pr\u00e1tica. Todo esse trabalho voltado tamb\u00e9m \u00e0 Educa\u00e7\u00e3o Ambiental dos jovens que fazem parte do Projeto.<\/li>\n<\/ul>\n<ul>\n<li><strong>Unidades de atendimento:\u00a0<\/strong>Esta\u00e7\u00e3o Experimental de Bento Quirino<\/li>\n<li><strong>Condi\u00e7\u00f5es Cidad\u00e3o:\u00a0<\/strong>Menores carentes at\u00e9 17 anos<\/li>\n<li><strong>Condi\u00e7\u00f5es Prefeituras:\u00a0<\/strong>Sele\u00e7\u00e3o pelo Projeto Ip\u00ea<\/li>\n<li><strong>Recursos oferecidos:\u00a0<\/strong>Infraestrutura do viveiro de mudas da unidade de Bento Quirino com capacidade de produ\u00e7\u00e3o de 250.000 mudas\/ano;; Pessoal t\u00e9cnico capacitado na produ\u00e7\u00e3o de mudas nativas e ornamentais.<\/li>\n<li><strong>Custos:\u00a0<\/strong>Gratuito<\/li>\n<li><strong>Atualiza\u00e7\u00e3o do cadastro:\u00a0<\/strong>07\/2010<\/li>\n<\/ul>\n","protected":false},"excerpt":{"rendered":"<p>Nome:\u00a0Projeto Ip\u00ea &#8211; Esta\u00e7\u00e3o Experimental de Bento Quirino Data de in\u00edcio:\u00a001\/2009 Objetivos gerais:\u00a0Produ\u00e7\u00e3o de mudas florestais nativas e ornamentais para recupera\u00e7\u00e3o florestal, arboriza\u00e7\u00e3o urbana, plantios de matas ciliares, nascentes de \u00e1gua. Objetivos espec\u00edficos:\u00a0Educa\u00e7\u00e3o Ambiental e capacita\u00e7\u00e3o profissional. P\u00fablico-alvo:\u00a0Adolescente Secretaria:\u00a0Meio Ambiente \u00d3rg\u00e3o\/Institui\u00e7\u00e3o respons\u00e1vel:\u00a0Instituto Florestal &#8211; IF \/ Divis\u00e3o de Florestas e Esta\u00e7\u00f5es Experimentais &#8211; DFEE &#8211; [&hellip;]<\/p>\n","protected":false},"author":49,"featured_media":0,"parent":3310,"menu_order":0,"comment_status":"closed","ping_status":"open","template":"","meta":[],"_links":{"self":[{"href":"https:\/\/www.infraestruturameioambiente.sp.gov.br\/institutoflorestal\/wp-json\/wp\/v2\/pages\/4362"}],"collection":[{"href":"https:\/\/www.infraestruturameioambiente.sp.gov.br\/institutoflorestal\/wp-json\/wp\/v2\/pages"}],"about":[{"href":"https:\/\/www.infraestruturameioambiente.sp.gov.br\/institutoflorestal\/wp-json\/wp\/v2\/types\/page"}],"author":[{"embeddable":true,"href":"https:\/\/www.infraestruturameioambiente.sp.gov.br\/institutoflorestal\/wp-json\/wp\/v2\/users\/49"}],"replies":[{"embeddable":true,"href":"https:\/\/www.infraestruturameioambiente.sp.gov.br\/institutoflorestal\/wp-json\/wp\/v2\/comments?post=4362"}],"version-history":[{"count":5,"href":"https:\/\/www.infraestruturameioambiente.sp.gov.br\/institutoflorestal\/wp-json\/wp\/v2\/pages\/4362\/revisions"}],"predecessor-version":[{"id":4380,"href":"https:\/\/www.infraestruturameioambiente.sp.gov.br\/institutoflorestal\/wp-json\/wp\/v2\/pages\/4362\/revisions\/4380"}],"up":[{"embeddable":true,"href":"https:\/\/www.infraestruturameioambiente.sp.gov.br\/institutoflorestal\/wp-json\/wp\/v2\/pages\/3310"}],"wp:attachment":[{"href":"https:\/\/www.infraestruturameioambiente.sp.gov.br\/institutoflorestal\/wp-json\/wp\/v2\/media?parent=4362"}],"curies":[{"name":"wp","href":"https:\/\/api.w.org\/{rel}","templated":true}]}}