{"id":4281,"date":"2013-09-16T10:45:35","date_gmt":"2013-09-16T13:45:35","guid":{"rendered":"https:\/\/www.infraestruturameioambiente.sp.gov.br\/institutoflorestal\/?page_id=4281"},"modified":"2013-09-18T09:25:30","modified_gmt":"2013-09-18T12:25:30","slug":"flor-da-idade-flor-da-cidade","status":"publish","type":"page","link":"https:\/\/www.infraestruturameioambiente.sp.gov.br\/institutoflorestal\/o-instituto\/projetos-socioambientais\/flor-da-idade-flor-da-cidade\/","title":{"rendered":"Flor da Idade, Flor da Cidade"},"content":{"rendered":"<ul>\n<li><strong>Nome:<\/strong>\u00a0Projeto Flor da Idade, Flor da Cidade \u2013 Esta\u00e7\u00e3o Experimental e Ecol\u00f3gica de Itirapina<\/li>\n<li><strong>Respons\u00e1vel:<\/strong> Paulo Henrique Peira Ruffino<\/li>\n<li><strong>Data de in\u00edcio:<\/strong> 1998<\/li>\n<li><strong>Objetivos gerais:<\/strong> Proporcionar aos jovens e adolescentes de baixa renda e em situa\u00e7\u00e3o de risco social, atividades educativas voltadas ao desenvolvimento pessoal, atrav\u00e9s da educa\u00e7\u00e3o ambiental, da arte e cultura, da inclus\u00e3o digital, esportes e lazer e organiza\u00e7\u00e3o para o trabalho. Aprendizagem de t\u00e9cnicas de plantio e cultivo de esp\u00e9cies vegetais ornamentais, ex\u00f3ticas e nativas.<\/li>\n<li><strong>Objetivos espec\u00edficos:<\/strong> Promover aos adolescentes de 13 e 17 anos e 11 meses a inclus\u00e3o e os direitos sociais, a sa\u00fade mental, emocional e social, estabelecendo e fortalecendo os v\u00ednculos interpessoais, intrafamiliar e comunit\u00e1rio, bem como, capacitando os jovens e os familiares para atuar na\/com a comunidade com a consci\u00eancia ambiental, para a cidadania e ao trabalho.<\/li>\n<li><strong>P\u00fablico-alvo:<\/strong> Adolescentes de 13 e 17 anos e 11 meses, que estejam frequentando a escola<\/li>\n<li><strong>Secretaria:<\/strong> Meio Ambiente<\/li>\n<li><strong>\u00d3rg\u00e3o\/Institui\u00e7\u00e3o respons\u00e1vel:<\/strong> Instituto Florestal \u00a0&#8211; Esta\u00e7\u00f5es Ecol\u00f3gica Experimental de Itirapina<\/li>\n<li><strong>Parcerias:<\/strong> Sociedade civil, Prefeitura Municipal de Itirapina, Instituto Florestal e Associa\u00e7\u00e3o Promocional da Paroquia de Itirapina<\/li>\n<li><strong>Equipe:<\/strong> Helena Dutra Lutgens, Paulo Henrique Peira Ruffino<\/li>\n<\/ul>\n<ul>\n<li><strong>Endere\u00e7o:<\/strong> <a href=\"https:\/\/www.google.com.br\/maps\/preview#!q=Rua+Oito%2C+Itirapina+-+S%C3%A3o+Paulo&amp;data=!2m1!1e3!4m10!1m9!4m8!1m3!1d4371!2d-47.8127347!3d-22.2524728!3m2!1i1280!2i909!4f13.1&amp;fid=7\" target=\"_blank\">Rua 8, s\/n\u00b0 &#8211; Bairro Santa Cruz<\/a><\/li>\n<li><strong>Cidade:<\/strong> Itirapina<\/li>\n<li><strong>Estado:<\/strong> SP<\/li>\n<li><strong>CEP:<\/strong> 13530-970<\/li>\n<li><strong>Telefone:<\/strong> (19) 3575-1345 \/ 3326<\/li>\n<li><strong>Fax:<\/strong> (19) 3575-1345<\/li>\n<li><strong>E-mail:<\/strong> eeitirapina@if.sp.gov.br<\/li>\n<li><strong>Site:<\/strong>\u00a0<a href=\"http:\/\/flordaidade.com\/\" target=\"_blank\">http:\/\/flordaidade.com\/<\/a><\/li>\n<\/ul>\n<ul>\n<li><strong>Hist\u00f3rico do projeto:<\/strong> As \u00e1reas protegidas do Instituto Florestal do Estado de S\u00e3o Paulo n\u00e3o t\u00eam como fun\u00e7\u00e3o apenas a conserva\u00e7\u00e3o ambiental e o desenvolvimento de pesquisas em silvicultura e de explora\u00e7\u00e3o de produtos e subprodutos florestais. Nesses espa\u00e7os, o di\u00e1logo com as comunidades do entorno e com o poder p\u00fablico local \u00e9 essencial e saud\u00e1vel, sendo que a participa\u00e7\u00e3o de todos no dia a dia das \u00e1reas protegidas \u00e9 um ganho para o IF e para os parceiros da sociedade civil.<\/li>\n<\/ul>\n<ul>\n<li><strong>Condi\u00e7\u00f5es Cidad\u00e3o:<\/strong> o projeto exige que o jovem esteja frequentando a escola<\/li>\n<li><strong>Recursos oferecidos:<\/strong> Cursos; Palestras; Pr\u00e1tica de t\u00e9cnicas de plantio e cultivo de plantas ornamentais, ex\u00f3ticas e nativas<\/li>\n<li><strong>Atualiza\u00e7\u00e3o do cadastro:<\/strong> 08\/2013<\/li>\n<\/ul>\n<p>&nbsp;<\/p>\n","protected":false},"excerpt":{"rendered":"<p>Nome:\u00a0Projeto Flor da Idade, Flor da Cidade \u2013 Esta\u00e7\u00e3o Experimental e Ecol\u00f3gica de Itirapina Respons\u00e1vel: Paulo Henrique Peira Ruffino Data de in\u00edcio: 1998 Objetivos gerais: Proporcionar aos jovens e adolescentes de baixa renda e em situa\u00e7\u00e3o de risco social, atividades educativas voltadas ao desenvolvimento pessoal, atrav\u00e9s da educa\u00e7\u00e3o ambiental, da arte e cultura, da inclus\u00e3o [&hellip;]<\/p>\n","protected":false},"author":49,"featured_media":0,"parent":3310,"menu_order":0,"comment_status":"closed","ping_status":"open","template":"","meta":[],"_links":{"self":[{"href":"https:\/\/www.infraestruturameioambiente.sp.gov.br\/institutoflorestal\/wp-json\/wp\/v2\/pages\/4281"}],"collection":[{"href":"https:\/\/www.infraestruturameioambiente.sp.gov.br\/institutoflorestal\/wp-json\/wp\/v2\/pages"}],"about":[{"href":"https:\/\/www.infraestruturameioambiente.sp.gov.br\/institutoflorestal\/wp-json\/wp\/v2\/types\/page"}],"author":[{"embeddable":true,"href":"https:\/\/www.infraestruturameioambiente.sp.gov.br\/institutoflorestal\/wp-json\/wp\/v2\/users\/49"}],"replies":[{"embeddable":true,"href":"https:\/\/www.infraestruturameioambiente.sp.gov.br\/institutoflorestal\/wp-json\/wp\/v2\/comments?post=4281"}],"version-history":[{"count":6,"href":"https:\/\/www.infraestruturameioambiente.sp.gov.br\/institutoflorestal\/wp-json\/wp\/v2\/pages\/4281\/revisions"}],"predecessor-version":[{"id":4376,"href":"https:\/\/www.infraestruturameioambiente.sp.gov.br\/institutoflorestal\/wp-json\/wp\/v2\/pages\/4281\/revisions\/4376"}],"up":[{"embeddable":true,"href":"https:\/\/www.infraestruturameioambiente.sp.gov.br\/institutoflorestal\/wp-json\/wp\/v2\/pages\/3310"}],"wp:attachment":[{"href":"https:\/\/www.infraestruturameioambiente.sp.gov.br\/institutoflorestal\/wp-json\/wp\/v2\/media?parent=4281"}],"curies":[{"name":"wp","href":"https:\/\/api.w.org\/{rel}","templated":true}]}}