{"id":4214,"date":"2013-09-13T11:42:02","date_gmt":"2013-09-13T14:42:02","guid":{"rendered":"https:\/\/www.infraestruturameioambiente.sp.gov.br\/institutoflorestal\/?page_id=4214"},"modified":"2019-12-11T12:15:20","modified_gmt":"2019-12-11T14:15:20","slug":"santa-barbara-do-rio-pardo","status":"publish","type":"page","link":"https:\/\/www.infraestruturameioambiente.sp.gov.br\/institutoflorestal\/areas-protegidas\/florestas-estaduais\/santa-barbara-do-rio-pardo\/","title":{"rendered":"\u00c1guas de Santa B\u00e1rbara"},"content":{"rendered":"<div class=\"wc-gallery\"><div id='gallery-1' data-gutter-width='5' data-columns='3' class='gallery wc-gallery-captions-onhover gallery-link-file gallery-masonry galleryid-4214 gallery-columns-3 gallery-size-thumbnail wc-gallery-bottomspace-default wc-gallery-clear'><div class='gallery-item gallery-item-position-1 gallery-item-attachment-7380'>\n\t\t\t\t<div class='gallery-icon landscape'>\n\t\t\t\t\t<a href='https:\/\/www.infraestruturameioambiente.sp.gov.br\/institutoflorestal\/wp-content\/uploads\/sites\/234\/2013\/09\/FlorestaSantaBarbara-600x667.jpg' title='' target='_self'><img width=\"150\" height=\"150\" src=\"https:\/\/www.infraestruturameioambiente.sp.gov.br\/institutoflorestal\/wp-content\/uploads\/sites\/234\/2013\/09\/FlorestaSantaBarbara-150x150.jpg\" class=\"attachment-thumbnail size-thumbnail\" alt=\"\" decoding=\"async\" loading=\"lazy\" \/><\/a>\n\t\t\t\t<\/div><\/div><\/div>\n<\/div>\n<ul>\n<li><strong>Nome:<\/strong> Floresta Estadual \u00c1guas de Santa B\u00e1rbara<\/li>\n<li><strong>Munic\u00edpio:<\/strong>\u00a0\u00c1guas de Sta.B\u00e1rbara<\/li>\n<li><strong>Divis\u00e3o:<\/strong> DFEE<\/li>\n<li><strong>Diploma Legal:<\/strong>\u00a0Dec. 44.305 de 30\/12\/64<\/li>\n<li><strong>Se\u00e7\u00e3o:<\/strong>\u00a0Se\u00e7\u00e3o de Florestas de Manduri<\/li>\n<li><strong>Respons\u00e1vel:<\/strong>\u00a0Marli Maria Cardoso<\/li>\n<li><strong>Endere\u00e7o:<\/strong> <span style=\"color: #121212\">Rodovia SP 261, Km 58 &#8211; (\u00c1guas de Santa B\u00e1rbara\/Len\u00e7\u00f3is Paulista)<\/span><\/li>\n<li><strong>Bairro:<\/strong><span style=\"color: #121212\">Fazenda Santana\u00a0<\/span><\/li>\n<li><strong>CEP: <\/strong>18.770-000<\/li>\n<li><strong>Correspond\u00eancia: <\/strong>Enviar para a Floresta de Manduri<\/li>\n<li><strong>Via de Acesso:<\/strong>\u00a0SP 280 at\u00e9 o Km 289 &#8211; sentido Len\u00e7\u00f3is Paulista<\/li>\n<li><strong>Telefone:\u00a0<\/strong>(14) 3765-6125<\/li>\n<li><strong>E-mail:<\/strong>\u00a0<a href=\"mailto:floresman@if.sp.gov.br\">floresman@if.sp.gov.br<\/a><\/li>\n<\/ul>\n<ul>\n<li><strong>\u00c1rea (ha):<\/strong>\u00a01,659,97<\/li>\n<li><strong>Latitude:<\/strong>\u00a022\u00ba43\u00b4 Lat S<\/li>\n<li><strong>Longitude:<\/strong>\u00a049\u00ba06\u00b4 Long W<\/li>\n<li><strong>Amplitude Altitudinal:\u00a0<\/strong>de 600 \u00e0 688m<\/li>\n<li><strong>Per\u00edmetro(km):<\/strong><\/li>\n<li><strong>Clima:\u00a0<\/strong>Clima de inverno seco<\/li>\n<li><strong>Temperatura:\u00a0<\/strong>Temperatura m\u00e9dia anual 19,8\u00b0C<\/li>\n<\/ul>\n<ul>\n<li><strong>Topografia:<\/strong>\u00a0Relevo de colinas amplas, com altitudes entre 600 e 688m.<\/li>\n<li><strong>Solo:\u00a0<\/strong>Forma\u00e7\u00e3o basicamente por Arenitos das Forma\u00e7\u00f5es Adamantina e Mar\u00edlia, do Grupo Bauru.<\/li>\n<li><strong>Ecossistema:\u00a0<\/strong>Cerrados,\u00a0campos sujos.<\/li>\n<li><strong>Fauna:\u00a0<\/strong><\/li>\n<li><strong>Flora:<\/strong>\u00a0A unidade foi criada com a principal finalidade de incentivar no Estado o plantio de pinus e eucalyptus-subbosque com gram\u00edneas nativas. Invas\u00e3o de braqui\u00e1rias<\/li>\n<li><strong>Turismo:<\/strong> Mirante.<\/li>\n<li><strong>Hospedaria:<\/strong> Sim.<\/li>\n<li><strong>Ficha com resumo da unidade:\u00a0<\/strong><a href=\"https:\/\/smastr16.blob.core.windows.net\/iflorestal\/2018\/09\/Floresta-Aguas-Santa-Barbara.pdf\">https:\/\/smastr16.blob.core.windows.net\/iflorestal\/2018\/09\/Floresta-Aguas-Santa-Barbara.pdf<\/a><\/li>\n<\/ul>\n","protected":false},"excerpt":{"rendered":"<p>Nome: Floresta Estadual \u00c1guas de Santa B\u00e1rbara Munic\u00edpio:\u00a0\u00c1guas de Sta.B\u00e1rbara Divis\u00e3o: DFEE Diploma Legal:\u00a0Dec. 44.305 de 30\/12\/64 Se\u00e7\u00e3o:\u00a0Se\u00e7\u00e3o de Florestas de Manduri Respons\u00e1vel:\u00a0Marli Maria Cardoso Endere\u00e7o: Rodovia SP 261, Km 58 &#8211; (\u00c1guas de Santa B\u00e1rbara\/Len\u00e7\u00f3is Paulista) Bairro:Fazenda Santana\u00a0 CEP: 18.770-000 Correspond\u00eancia: Enviar para a Floresta de Manduri Via de Acesso:\u00a0SP 280 at\u00e9 o Km [&hellip;]<\/p>\n","protected":false},"author":102,"featured_media":0,"parent":3920,"menu_order":0,"comment_status":"closed","ping_status":"open","template":"","meta":[],"_links":{"self":[{"href":"https:\/\/www.infraestruturameioambiente.sp.gov.br\/institutoflorestal\/wp-json\/wp\/v2\/pages\/4214"}],"collection":[{"href":"https:\/\/www.infraestruturameioambiente.sp.gov.br\/institutoflorestal\/wp-json\/wp\/v2\/pages"}],"about":[{"href":"https:\/\/www.infraestruturameioambiente.sp.gov.br\/institutoflorestal\/wp-json\/wp\/v2\/types\/page"}],"author":[{"embeddable":true,"href":"https:\/\/www.infraestruturameioambiente.sp.gov.br\/institutoflorestal\/wp-json\/wp\/v2\/users\/102"}],"replies":[{"embeddable":true,"href":"https:\/\/www.infraestruturameioambiente.sp.gov.br\/institutoflorestal\/wp-json\/wp\/v2\/comments?post=4214"}],"version-history":[{"count":15,"href":"https:\/\/www.infraestruturameioambiente.sp.gov.br\/institutoflorestal\/wp-json\/wp\/v2\/pages\/4214\/revisions"}],"predecessor-version":[{"id":18524,"href":"https:\/\/www.infraestruturameioambiente.sp.gov.br\/institutoflorestal\/wp-json\/wp\/v2\/pages\/4214\/revisions\/18524"}],"up":[{"embeddable":true,"href":"https:\/\/www.infraestruturameioambiente.sp.gov.br\/institutoflorestal\/wp-json\/wp\/v2\/pages\/3920"}],"wp:attachment":[{"href":"https:\/\/www.infraestruturameioambiente.sp.gov.br\/institutoflorestal\/wp-json\/wp\/v2\/media?parent=4214"}],"curies":[{"name":"wp","href":"https:\/\/api.w.org\/{rel}","templated":true}]}}