{"id":4140,"date":"2013-09-09T11:28:07","date_gmt":"2013-09-09T14:28:07","guid":{"rendered":"https:\/\/www.infraestruturameioambiente.sp.gov.br\/institutoflorestal\/?page_id=4140"},"modified":"2018-09-24T11:41:29","modified_gmt":"2018-09-24T14:41:29","slug":"cajuru","status":"publish","type":"page","link":"https:\/\/www.infraestruturameioambiente.sp.gov.br\/institutoflorestal\/areas-protegidas\/florestas-estaduais\/cajuru\/","title":{"rendered":"Cajuru"},"content":{"rendered":"<div class=\"wc-gallery\"><div id='gallery-1' data-gutter-width='5' data-columns='3' class='gallery wc-gallery-captions-onhover gallery-link-file gallery-masonry galleryid-4140 gallery-columns-3 gallery-size-thumbnail wc-gallery-bottomspace-default wc-gallery-clear'><div class='gallery-item gallery-item-position-1 gallery-item-attachment-7166'>\n\t\t\t\t<div class='gallery-icon landscape'>\n\t\t\t\t\t<a href='https:\/\/www.infraestruturameioambiente.sp.gov.br\/institutoflorestal\/wp-content\/uploads\/sites\/234\/2013\/09\/DSCN02321-600x750.jpg' title='' target='_self'><img width=\"150\" height=\"150\" src=\"https:\/\/www.infraestruturameioambiente.sp.gov.br\/institutoflorestal\/wp-content\/uploads\/sites\/234\/2013\/09\/DSCN02321-150x150.jpg\" class=\"attachment-thumbnail size-thumbnail\" alt=\"\" decoding=\"async\" loading=\"lazy\" \/><\/a>\n\t\t\t\t<\/div><\/div><div class='gallery-item gallery-item-position-2 gallery-item-attachment-7165'>\n\t\t\t\t<div class='gallery-icon landscape'>\n\t\t\t\t\t<a href='https:\/\/www.infraestruturameioambiente.sp.gov.br\/institutoflorestal\/wp-content\/uploads\/sites\/234\/2013\/09\/DSCN30081-600x750.jpg' title='' target='_self'><img width=\"150\" height=\"150\" src=\"https:\/\/www.infraestruturameioambiente.sp.gov.br\/institutoflorestal\/wp-content\/uploads\/sites\/234\/2013\/09\/DSCN30081-150x150.jpg\" class=\"attachment-thumbnail size-thumbnail\" alt=\"\" decoding=\"async\" loading=\"lazy\" \/><\/a>\n\t\t\t\t<\/div><\/div><div class='gallery-item gallery-item-position-3 gallery-item-attachment-7164'>\n\t\t\t\t<div class='gallery-icon portrait'>\n\t\t\t\t\t<a href='https:\/\/www.infraestruturameioambiente.sp.gov.br\/institutoflorestal\/wp-content\/uploads\/sites\/234\/2013\/09\/DSCN03161-600x1000.jpg' title='' target='_self'><img width=\"150\" height=\"150\" src=\"https:\/\/www.infraestruturameioambiente.sp.gov.br\/institutoflorestal\/wp-content\/uploads\/sites\/234\/2013\/09\/DSCN03161-150x150.jpg\" class=\"attachment-thumbnail size-thumbnail\" alt=\"\" decoding=\"async\" loading=\"lazy\" \/><\/a>\n\t\t\t\t<\/div><\/div><\/div>\n<\/div>\n<ul>\n<li><strong>Nome:<\/strong> Floresta Estadual de Cajuru<\/li>\n<li><strong>Munic\u00edpio:<\/strong>\u00a0Cajuru, Altin\u00f3polis<\/li>\n<li><strong>Divis\u00e3o:<\/strong> DFEE<\/li>\n<li><strong>Diploma Legal:<\/strong>\u00a0Dec. 40.990 de 06\/11\/62<\/li>\n<li><strong>Se\u00e7\u00e3o:<\/strong>\u00a0Se\u00e7\u00e3o de Esta\u00e7\u00e3o Experimental de Bento Quirino<\/li>\n<li><strong>Respons\u00e1vel:<\/strong>\u00a0Marcelo Zanatta<\/li>\n<li><strong>Endere\u00e7o:<\/strong>\u00a0R. Nutti, s\/n\u00b0<a href=\"https:\/\/www.google.com.br\/maps\/preview#!q=R.+Vereador+Mario+Ananias+s%2Fn%C2%B0&amp;data=!2m1!1e3!4m10!1m9!4m8!1m3!1d140322!2d-48.1584606!3d-21.7856273!3m2!1i1280!2i909!4f13.1&amp;fid=7\" target=\"_blank\" rel=\"noopener\"><br \/>\n<\/a><\/li>\n<li><strong>Bairro:\u00a0<\/strong>Bento Quirino<\/li>\n<li><strong>CEP:\u00a0<\/strong>14200-000<\/li>\n<li><strong>Via de Acesso:<\/strong>\u00a0Rod. Abra\u00e3o Asses (SP 333), que liga Ribeir\u00e3o Preto a Cajuru, no trevo de acesso a Serrana, pegar a Estrada Vicinal M\u00e1rio Titoto, que liga Serrana a Altin\u00f3polia, 7 km antes de Altin\u00f3polis, no cruzamento com a ferrovia, entrar a direita pela estrada de terra por 14 km, cont\u00e9m placa indicativa, at\u00e9 a Sede da Unidade.<\/li>\n<li><strong>Telefone:\u00a0<\/strong>(16) 99997-6006<\/li>\n<li><strong>E-mail:<\/strong>\u00a0<a href=\"mailto:florestadecajuru@bol.com.br\">florestadecajuru@bol.com.br<\/a><\/li>\n<li><strong>Visita\u00e7\u00e3o:<\/strong> N\u00e3o recebe uso p\u00fablico.<\/li>\n<\/ul>\n<ul>\n<li><strong>\u00c1rea (ha):<\/strong>\u00a01,909.56<\/li>\n<li><strong>Latitude:<\/strong>\u00a021\u00ba 17\u00b4 sul<\/li>\n<li><strong>Longitude:<\/strong>\u00a041\u00ba 18\u00b4 oeste<\/li>\n<li><strong>Altitude: <\/strong>703m<\/li>\n<li><strong>Per\u00edmetro(km):<\/strong> 21<\/li>\n<li><strong>Observa\u00e7\u00f5es:<\/strong>\u00a0Localizada na prov\u00edncia geormofol\u00f3gica denominada Cuestas Bas\u00e1lticas e inserida no aqu\u00edfero do Guarani.<\/li>\n<li><strong>Clima:<\/strong>\u00a0Clima Cwb, quente de inverno seco<\/li>\n<li><strong>Temperatura:\u00a0<\/strong>Temperatura m\u00e9dia anual de 20,2\u00baC<\/li>\n<\/ul>\n<ul>\n<li><strong>Topografia:<\/strong>\u00a0Relevo de colinas m\u00e9dias. De suave \u00e0 ondulado<\/li>\n<li><strong>Solo:\u00a0<\/strong>Areia Quartzosa.<\/li>\n<li><strong>Ecossistema:\u00a0<\/strong>Eucaliptos, pinus, banhado<\/li>\n<li><strong>Fauna:\u00a0<\/strong><\/li>\n<li><strong>Flora:<\/strong>\u00a0Vegeta\u00e7\u00e3o representada por plantio de pinus e eucalipto e remanescentes de cerrado e floresta estacional semidecidual, dispersos em v\u00e1rios pontos da unidade. Entre outras esp\u00e9cies, ocorrem o \u00f3leo-de-copa\u00edba (<em>Copaifera lanqsdorfii<\/em>) o barbatim\u00e3o (<em>Stryphnodendron adstringens<\/em>) e a Pinda\u00edba (<em>Xylopia spp<\/em>). Esp\u00e9cie em extin\u00e7\u00e3o:\u00a0Piqui (<em>Carioca brasiliense<\/em>).<\/li>\n<li><strong>Turismo:<\/strong> N\u00e3o h\u00e1 estrutura.<\/li>\n<li><strong>Ficha com resumo da \u00e1rea protegida:<\/strong>\u00a0<a href=\"https:\/\/www.infraestruturameioambiente.sp.gov.br\/institutoflorestal\/wp-content\/uploads\/sites\/234\/2018\/09\/F-Cajuru.pdf\">https:\/\/www.infraestruturameioambiente.sp.gov.br\/institutoflorestal\/wp-content\/uploads\/sites\/234\/2018\/09\/F-Cajuru.pdf<\/a><\/li>\n<\/ul>\n","protected":false},"excerpt":{"rendered":"<p>Nome: Floresta Estadual de Cajuru Munic\u00edpio:\u00a0Cajuru, Altin\u00f3polis Divis\u00e3o: DFEE Diploma Legal:\u00a0Dec. 40.990 de 06\/11\/62 Se\u00e7\u00e3o:\u00a0Se\u00e7\u00e3o de Esta\u00e7\u00e3o Experimental de Bento Quirino Respons\u00e1vel:\u00a0Marcelo Zanatta Endere\u00e7o:\u00a0R. Nutti, s\/n\u00b0 Bairro:\u00a0Bento Quirino CEP:\u00a014200-000 Via de Acesso:\u00a0Rod. Abra\u00e3o Asses (SP 333), que liga Ribeir\u00e3o Preto a Cajuru, no trevo de acesso a Serrana, pegar a Estrada Vicinal M\u00e1rio Titoto, que [&hellip;]<\/p>\n","protected":false},"author":49,"featured_media":0,"parent":3920,"menu_order":0,"comment_status":"closed","ping_status":"open","template":"","meta":[],"_links":{"self":[{"href":"https:\/\/www.infraestruturameioambiente.sp.gov.br\/institutoflorestal\/wp-json\/wp\/v2\/pages\/4140"}],"collection":[{"href":"https:\/\/www.infraestruturameioambiente.sp.gov.br\/institutoflorestal\/wp-json\/wp\/v2\/pages"}],"about":[{"href":"https:\/\/www.infraestruturameioambiente.sp.gov.br\/institutoflorestal\/wp-json\/wp\/v2\/types\/page"}],"author":[{"embeddable":true,"href":"https:\/\/www.infraestruturameioambiente.sp.gov.br\/institutoflorestal\/wp-json\/wp\/v2\/users\/49"}],"replies":[{"embeddable":true,"href":"https:\/\/www.infraestruturameioambiente.sp.gov.br\/institutoflorestal\/wp-json\/wp\/v2\/comments?post=4140"}],"version-history":[{"count":15,"href":"https:\/\/www.infraestruturameioambiente.sp.gov.br\/institutoflorestal\/wp-json\/wp\/v2\/pages\/4140\/revisions"}],"predecessor-version":[{"id":15370,"href":"https:\/\/www.infraestruturameioambiente.sp.gov.br\/institutoflorestal\/wp-json\/wp\/v2\/pages\/4140\/revisions\/15370"}],"up":[{"embeddable":true,"href":"https:\/\/www.infraestruturameioambiente.sp.gov.br\/institutoflorestal\/wp-json\/wp\/v2\/pages\/3920"}],"wp:attachment":[{"href":"https:\/\/www.infraestruturameioambiente.sp.gov.br\/institutoflorestal\/wp-json\/wp\/v2\/media?parent=4140"}],"curies":[{"name":"wp","href":"https:\/\/api.w.org\/{rel}","templated":true}]}}