{"id":4134,"date":"2013-09-09T11:27:14","date_gmt":"2013-09-09T14:27:14","guid":{"rendered":"https:\/\/www.infraestruturameioambiente.sp.gov.br\/institutoflorestal\/?page_id=4134"},"modified":"2019-05-06T16:16:02","modified_gmt":"2019-05-06T19:16:02","slug":"batatais","status":"publish","type":"page","link":"https:\/\/www.infraestruturameioambiente.sp.gov.br\/institutoflorestal\/areas-protegidas\/florestas-estaduais\/batatais\/","title":{"rendered":"Batatais"},"content":{"rendered":"<div class=\"wc-gallery\"><div id='gallery-1' data-gutter-width='5' data-columns='3' class='gallery wc-gallery-captions-onhover gallery-link-file gallery-masonry galleryid-4134 gallery-columns-3 gallery-size-thumbnail wc-gallery-bottomspace-default wc-gallery-clear'><div class='gallery-item gallery-item-position-1 gallery-item-attachment-5643'>\n\t\t\t\t<div class='gallery-icon landscape'>\n\t\t\t\t\t<a href='https:\/\/www.infraestruturameioambiente.sp.gov.br\/institutoflorestal\/wp-content\/uploads\/sites\/234\/2013\/09\/FEBatatais-600x570.jpg' title='' target='_self'><img width=\"150\" height=\"150\" src=\"https:\/\/www.infraestruturameioambiente.sp.gov.br\/institutoflorestal\/wp-content\/uploads\/sites\/234\/2013\/09\/FEBatatais-150x150.jpg\" class=\"attachment-thumbnail size-thumbnail\" alt=\"\" decoding=\"async\" loading=\"lazy\" \/><\/a>\n\t\t\t\t<\/div><\/div><\/div>\n<\/div>\n<ul>\n<li><strong>Nome:<\/strong> Floresta Estadual de Batatais<\/li>\n<li><strong>Munic\u00edpio:<\/strong>\u00a0Batatais<\/li>\n<li><strong>Divis\u00e3o:<\/strong>\u00a0Divis\u00e3o de Florestas e Esta\u00e7\u00f5es Experimentais (DFEE)<\/li>\n<li><strong>Diploma Legal:<\/strong>\u00a0D. Lei 13.498 de 04\/08\/43<\/li>\n<li><strong>Se\u00e7\u00e3o:<\/strong>\u00a0Se\u00e7\u00e3o de Florestas de Bebedouro<\/li>\n<li><strong>Respons\u00e1vel:<\/strong>\u00a0Marcelo Zanata<\/li>\n<li><strong>Endere\u00e7o:<\/strong>\u00a0Rod. C\u00e2ndido Portinari &#8211; Km 347<\/li>\n<li><strong>Bairro: <\/strong>HORTO FLORESTAL<\/li>\n<li><strong>CEP: <\/strong>14300-320<\/li>\n<li><strong>Via de Acesso:<\/strong>\u00a0Rod. Anhanguera, Rod. C\u00e2ndido Portinari.<\/li>\n<li><strong>Caixa Postal:<\/strong>\u00a068<\/li>\n<li><strong>Telefone:\u00a0<\/strong>(16) 3662-6327<\/li>\n<li><strong>E-mail:<\/strong>\u00a0<a href=\"mailto:marcelozanata@if.sp.gov.br\">marcelozanata@if.sp.gov.br <\/a><a href=\"mailto:florestassis@gmail.com\"><br \/>\n<\/a><\/li>\n<li><strong>Visita\u00e7\u00e3o:<\/strong> N\u00e3o recebe uso p\u00fablico.<\/li>\n<\/ul>\n<ul>\n<li><strong>\u00c1rea (ha):<\/strong>\u00a01,478.55<\/li>\n<li><strong>Latitude:<\/strong>\u00a020\u00ba 53\u00b4a 20\u00ba 57\u00b4 Lat S<\/li>\n<li><strong>Longitude:<\/strong>\u00a047\u00ba 34\u00b4 a 47\u00ba 39\u00b4 Long W<\/li>\n<li><strong>Altitude: <\/strong>880m<\/li>\n<li><strong>Per\u00edmetro(km): <\/strong><\/li>\n<li><strong>Clima:<\/strong>\u00a0Clima de inverno seco.<\/li>\n<li><strong>Temperatura:\u00a0<\/strong>Temperatura m\u00e9dia anual de 22\u00b0C.<\/li>\n<\/ul>\n<ul>\n<li><strong>Topografia:<\/strong>\u00a0Relevo de colinas amplas, com altitude m\u00e9dia de 880m.<\/li>\n<li><strong>Solo:\u00a0<\/strong>Latossolo Vermelho-amarelo.<\/li>\n<li><strong>Ecossistema:\u00a0<\/strong>Mata Atl\u00e2ntica &#8211; Floresta Estacional Semidecidual, cerrado.<\/li>\n<li><strong>Fauna:<\/strong> Regi\u00e3o de avistamentos de lobo guar\u00e1, on\u00e7a parda, tamandu\u00e1 bandeira, veado campeiro, coati, com presen\u00e7a de sagui-de-tufos-pretos Callithrix penicillata (E. Geoffroy in Humboldt, 1812), macaco-prego Sapajus libidinosus (Spix, 1823), cutia Dasyprocta azarae Lichtenstein, 1823. Entre 117 esp\u00e9cies da avifauna avistada no local, citamos a saracura, gavi\u00e3o, curicaca, quero quero, juriti, alma de gato, anu, beija flores, tucanu\u00e7\u00fa, pica pau, seriema, carcar\u00e1, periquito, jo\u00e3o de barro, bem ti vi, gralha, andorinha, sabi\u00e1, tico tico e outros. Destaque para a identifica\u00e7\u00e3o de cinco (5) esp\u00e9cies de aves consideradas vulner\u00e1veis \u00e0 extin\u00e7\u00e3o no estado de S\u00e3o Paulo, tr\u00eas em formas florestais, o beija-flor-tesoura-verde Thalurania furcata (Gmelin, 1788), o chorozinho-de-bico-comprido Herpsilochmus longirostris Pelzeln, 1868 e a pipira-da-taoca Lanio penicillatus (Spix, 1825), e duas no cerrado, a guaracava-de-topete-uniforme Elaenia cristata Pelzeln, 1868 e o sanha\u00e7u-de-coleira Schistochlamys melanopis (Latham, 1790).<\/li>\n<li><strong>Flora:<\/strong>\u00a0Com mais de 150 esp\u00e9cies de \u00e1rvores identificadas em levantamentos recentes, citamos a aroeira vermelha, jequitib\u00e1, cedro, araticum do cerrado, peroba do cerrado, pinda\u00edba do brejo, angico do cerrado, jacarand\u00e1 paulista, olho de cabra, barbatim\u00e3o, canela, paineira, mamica de porca, sab\u00e3o de soldado, fruta do lobo, pau viola, pau terra e outras distribu\u00eddas entre mata atl\u00e2ntica e cerrado. Destaque para duas (2) esp\u00e9cies amea\u00e7adas de extin\u00e7\u00e3o: Euterpe edulis Mart., vulner\u00e1vel \u00e0 extin\u00e7\u00e3o na lista paulista e em perigo na lista de nacional; e Aniba heringeri Vattimo-Gil, em perigo de extin\u00e7\u00e3o na lista estadual.<\/li>\n<li><a href=\"https:\/\/smastr16.blob.core.windows.net\/iflorestal\/2019\/05\/ficha-sintese-batatais-04042019.doc\"><strong>Ficha com resumo da \u00e1rea protegida<\/strong><\/a><\/li>\n<\/ul>\n<p><b>O Minist\u00e9rio da Sa\u00fade recomenda a vacina da febre amarela aos visitantes que forem para a regi\u00e3o<\/b><\/p>\n","protected":false},"excerpt":{"rendered":"<p>Nome: Floresta Estadual de Batatais Munic\u00edpio:\u00a0Batatais Divis\u00e3o:\u00a0Divis\u00e3o de Florestas e Esta\u00e7\u00f5es Experimentais (DFEE) Diploma Legal:\u00a0D. Lei 13.498 de 04\/08\/43 Se\u00e7\u00e3o:\u00a0Se\u00e7\u00e3o de Florestas de Bebedouro Respons\u00e1vel:\u00a0Marcelo Zanata Endere\u00e7o:\u00a0Rod. C\u00e2ndido Portinari &#8211; Km 347 Bairro: HORTO FLORESTAL CEP: 14300-320 Via de Acesso:\u00a0Rod. Anhanguera, Rod. C\u00e2ndido Portinari. Caixa Postal:\u00a068 Telefone:\u00a0(16) 3662-6327 E-mail:\u00a0marcelozanata@if.sp.gov.br Visita\u00e7\u00e3o: N\u00e3o recebe uso p\u00fablico. \u00c1rea [&hellip;]<\/p>\n","protected":false},"author":102,"featured_media":0,"parent":3920,"menu_order":0,"comment_status":"closed","ping_status":"open","template":"","meta":[],"_links":{"self":[{"href":"https:\/\/www.infraestruturameioambiente.sp.gov.br\/institutoflorestal\/wp-json\/wp\/v2\/pages\/4134"}],"collection":[{"href":"https:\/\/www.infraestruturameioambiente.sp.gov.br\/institutoflorestal\/wp-json\/wp\/v2\/pages"}],"about":[{"href":"https:\/\/www.infraestruturameioambiente.sp.gov.br\/institutoflorestal\/wp-json\/wp\/v2\/types\/page"}],"author":[{"embeddable":true,"href":"https:\/\/www.infraestruturameioambiente.sp.gov.br\/institutoflorestal\/wp-json\/wp\/v2\/users\/102"}],"replies":[{"embeddable":true,"href":"https:\/\/www.infraestruturameioambiente.sp.gov.br\/institutoflorestal\/wp-json\/wp\/v2\/comments?post=4134"}],"version-history":[{"count":16,"href":"https:\/\/www.infraestruturameioambiente.sp.gov.br\/institutoflorestal\/wp-json\/wp\/v2\/pages\/4134\/revisions"}],"predecessor-version":[{"id":16733,"href":"https:\/\/www.infraestruturameioambiente.sp.gov.br\/institutoflorestal\/wp-json\/wp\/v2\/pages\/4134\/revisions\/16733"}],"up":[{"embeddable":true,"href":"https:\/\/www.infraestruturameioambiente.sp.gov.br\/institutoflorestal\/wp-json\/wp\/v2\/pages\/3920"}],"wp:attachment":[{"href":"https:\/\/www.infraestruturameioambiente.sp.gov.br\/institutoflorestal\/wp-json\/wp\/v2\/media?parent=4134"}],"curies":[{"name":"wp","href":"https:\/\/api.w.org\/{rel}","templated":true}]}}

<div class="wc-gallery"><div id='gallery-1' data-gutter-width='5' data-columns='3' class='gallery wc-gallery-captions-onhover gallery-link-file gallery-masonry galleryid-4134 gallery-columns-3 gallery-size-thumbnail wc-gallery-bottomspace-default wc-gallery-clear'><div class='gallery-item gallery-item-position-1 gallery-item-attachment-5643'>
				<div class='gallery-icon landscape'>
					<a href='https://www.infraestruturameioambiente.sp.gov.br/institutoflorestal/wp-content/uploads/sites/234/2013/09/FEBatatais-600x570.jpg' title='' target='_self'><img width="150" height="150" src="https://www.infraestruturameioambiente.sp.gov.br/institutoflorestal/wp-content/uploads/sites/234/2013/09/FEBatatais-150x150.jpg" class="attachment-thumbnail size-thumbnail" alt="" decoding="async" loading="lazy" /></a>
				</div></div></div>
</div>
<ul>
<li><strong>Nome:</strong> Floresta Estadual de Batatais</li>
<li><strong>Município:</strong> Batatais</li>
<li><strong>Divisão:</strong> Divisão de Florestas e Estações Experimentais (DFEE)</li>
<li><strong>Diploma Legal:</strong> D. Lei 13.498 de 04/08/43</li>
<li><strong>Seção:</strong> Seção de Florestas de Bebedouro</li>
<li><strong>Responsável:</strong> Marcelo Zanata</li>
<li><strong>Endereço:</strong> Rod. Cândido Portinari &#8211; Km 347</li>
<li><strong>Bairro: </strong>HORTO FLORESTAL</li>
<li><strong>CEP: </strong>14300-320</li>
<li><strong>Via de Acesso:</strong> Rod. Anhanguera, Rod. Cândido Portinari.</li>
<li><strong>Caixa Postal:</strong> 68</li>
<li><strong>Telefone: </strong>(16) 3662-6327</li>
<li><strong>E-mail:</strong> <a href="mailto:marcelozanata@if.sp.gov.br">marcelozanata@if.sp.gov.br </a><a href="mailto:florestassis@gmail.com"><br />
</a></li>
<li><strong>Visitação:</strong> Não recebe uso público.</li>
</ul>
<ul>
<li><strong>Área (ha):</strong> 1,478.55</li>
<li><strong>Latitude:</strong> 20º 53´a 20º 57´ Lat S</li>
<li><strong>Longitude:</strong> 47º 34´ a 47º 39´ Long W</li>
<li><strong>Altitude: </strong>880m</li>
<li><strong>Perímetro(km): </strong></li>
<li><strong>Clima:</strong> Clima de inverno seco.</li>
<li><strong>Temperatura: </strong>Temperatura média anual de 22°C.</li>
</ul>
<ul>
<li><strong>Topografia:</strong> Relevo de colinas amplas, com altitude média de 880m.</li>
<li><strong>Solo: </strong>Latossolo Vermelho-amarelo.</li>
<li><strong>Ecossistema: </strong>Mata Atlântica &#8211; Floresta Estacional Semidecidual, cerrado.</li>
<li><strong>Fauna:</strong> Região de avistamentos de lobo guará, onça parda, tamanduá bandeira, veado campeiro, coati, com presença de sagui-de-tufos-pretos Callithrix penicillata (E. Geoffroy in Humboldt, 1812), macaco-prego Sapajus libidinosus (Spix, 1823), cutia Dasyprocta azarae Lichtenstein, 1823. Entre 117 espécies da avifauna avistada no local, citamos a saracura, gavião, curicaca, quero quero, juriti, alma de gato, anu, beija flores, tucanuçú, pica pau, seriema, carcará, periquito, joão de barro, bem ti vi, gralha, andorinha, sabiá, tico tico e outros. Destaque para a identificação de cinco (5) espécies de aves consideradas vulneráveis à extinção no estado de São Paulo, três em formas florestais, o beija-flor-tesoura-verde Thalurania furcata (Gmelin, 1788), o chorozinho-de-bico-comprido Herpsilochmus longirostris Pelzeln, 1868 e a pipira-da-taoca Lanio penicillatus (Spix, 1825), e duas no cerrado, a guaracava-de-topete-uniforme Elaenia cristata Pelzeln, 1868 e o sanhaçu-de-coleira Schistochlamys melanopis (Latham, 1790).</li>
<li><strong>Flora:</strong> Com mais de 150 espécies de árvores identificadas em levantamentos recentes, citamos a aroeira vermelha, jequitibá, cedro, araticum do cerrado, peroba do cerrado, pindaíba do brejo, angico do cerrado, jacarandá paulista, olho de cabra, barbatimão, canela, paineira, mamica de porca, sabão de soldado, fruta do lobo, pau viola, pau terra e outras distribuídas entre mata atlântica e cerrado. Destaque para duas (2) espécies ameaçadas de extinção: Euterpe edulis Mart., vulnerável à extinção na lista paulista e em perigo na lista de nacional; e Aniba heringeri Vattimo-Gil, em perigo de extinção na lista estadual.</li>
<li><a href="https://smastr16.blob.core.windows.net/iflorestal/2019/05/ficha-sintese-batatais-04042019.doc"><strong>Ficha com resumo da área protegida</strong></a></li>
</ul>
<p><b>O Ministério da Saúde recomenda a vacina da febre amarela aos visitantes que forem para a região</b></p>

<p>Nome: Floresta Estadual de Batatais Município: Batatais Divisão: Divisão de Florestas e Estações Experimentais (DFEE) Diploma Legal: D. Lei 13.498 de 04/08/43 Seção: Seção de Florestas de Bebedouro Responsável: Marcelo Zanata Endereço: Rod. Cândido Portinari &#8211; Km 347 Bairro: HORTO FLORESTAL CEP: 14300-320 Via de Acesso: Rod. Anhanguera, Rod. Cândido Portinari. Caixa Postal: 68 Telefone: (16) 3662-6327 E-mail: marcelozanata@if.sp.gov.br Visitação: Não recebe uso público. Área [&hellip;]</p>
