{"id":4004,"date":"2013-08-28T10:46:08","date_gmt":"2013-08-28T13:46:08","guid":{"rendered":"https:\/\/www.infraestruturameioambiente.sp.gov.br\/institutoflorestal\/?page_id=4004"},"modified":"2018-09-24T11:09:22","modified_gmt":"2018-09-24T14:09:22","slug":"araraquara","status":"publish","type":"page","link":"https:\/\/www.infraestruturameioambiente.sp.gov.br\/institutoflorestal\/areas-protegidas\/estacoes-experimentais\/araraquara\/","title":{"rendered":"Araraquara"},"content":{"rendered":"<div class=\"wc-gallery\"><div id='gallery-1' data-gutter-width='5' data-columns='3' class='gallery wc-gallery-captions-onhover gallery-link-file gallery-masonry galleryid-4004 gallery-columns-3 gallery-size-thumbnail wc-gallery-bottomspace-default wc-gallery-clear'><div class='gallery-item gallery-item-position-1 gallery-item-attachment-6956'>\n\t\t\t\t<div class='gallery-icon landscape'>\n\t\t\t\t\t<a href='https:\/\/www.infraestruturameioambiente.sp.gov.br\/institutoflorestal\/wp-content\/uploads\/sites\/234\/2013\/08\/DSC00240_1-600x750.jpg' title='DSC00240_1' target='_self'><img width=\"150\" height=\"150\" src=\"https:\/\/www.infraestruturameioambiente.sp.gov.br\/institutoflorestal\/wp-content\/uploads\/sites\/234\/2013\/08\/DSC00240_1-150x150.jpg\" class=\"attachment-thumbnail size-thumbnail\" alt=\"\" decoding=\"async\" loading=\"lazy\" \/><\/a>\n\t\t\t\t<\/div><\/div><div class='gallery-item gallery-item-position-2 gallery-item-attachment-6957'>\n\t\t\t\t<div class='gallery-icon landscape'>\n\t\t\t\t\t<a href='https:\/\/www.infraestruturameioambiente.sp.gov.br\/institutoflorestal\/wp-content\/uploads\/sites\/234\/2013\/08\/DSC00245_1-600x750.jpg' title='DSC00245_1' target='_self'><img width=\"150\" height=\"150\" src=\"https:\/\/www.infraestruturameioambiente.sp.gov.br\/institutoflorestal\/wp-content\/uploads\/sites\/234\/2013\/08\/DSC00245_1-150x150.jpg\" class=\"attachment-thumbnail size-thumbnail\" alt=\"\" decoding=\"async\" loading=\"lazy\" \/><\/a>\n\t\t\t\t<\/div><\/div><div class='gallery-item gallery-item-position-3 gallery-item-attachment-6958'>\n\t\t\t\t<div class='gallery-icon landscape'>\n\t\t\t\t\t<a href='https:\/\/www.infraestruturameioambiente.sp.gov.br\/institutoflorestal\/wp-content\/uploads\/sites\/234\/2013\/08\/DSC00277_1-600x750.jpg' title='DSC00277_1' target='_self'><img width=\"150\" height=\"150\" src=\"https:\/\/www.infraestruturameioambiente.sp.gov.br\/institutoflorestal\/wp-content\/uploads\/sites\/234\/2013\/08\/DSC00277_1-150x150.jpg\" class=\"attachment-thumbnail size-thumbnail\" alt=\"\" decoding=\"async\" loading=\"lazy\" \/><\/a>\n\t\t\t\t<\/div><\/div><\/div>\n<\/div>\n<ul>\n<li><strong>Nome:<\/strong> Esta\u00e7\u00e3o Experimental de Araraquara<\/li>\n<li><strong>Munic\u00edpio:<\/strong> Araraquara<\/li>\n<li><strong>Divis\u00e3o:<\/strong> DFEE<\/li>\n<li><strong>Diploma Legal:<\/strong>\u00a0Ocupa\u00e7\u00e3o, 1964<\/li>\n<li><strong>Se\u00e7\u00e3o:<\/strong>\u00a0Se\u00e7\u00e3o de Reservas Tupi<\/li>\n<li><strong>Respons\u00e1vel:<\/strong>\u00a0Denise Zanchetta<\/li>\n<li><strong>Endere\u00e7o:<\/strong>\u00a0<a href=\"https:\/\/www.google.com.br\/maps\/preview#!q=R.+Vereador+Mario+Ananias+s%2Fn%C2%B0&amp;data=!2m1!1e3!4m10!1m9!4m8!1m3!1d140322!2d-48.1584606!3d-21.7856273!3m2!1i1280!2i909!4f13.1&amp;fid=7\" target=\"_blank\" rel=\"noopener\">R. Vereador Mario Ananias s\/n\u00b0<\/a><\/li>\n<li><strong>Bairro:<\/strong> Ch\u00e1cara Flora Araraquara<\/li>\n<li><strong>CEP:<\/strong> 14805-304<\/li>\n<li><strong>Via de Acesso:<\/strong>\u00a0Rodovia\u00a0Washington Luis (SP 310)<\/li>\n<li><strong>Caixa Postal:<\/strong>\u00a0242<\/li>\n<li><strong>Telefone:<\/strong> (16)\u00a03335-0211 (telefone p\u00fablico) \/ (19) 3575-1345 (Itirapina)<\/li>\n<li><strong>Email:<\/strong>\u00a0eeararaquara@if.sp.gov.br<\/li>\n<\/ul>\n<ul>\n<li><strong>\u00c1rea (ha):<\/strong> 117,66<\/li>\n<li><strong>Latitude:<\/strong>\u00a022\u00ba44\u00b4 a 21\u00ba40\u00b4 Lat S<\/li>\n<li><strong>Longitude:<\/strong>\u00a048\u00ba10\u00b4 a 48\u00ba12\u00b4 Long W<\/li>\n<li><strong>Altitude:<\/strong>\u00a0663m<\/li>\n<li><strong>Per\u00edmetro(km):<\/strong>\u00a04,55<\/li>\n<li><strong>Clima:<\/strong>\u00a0Clima Cwa, segundo a classifica\u00e7\u00e3o de Koppen, quente de inverno seco.<\/li>\n<li><strong>Temperatura:<\/strong>\u00a0Elevadas<\/li>\n<\/ul>\n<ul>\n<li><strong>Topografia:<\/strong>\u00a0Relevo plano, com altitude m\u00e9dia de 663m.<\/li>\n<li><strong>Solo:\u00a0<\/strong>Latossolo Vermelho-amarele &#8211; fase arenosa (LVa) e Latossolo Roxo. Solos \u00e1cidos e da baixa fertilidade.<\/li>\n<li><strong>Ecossistema:<\/strong>\u00a0Mata ciliar com reflorestamento de <em>Pinus<\/em> e <em>Eucalyptus<\/em>.<\/li>\n<li><strong>Fauna:<\/strong><\/li>\n<li><strong>Flora:<\/strong>\u00a0Cerrad\u00e3o, mata ciliar e reflorestamento. Esp\u00e9cies em extin\u00e7\u00e3o: Jatob\u00e1<\/li>\n<li><strong>Turismo:<\/strong> De Segunda a Sexta-Feira das 08:00 \u00e0s 15:00<\/li>\n<li><strong>Ficha com resumo da \u00e1rea protegida:<\/strong>\u00a0<a href=\"https:\/\/www.infraestruturameioambiente.sp.gov.br\/institutoflorestal\/wp-content\/uploads\/sites\/234\/2018\/09\/EEx-Araraquara.pdf\">https:\/\/www.infraestruturameioambiente.sp.gov.br\/institutoflorestal\/wp-content\/uploads\/sites\/234\/2018\/09\/EEx-Araraquara.pdf<\/a><\/li>\n<\/ul>\n","protected":false},"excerpt":{"rendered":"<p>Nome: Esta\u00e7\u00e3o Experimental de Araraquara Munic\u00edpio: Araraquara Divis\u00e3o: DFEE Diploma Legal:\u00a0Ocupa\u00e7\u00e3o, 1964 Se\u00e7\u00e3o:\u00a0Se\u00e7\u00e3o de Reservas Tupi Respons\u00e1vel:\u00a0Denise Zanchetta Endere\u00e7o:\u00a0R. Vereador Mario Ananias s\/n\u00b0 Bairro: Ch\u00e1cara Flora Araraquara CEP: 14805-304 Via de Acesso:\u00a0Rodovia\u00a0Washington Luis (SP 310) Caixa Postal:\u00a0242 Telefone: (16)\u00a03335-0211 (telefone p\u00fablico) \/ (19) 3575-1345 (Itirapina) Email:\u00a0eeararaquara@if.sp.gov.br \u00c1rea (ha): 117,66 Latitude:\u00a022\u00ba44\u00b4 a 21\u00ba40\u00b4 Lat S Longitude:\u00a048\u00ba10\u00b4 [&hellip;]<\/p>\n","protected":false},"author":49,"featured_media":0,"parent":3916,"menu_order":0,"comment_status":"closed","ping_status":"open","template":"","meta":[],"_links":{"self":[{"href":"https:\/\/www.infraestruturameioambiente.sp.gov.br\/institutoflorestal\/wp-json\/wp\/v2\/pages\/4004"}],"collection":[{"href":"https:\/\/www.infraestruturameioambiente.sp.gov.br\/institutoflorestal\/wp-json\/wp\/v2\/pages"}],"about":[{"href":"https:\/\/www.infraestruturameioambiente.sp.gov.br\/institutoflorestal\/wp-json\/wp\/v2\/types\/page"}],"author":[{"embeddable":true,"href":"https:\/\/www.infraestruturameioambiente.sp.gov.br\/institutoflorestal\/wp-json\/wp\/v2\/users\/49"}],"replies":[{"embeddable":true,"href":"https:\/\/www.infraestruturameioambiente.sp.gov.br\/institutoflorestal\/wp-json\/wp\/v2\/comments?post=4004"}],"version-history":[{"count":18,"href":"https:\/\/www.infraestruturameioambiente.sp.gov.br\/institutoflorestal\/wp-json\/wp\/v2\/pages\/4004\/revisions"}],"predecessor-version":[{"id":15329,"href":"https:\/\/www.infraestruturameioambiente.sp.gov.br\/institutoflorestal\/wp-json\/wp\/v2\/pages\/4004\/revisions\/15329"}],"up":[{"embeddable":true,"href":"https:\/\/www.infraestruturameioambiente.sp.gov.br\/institutoflorestal\/wp-json\/wp\/v2\/pages\/3916"}],"wp:attachment":[{"href":"https:\/\/www.infraestruturameioambiente.sp.gov.br\/institutoflorestal\/wp-json\/wp\/v2\/media?parent=4004"}],"curies":[{"name":"wp","href":"https:\/\/api.w.org\/{rel}","templated":true}]}}