{"id":3950,"date":"2013-08-26T11:06:50","date_gmt":"2013-08-26T14:06:50","guid":{"rendered":"https:\/\/www.infraestruturameioambiente.sp.gov.br\/institutoflorestal\/?page_id=3950"},"modified":"2021-02-01T15:07:51","modified_gmt":"2021-02-01T17:07:51","slug":"santa-barbara","status":"publish","type":"page","link":"https:\/\/www.infraestruturameioambiente.sp.gov.br\/institutoflorestal\/areas-protegidas\/estacoes-ecologicas\/santa-barbara\/","title":{"rendered":"Santa B\u00e1rbara"},"content":{"rendered":"<div class=\"wc-gallery\"><div id='gallery-1' data-gutter-width='5' data-columns='3' class='gallery wc-gallery-captions-onhover gallery-link-file gallery-masonry galleryid-3950 gallery-columns-3 gallery-size-thumbnail wc-gallery-bottomspace-default wc-gallery-clear'><div class='gallery-item gallery-item-position-1 gallery-item-attachment-6980'>\n\t\t\t\t<div class='gallery-icon landscape'>\n\t\t\t\t\t<a href='https:\/\/www.infraestruturameioambiente.sp.gov.br\/institutoflorestal\/wp-content\/uploads\/sites\/234\/2013\/09\/giselda3-600x667.jpg' title='' target='_self'><img width=\"150\" height=\"150\" src=\"https:\/\/www.infraestruturameioambiente.sp.gov.br\/institutoflorestal\/wp-content\/uploads\/sites\/234\/2013\/09\/giselda3-150x150.jpg\" class=\"attachment-thumbnail size-thumbnail\" alt=\"\" decoding=\"async\" loading=\"lazy\" \/><\/a>\n\t\t\t\t<\/div><\/div><div class='gallery-item gallery-item-position-2 gallery-item-attachment-6979'>\n\t\t\t\t<div class='gallery-icon landscape'>\n\t\t\t\t\t<a href='https:\/\/www.infraestruturameioambiente.sp.gov.br\/institutoflorestal\/wp-content\/uploads\/sites\/234\/2013\/09\/giselda2-600x667.jpg' title='' target='_self'><img width=\"150\" height=\"150\" src=\"https:\/\/www.infraestruturameioambiente.sp.gov.br\/institutoflorestal\/wp-content\/uploads\/sites\/234\/2013\/09\/giselda2-150x150.jpg\" class=\"attachment-thumbnail size-thumbnail\" alt=\"\" decoding=\"async\" loading=\"lazy\" \/><\/a>\n\t\t\t\t<\/div><\/div><div class='gallery-item gallery-item-position-3 gallery-item-attachment-6978'>\n\t\t\t\t<div class='gallery-icon landscape'>\n\t\t\t\t\t<a href='https:\/\/www.infraestruturameioambiente.sp.gov.br\/institutoflorestal\/wp-content\/uploads\/sites\/234\/2013\/09\/giselda1-600x667.jpg' title='' target='_self'><img width=\"150\" height=\"150\" src=\"https:\/\/www.infraestruturameioambiente.sp.gov.br\/institutoflorestal\/wp-content\/uploads\/sites\/234\/2013\/09\/giselda1-150x150.jpg\" class=\"attachment-thumbnail size-thumbnail\" alt=\"\" decoding=\"async\" loading=\"lazy\" \/><\/a>\n\t\t\t\t<\/div><\/div><\/div>\n<\/div>\n<ul>\n<li><strong>Nome:<\/strong> Esta\u00e7\u00e3o Ecol\u00f3gica de Santa B\u00e1rbara<\/li>\n<li><strong>Munic\u00edpio:<\/strong> \u00c1guas de Santa B\u00e1rbara<\/li>\n<li><strong>Divis\u00e3o:<\/strong> DFEE<\/li>\n<li><strong>Diploma Legal:<\/strong>\u00a0Dec. 22.337 de 07\/06\/84<\/li>\n<li><strong>Se\u00e7\u00e3o:<\/strong>\u00a0Se\u00e7\u00e3o de Florestas de Manduri<\/li>\n<li><strong>Respons\u00e1vel:<\/strong>\u00a0Marli Maria Cardoso<\/li>\n<li><strong>Endere\u00e7o:<\/strong>\u00a0<a href=\"https:\/\/www.google.com.br\/maps\/preview#!q=%C3%81guas+de+Santa+B%C3%A1rbara+-+S%C3%A3o+Paulo&amp;data=!1m4!1m3!1d139312!2d-49.1639387!3d-22.795181!2m1!1e3!4m10!1m9!4m8!1m3!1d137501!2d-48.8379805!3d-24.5070524!3m2!1i1280!2i909!4f13.1&amp;fid=7\" target=\"_blank\" rel=\"noopener noreferrer\">Horto Florestal &#8211; \u00c1guas de Santa B\u00e1rbara<\/a><\/li>\n<li><strong>Bairro:<\/strong>\u00a0Fazenda Santana<\/li>\n<li><strong>CEP:<\/strong>\u00a018770-000<\/li>\n<li><strong>Via de Acesso:<\/strong>\u00a0Rodovia SP 26 &#8211; km 58.\u00a0\u00c1guas de Santa B\u00e1rbara a Len\u00e7\u00f3is Paulista &#8211; km 3<\/li>\n<li><strong>Correspond\u00eancia:<\/strong>\u00a0Enviar para a Floresta de Manduri<\/li>\n<li><strong>Telefone:<\/strong>\u00a0(14) 3765-6125<\/li>\n<\/ul>\n<ul>\n<li><strong>\u00c1rea (ha):<\/strong> 2712,00<\/li>\n<li><strong>Latitude:<\/strong>\u00a024\u00ba48\u00b4 Lat S<\/li>\n<li><strong>Longitude:<\/strong>\u00a049\u00ba13\u00b4 Long W<\/li>\n<li><strong>Amplitude Altitudinal:<\/strong>\u00a0600 a 680 m<\/li>\n<li><strong>Clima:<\/strong>\u00a0Quente de inverno seco<\/li>\n<li><strong>Temperatura:<\/strong>\u00a0Temperatura 16\u00b0C m\u00eas mais frio e 23\u00b0C m\u00eas mais quente.<\/li>\n<\/ul>\n<ul>\n<li><strong>Topografia:<\/strong>\u00a0Relevo de colinas amplas, com altitudes entre 600 e 680 m.<\/li>\n<li><strong>Solo:\u00a0<\/strong>Forma\u00e7\u00e3o basicamente por Arenitos das Forma\u00e7\u00f5es Adamantina e Mar\u00edlia, do grupo Bauru. Apresenta Latossolo vermelho amarelo fase arenosa.<\/li>\n<li><strong>Ecossistema:<\/strong> Floresta Estacional Semidecidual Submontana, Floresta Palud\u00edcola, Mata de Galeria, Cerrad\u00e3o, Cerrado Denso, Cerrado T\u00edpico, Campo Cerrado e Campo \u00damido.<\/li>\n<li><strong>Produtos:<\/strong> Resina de <em>Pinus &#8211;\u00a0<\/em>Madeira de\u00a0<em>Pinus<\/em><\/li>\n<li><strong>Fauna:<\/strong><\/li>\n<li><strong>Popula\u00e7\u00f5es animais ou vegetais chave para conserva\u00e7\u00e3o<\/strong>: S\u00e3o conhecidas para a \u00e1rea protegida 528 esp\u00e9cies vegetais nativas. Destacam-se a ju\u00e7ara <em>Euterpe edulis<\/em>, a <em>Vernonia chamissois<\/em>, o ip\u00ea-felpudo <em>Zeyheria tuberculosa<\/em>, a <em>Lobelia nummularioides<\/em>, a <em>Rourea pseudospadicea<\/em>, a sucupira-preta <em>Bowdichia virgilioides<\/em>, a <em>Clitoria epetiolata<\/em>, a <em>Lafoensia vandelliana<\/em>, a <em>Byttneria oblongata<\/em>, o cedro-rosa <em>Cedrela fissilis<\/em>, o cedro-do-brejo <em>Cedrela odorata<\/em>, a <em>Eugenia klotzschiana<\/em> e a taquara <em>Merostachys skvortzovii<\/em>. Para a fauna de vertebrados foram registradas 10 esp\u00e9cies de peixes, 33 de anf\u00edbios, 59 de mam\u00edferos, 33 de r\u00e9pteis e 244 de aves. Podem ser citados o tamandu\u00e1-bandeira <em>Myrmecophaga tridactyla<\/em>, o rato-do-ch\u00e3o <em>Cerradomys scotti<\/em>, o rato-de-espinho <em>Clyomys laticeps<\/em>, a on\u00e7a-parda <em>Puma concolor<\/em>, a jaguatirica <em>Leopardus pardalis<\/em>, o lobo-guar\u00e1 <em>Chrysocyon brachyurus<\/em>, o papa-vento-do-campo <em>Norops meridionalis<\/em>, o lagartinho-do-ch\u00e3o <em>Cercosaura ocellata<\/em>, o lagarto-do-rabo-azul <em>Micrablepharus atticolus<\/em>, o calanguinho-do-campo <em>Ameiva jacuba<\/em>, o calango-do-campo <em>Ameivula ocellifera<\/em>, o lagarto-listrado-do-cerrado <em>Kentropyx paulensis<\/em>, a falsa-coral <em>Oxyrhopus rhombifer<\/em>, a cobra-papa-aranha <em>Philodryas agassizii<\/em>, a parelheira-do-campo <em>Philodryas livida<\/em>, cobra-nariguda-do-campo <em>Xenodon nattereri<\/em>, maxalalag\u00e1 <em>Micropygia schomburgkii<\/em>, a san\u00e3-de-cara-ruiva <em>Laterallus xenopterus<\/em>, o narcej\u00e3o <em>Gallinago undulata<\/em>, o tapaculo-de-colarinho <em>Melanopareia torquata<\/em>, papa-moscas-do-campo <em>Culicivora caudacuta<\/em>, o galito <em>Alectrurus tricolor<\/em>, a cigarra-do-campo <em>Neothraupis fasciata<\/em>, a bandoleta <em>Cypsnagra hirundinacea<\/em>, a patativa <em>Sporophila plumbea<\/em> e o caboclinho-branco <em>Sporophila pileata<\/em>.<\/li>\n<li><strong>Flora:<\/strong>\u00a0Cerrado com diferentes fisionomias (de campo sujo a cerrad\u00e3o) constitui sua cobertura vegetal.<br \/>\nA unidade apresenta vegeta\u00e7\u00e3o como:<br \/>\n&#8211; Cajueiro do campo (<em>Anacarsium humile<\/em>)<br \/>\n&#8211; Jeriv\u00e1 (<em>Syagrus romanzoffiana<\/em>).<br \/>\n&#8211; Pinda\u00edba-preta (<em>Guatteria nigrescens<\/em>)<br \/>\n&#8211; Espinheira-santa (<em>Maytenus aquifolium<\/em>).<br \/>\n&#8211; baripari (<em>Tontelea microntha<\/em>).<br \/>\nEsp\u00e9cie em extin\u00e7\u00e3o:\u00a0&#8211; Espinheira Santa<\/li>\n<li><strong>Observa\u00e7\u00f5es sobre a Flora:<\/strong>\u00a0Invas\u00e3o de braqui\u00e1rias<\/li>\n<li><strong>Turismo:<\/strong> Caminhadas, Trekking; Observa\u00e7\u00e3o da fauna e flora silvestre.<\/li>\n<li><strong>Hospedaria:<\/strong>\u00a008 leitos dispon\u00edveis para pesquisadores.<\/li>\n<li><strong>Plano de Manejo:\u00a0<\/strong><a href=\"https:\/\/smastr16.blob.core.windows.net\/iflorestal\/sites\/234\/2013\/03\/Plano_de_Manejo_EEc_Santa_Barbara.pdf\">https:\/\/smastr16.blob.core.windows.net\/iflorestal\/sites\/234\/2013\/03\/Plano_de_Manejo_EEc_Santa_Barbara.pdf<\/a><\/li>\n<li><strong>Ficha com resumo das \u00e1reas protegidas:<\/strong>\u00a0<a href=\"https:\/\/smastr16.blob.core.windows.net\/iflorestal\/sites\/234\/2018\/09\/EEc-Santa-Barbara.pdf\">https:\/\/smastr16.blob.core.windows.net\/iflorestal\/sites\/234\/2018\/09\/EEc-Santa-Barbara.pdf<\/a><\/li>\n<\/ul>\n","protected":false},"excerpt":{"rendered":"<p>Nome: Esta\u00e7\u00e3o Ecol\u00f3gica de Santa B\u00e1rbara Munic\u00edpio: \u00c1guas de Santa B\u00e1rbara Divis\u00e3o: DFEE Diploma Legal:\u00a0Dec. 22.337 de 07\/06\/84 Se\u00e7\u00e3o:\u00a0Se\u00e7\u00e3o de Florestas de Manduri Respons\u00e1vel:\u00a0Marli Maria Cardoso Endere\u00e7o:\u00a0Horto Florestal &#8211; \u00c1guas de Santa B\u00e1rbara Bairro:\u00a0Fazenda Santana CEP:\u00a018770-000 Via de Acesso:\u00a0Rodovia SP 26 &#8211; km 58.\u00a0\u00c1guas de Santa B\u00e1rbara a Len\u00e7\u00f3is Paulista &#8211; km 3 Correspond\u00eancia:\u00a0Enviar para [&hellip;]<\/p>\n","protected":false},"author":102,"featured_media":0,"parent":3914,"menu_order":0,"comment_status":"closed","ping_status":"open","template":"","meta":[],"_links":{"self":[{"href":"https:\/\/www.infraestruturameioambiente.sp.gov.br\/institutoflorestal\/wp-json\/wp\/v2\/pages\/3950"}],"collection":[{"href":"https:\/\/www.infraestruturameioambiente.sp.gov.br\/institutoflorestal\/wp-json\/wp\/v2\/pages"}],"about":[{"href":"https:\/\/www.infraestruturameioambiente.sp.gov.br\/institutoflorestal\/wp-json\/wp\/v2\/types\/page"}],"author":[{"embeddable":true,"href":"https:\/\/www.infraestruturameioambiente.sp.gov.br\/institutoflorestal\/wp-json\/wp\/v2\/users\/102"}],"replies":[{"embeddable":true,"href":"https:\/\/www.infraestruturameioambiente.sp.gov.br\/institutoflorestal\/wp-json\/wp\/v2\/comments?post=3950"}],"version-history":[{"count":21,"href":"https:\/\/www.infraestruturameioambiente.sp.gov.br\/institutoflorestal\/wp-json\/wp\/v2\/pages\/3950\/revisions"}],"predecessor-version":[{"id":20171,"href":"https:\/\/www.infraestruturameioambiente.sp.gov.br\/institutoflorestal\/wp-json\/wp\/v2\/pages\/3950\/revisions\/20171"}],"up":[{"embeddable":true,"href":"https:\/\/www.infraestruturameioambiente.sp.gov.br\/institutoflorestal\/wp-json\/wp\/v2\/pages\/3914"}],"wp:attachment":[{"href":"https:\/\/www.infraestruturameioambiente.sp.gov.br\/institutoflorestal\/wp-json\/wp\/v2\/media?parent=3950"}],"curies":[{"name":"wp","href":"https:\/\/api.w.org\/{rel}","templated":true}]}}