{"id":3944,"date":"2013-08-26T11:05:23","date_gmt":"2013-08-26T14:05:23","guid":{"rendered":"https:\/\/www.infraestruturameioambiente.sp.gov.br\/institutoflorestal\/?page_id=3944"},"modified":"2021-02-01T15:07:39","modified_gmt":"2021-02-01T17:07:39","slug":"marilia","status":"publish","type":"page","link":"https:\/\/www.infraestruturameioambiente.sp.gov.br\/institutoflorestal\/areas-protegidas\/estacoes-ecologicas\/marilia\/","title":{"rendered":"Mar\u00edlia"},"content":{"rendered":"<ul>\n<li><strong>Nome:<\/strong> Esta\u00e7\u00e3o Ecol\u00f3gica de Mar\u00edlia<\/li>\n<li><strong>Munic\u00edpio:<\/strong> Mar\u00edlia<\/li>\n<li><strong>Divis\u00e3o:<\/strong> DFEE<\/li>\n<li><strong>Diploma Legal:<\/strong>\u00a0Dec. 56.615 de 28\/12\/2010<\/li>\n<li><strong>Se\u00e7\u00e3o: <\/strong>Se\u00e7\u00e3o de Floresta de Assis<\/li>\n<li><strong>Respons\u00e1vel: <\/strong>Osmar Vilas Boas<\/li>\n<li><strong>Endere\u00e7o:\u00a0<\/strong>Rodovia BR 153 \u2013 Km 223<\/li>\n<li><strong>Bairro:\u00a0<\/strong>Zona Rural<\/li>\n<li><strong>CEP:<\/strong>17539-899<\/li>\n<li><strong>Via de Acesso:\u00a0<\/strong>Rodovia Castelo Branco, SP 280 at\u00e9 o final, depois pegar Rodovia SP 225, Rodovia SP 293 e Rodovia SP 294 at\u00e9 Mar\u00edlia, depois pegar Rodovia SP 333 e por fim Rodovia BR 153, sentido Lins- S\u00e3o Jos\u00e9 do Rio Preto, at\u00e9 o km 223.<\/li>\n<li><strong>Telefone:\u00a0<\/strong>(18) 3325-1066\/3325-1045<\/li>\n<li><strong>Email: <\/strong>\u00a0<a href=\"mailto:florestassis@gmail.com\" target=\"_blank\" rel=\"noopener noreferrer\" data-auth=\"NotApplicable\">florestassis@gmail.com<\/a><\/li>\n<\/ul>\n<ul>\n<li><strong>\u00c1rea (ha):<\/strong> 607,14<\/li>\n<li><strong>Latitude:\u00a0<\/strong>22\u00ba03\u2019 \u2013 Lat. Sul<\/li>\n<li><strong>Longitude:<\/strong>\u00a049\u00ba55\u2019 \u2013 Long. Oeste<\/li>\n<li><strong>Amplitude Altitudinal:<\/strong><\/li>\n<li><strong>Observa\u00e7\u00e3o:<\/strong><\/li>\n<li><strong>Clima:\u00a0<\/strong>Cwa, quente de inverno seco<\/li>\n<li><strong>Temperatura:\u00a0<\/strong>temperatura m\u00e9dia do m\u00eas mais quente superior a 23\u00baC ; temperatura m\u00e9dia do m\u00eas mais frio inferior a 18\u00baC<\/li>\n<\/ul>\n<ul>\n<li><strong>Topografia:\u00a0<\/strong>Apresenta relevo suave ondulado, com altitude m\u00e9dia de 440 metros sobre o n\u00edvel do mar.<\/li>\n<li><strong>Solo:\u00a0<\/strong>O solo \u00e9 classificado, de acordo com o Sistema Nacional de Levantamento e Classifica\u00e7\u00e3o de Solos da EMBRAPA, como Podz\u00f3lico Vermelho-amarelo, TB, abrupto, distr\u00f3fico. A moderada, de textura areia m\u00e9dia.<\/li>\n<li><strong>Uso do Solo:<\/strong><\/li>\n<li><strong>Hidrografia:<\/strong><\/li>\n<li><strong>Ecossistema: <\/strong>Floresta Estacional Semidecidual Montana, Floresta Estacional Semidecidual Aluvial e Forma\u00e7\u00f5es Pioneiras Fluviais.<\/li>\n<li><strong>Fauna:\u00a0<\/strong><\/li>\n<li><strong>Popula\u00e7\u00f5es animais ou vegetais chave para conserva\u00e7\u00e3o<\/strong>: S\u00e3o conhecidas para a \u00e1rea protegida 277 esp\u00e9cies vegetais nativas. Destacam-se a peroba-rosa <em>Aspidosperma polyneuron<\/em>, o ip\u00ea-felpudo <em>Zeyheria tuberculosa<\/em>, a <em>Rourea pseudospadicea<\/em>, a garapa <em>Apuleia leiocarpa<\/em>, o cedro-rosa <em>Cedrela fissilis<\/em>, o catigu\u00e1 <em>Trichilia casaretti<\/em> e a <em>Gouania inornata<\/em>. Para a fauna de vertebrados foram registradas 24 esp\u00e9cies de peixes, 13 de anf\u00edbios, 21 de mam\u00edferos, 07 de r\u00e9pteis e 143 de aves. Podem ser citadas a on\u00e7a-parda <em>Puma concolor<\/em>, a jaguatirica <em>Leopardus pardalis<\/em> e a maracan\u00e3-verdadeira <em>Primolius maracana<\/em>.<\/li>\n<li><strong>Flora:\u00a0<\/strong>Em levantamento das matas ciliares da Esta\u00e7\u00e3o, foram identificadas 129 esp\u00e9cies, pertencentes a 45 fam\u00edlias. Dentre estas, seis esp\u00e9cies encontram-se listadas em alguma categoria de amea\u00e7a: Aspidosperma polyneuron, Zeyheria tuberculosa, Apuleia leiocarpa, Cedrela fissilis e Trichilia casaretti.<\/li>\n<li><strong>Plano de Manejo:<\/strong><br \/>\n<a href=\"http:\/\/www.sigam.ambiente.sp.gov.br\/sigam3\/Default.aspx?idPagina=14923\">http:\/\/www.sigam.ambiente.sp.gov.br\/sigam3\/Default.aspx?idPagina=14923<\/a><\/li>\n<li><strong>Ficha com resumo da \u00e1rea protegida:<\/strong>\u00a0<a href=\"https:\/\/smastr16.blob.core.windows.net\/iflorestal\/2018\/09\/EEc-MARILIA.pdf\">https:\/\/smastr16.blob.core.windows.net\/iflorestal\/2018\/09\/EEc-MARILIA.pdf<\/a><\/li>\n<\/ul>\n","protected":false},"excerpt":{"rendered":"<p>Nome: Esta\u00e7\u00e3o Ecol\u00f3gica de Mar\u00edlia Munic\u00edpio: Mar\u00edlia Divis\u00e3o: DFEE Diploma Legal:\u00a0Dec. 56.615 de 28\/12\/2010 Se\u00e7\u00e3o: Se\u00e7\u00e3o de Floresta de Assis Respons\u00e1vel: Osmar Vilas Boas Endere\u00e7o:\u00a0Rodovia BR 153 \u2013 Km 223 Bairro:\u00a0Zona Rural CEP:17539-899 Via de Acesso:\u00a0Rodovia Castelo Branco, SP 280 at\u00e9 o final, depois pegar Rodovia SP 225, Rodovia SP 293 e Rodovia SP 294 [&hellip;]<\/p>\n","protected":false},"author":102,"featured_media":0,"parent":3914,"menu_order":0,"comment_status":"closed","ping_status":"open","template":"","meta":[],"_links":{"self":[{"href":"https:\/\/www.infraestruturameioambiente.sp.gov.br\/institutoflorestal\/wp-json\/wp\/v2\/pages\/3944"}],"collection":[{"href":"https:\/\/www.infraestruturameioambiente.sp.gov.br\/institutoflorestal\/wp-json\/wp\/v2\/pages"}],"about":[{"href":"https:\/\/www.infraestruturameioambiente.sp.gov.br\/institutoflorestal\/wp-json\/wp\/v2\/types\/page"}],"author":[{"embeddable":true,"href":"https:\/\/www.infraestruturameioambiente.sp.gov.br\/institutoflorestal\/wp-json\/wp\/v2\/users\/102"}],"replies":[{"embeddable":true,"href":"https:\/\/www.infraestruturameioambiente.sp.gov.br\/institutoflorestal\/wp-json\/wp\/v2\/comments?post=3944"}],"version-history":[{"count":19,"href":"https:\/\/www.infraestruturameioambiente.sp.gov.br\/institutoflorestal\/wp-json\/wp\/v2\/pages\/3944\/revisions"}],"predecessor-version":[{"id":20169,"href":"https:\/\/www.infraestruturameioambiente.sp.gov.br\/institutoflorestal\/wp-json\/wp\/v2\/pages\/3944\/revisions\/20169"}],"up":[{"embeddable":true,"href":"https:\/\/www.infraestruturameioambiente.sp.gov.br\/institutoflorestal\/wp-json\/wp\/v2\/pages\/3914"}],"wp:attachment":[{"href":"https:\/\/www.infraestruturameioambiente.sp.gov.br\/institutoflorestal\/wp-json\/wp\/v2\/media?parent=3944"}],"curies":[{"name":"wp","href":"https:\/\/api.w.org\/{rel}","templated":true}]}}