{"id":3940,"date":"2013-08-26T11:04:39","date_gmt":"2013-08-26T14:04:39","guid":{"rendered":"https:\/\/www.infraestruturameioambiente.sp.gov.br\/institutoflorestal\/?page_id=3940"},"modified":"2020-04-06T16:00:05","modified_gmt":"2020-04-06T19:00:05","slug":"itapeva","status":"publish","type":"page","link":"https:\/\/www.infraestruturameioambiente.sp.gov.br\/institutoflorestal\/areas-protegidas\/estacoes-ecologicas\/itapeva\/","title":{"rendered":"Itapeva"},"content":{"rendered":"<div class=\"wc-gallery\"><div id='gallery-1' data-gutter-width='5' data-columns='3' class='gallery wc-gallery-captions-onhover gallery-link-file gallery-masonry galleryid-3940 gallery-columns-3 gallery-size-thumbnail wc-gallery-bottomspace-default wc-gallery-clear'><div class='gallery-item gallery-item-position-1 gallery-item-attachment-7391'>\n\t\t\t\t<div class='gallery-icon landscape'>\n\t\t\t\t\t<a href='https:\/\/www.infraestruturameioambiente.sp.gov.br\/institutoflorestal\/wp-content\/uploads\/sites\/234\/2013\/08\/pag3-capa-600x600.jpg' title='pag3 capa' target='_self'><img width=\"150\" height=\"150\" src=\"https:\/\/www.infraestruturameioambiente.sp.gov.br\/institutoflorestal\/wp-content\/uploads\/sites\/234\/2013\/08\/pag3-capa-150x150.jpg\" class=\"attachment-thumbnail size-thumbnail\" alt=\"\" decoding=\"async\" loading=\"lazy\" srcset=\"https:\/\/www.infraestruturameioambiente.sp.gov.br\/institutoflorestal\/wp-content\/uploads\/sites\/234\/2013\/08\/pag3-capa-150x150.jpg 150w, https:\/\/www.infraestruturameioambiente.sp.gov.br\/institutoflorestal\/wp-content\/uploads\/sites\/234\/2013\/08\/pag3-capa-600x600.jpg 600w\" sizes=\"(max-width: 150px) 100vw, 150px\" \/><\/a>\n\t\t\t\t<\/div><\/div><\/div>\n<\/div>\n<ul>\n<li><strong>Nome:<\/strong> Esta\u00e7\u00e3o Ecol\u00f3gica de Itapeva<\/li>\n<li><strong>Munic\u00edpio:<\/strong> Itapeva<\/li>\n<li><strong>Divis\u00e3o:<\/strong> DFEE<\/li>\n<li><strong>Diploma Legal:<\/strong> Dec. 23.791 de 13\/08\/85<\/li>\n<li><strong>Se\u00e7\u00e3o:<\/strong> Se\u00e7\u00e3o de Esta\u00e7\u00e3o Experimental de Itapeva<\/li>\n<li><strong>Respons\u00e1vel:<\/strong> Jos\u00e9 Antonio de Freitas<\/li>\n<li><strong>Endere\u00e7o:\u00a0<\/strong>Rod. SP 258 &#8211; km 312<\/li>\n<li><strong>Bairro:<\/strong> Engenheiro Maia<\/li>\n<li><strong>CEP:<\/strong> 18440-000<\/li>\n<li><strong>Via de Acesso:<\/strong> SP 258 \/ KM 312 + 300 m a direita no sentido do sol nascente<\/li>\n<li><strong>Caixa Postal:<\/strong> 105<\/li>\n<li><strong>Telefone:<\/strong> (15) 3562-1132<\/li>\n<\/ul>\n<ul>\n<li><strong>\u00c1rea (ha):<\/strong> 106,77<\/li>\n<li><strong>Latitude:<\/strong> 24\u00ba02\u00b4 Lat S<\/li>\n<li><strong>Longitude:<\/strong> 49\u00ba06\u00b4 Long W<\/li>\n<li><strong>Altitude:<\/strong>750m<\/li>\n<li><strong>Per\u00edmetro:<\/strong>3.5km<\/li>\n<li><strong>Observa\u00e7\u00e3o:<\/strong> Limitantes ao Norte, Leste e Oeste com a Est. Exp. de Itapeva ao Sul assentados \u00e1rea IV.<\/li>\n<li><strong>Clima:<\/strong> Cfb<\/li>\n<li><strong>Temperatura:<\/strong> Temperatua m\u00e9dia anual 18,5\u00b0C<\/li>\n<\/ul>\n<ul>\n<li><strong>Topografia:<\/strong> Levemente ondulada<\/li>\n<li><strong>Solo: LE, LV<\/strong><\/li>\n<li><strong>Ecossistema:<\/strong> Cerrado<\/li>\n<li><strong>Fauna:<\/strong><\/li>\n<li><strong>Flora:<\/strong> A unidade apresenta vegeta\u00e7\u00e3o remanescente de cerrado, onde afloram esp\u00e9cies como o angico-preto, ip\u00ea amarelo, cambara e canela. Esp\u00e9cies em extin\u00e7\u00e3o: Angico-preto e ip\u00ea amarelo<\/li>\n<li><strong>Principais amea\u00e7as:<\/strong> Inc\u00eandio e ca\u00e7adores.<\/li>\n<li><strong>Turismo:<\/strong>\u00a0Mata ciliar e Figueira gigante s\u00e3o as principais atra\u00e7\u00f5es; Corredeiras; Lagos, lagoas e rios; Caminhadas, trekking; Ciclismo; Mergulho; Passeio de barco; Observa\u00e7\u00e3o da fauna e flora silvestre.<\/li>\n<li><strong>Plano de Manejo:<br \/>\n<\/strong><a href=\"https:\/\/smastr16.blob.core.windows.net\/iflorestal\/2019\/02\/PLANO-MANEJO-EEc-ITAPEVA_18_10_2018.pdf\">https:\/\/smastr16.blob.core.windows.net\/iflorestal\/2019\/02\/PLANO-MANEJO-EEc-ITAPEVA_18_10_2018.pdf<\/a><\/li>\n<li><strong>Ficha com resumo da unidade:<\/strong>\u00a0<a href=\"https:\/\/smastr16.blob.core.windows.net\/iflorestal\/2018\/09\/EEcologica-Itapeva.pdf\">https:\/\/smastr16.blob.core.windows.net\/iflorestal\/2018\/09\/EEcologica-Itapeva.pdf<\/a><\/li>\n<\/ul>\n<p><b>O Minist\u00e9rio da Sa\u00fade recomenda a vacina da febre amarela aos visitantes que forem para a regi\u00e3o<\/b><\/p>\n","protected":false},"excerpt":{"rendered":"<p>Nome: Esta\u00e7\u00e3o Ecol\u00f3gica de Itapeva Munic\u00edpio: Itapeva Divis\u00e3o: DFEE Diploma Legal: Dec. 23.791 de 13\/08\/85 Se\u00e7\u00e3o: Se\u00e7\u00e3o de Esta\u00e7\u00e3o Experimental de Itapeva Respons\u00e1vel: Jos\u00e9 Antonio de Freitas Endere\u00e7o:\u00a0Rod. SP 258 &#8211; km 312 Bairro: Engenheiro Maia CEP: 18440-000 Via de Acesso: SP 258 \/ KM 312 + 300 m a direita no sentido do sol [&hellip;]<\/p>\n","protected":false},"author":102,"featured_media":0,"parent":3914,"menu_order":0,"comment_status":"closed","ping_status":"open","template":"","meta":[],"_links":{"self":[{"href":"https:\/\/www.infraestruturameioambiente.sp.gov.br\/institutoflorestal\/wp-json\/wp\/v2\/pages\/3940"}],"collection":[{"href":"https:\/\/www.infraestruturameioambiente.sp.gov.br\/institutoflorestal\/wp-json\/wp\/v2\/pages"}],"about":[{"href":"https:\/\/www.infraestruturameioambiente.sp.gov.br\/institutoflorestal\/wp-json\/wp\/v2\/types\/page"}],"author":[{"embeddable":true,"href":"https:\/\/www.infraestruturameioambiente.sp.gov.br\/institutoflorestal\/wp-json\/wp\/v2\/users\/102"}],"replies":[{"embeddable":true,"href":"https:\/\/www.infraestruturameioambiente.sp.gov.br\/institutoflorestal\/wp-json\/wp\/v2\/comments?post=3940"}],"version-history":[{"count":17,"href":"https:\/\/www.infraestruturameioambiente.sp.gov.br\/institutoflorestal\/wp-json\/wp\/v2\/pages\/3940\/revisions"}],"predecessor-version":[{"id":19008,"href":"https:\/\/www.infraestruturameioambiente.sp.gov.br\/institutoflorestal\/wp-json\/wp\/v2\/pages\/3940\/revisions\/19008"}],"up":[{"embeddable":true,"href":"https:\/\/www.infraestruturameioambiente.sp.gov.br\/institutoflorestal\/wp-json\/wp\/v2\/pages\/3914"}],"wp:attachment":[{"href":"https:\/\/www.infraestruturameioambiente.sp.gov.br\/institutoflorestal\/wp-json\/wp\/v2\/media?parent=3940"}],"curies":[{"name":"wp","href":"https:\/\/api.w.org\/{rel}","templated":true}]}}