{"id":3934,"date":"2013-08-26T11:02:45","date_gmt":"2013-08-26T14:02:45","guid":{"rendered":"https:\/\/www.infraestruturameioambiente.sp.gov.br\/institutoflorestal\/?page_id=3934"},"modified":"2021-02-01T15:07:20","modified_gmt":"2021-02-01T17:07:20","slug":"angatuba","status":"publish","type":"page","link":"https:\/\/www.infraestruturameioambiente.sp.gov.br\/institutoflorestal\/areas-protegidas\/estacoes-ecologicas\/angatuba\/","title":{"rendered":"Angatuba"},"content":{"rendered":"<div class=\"wc-gallery\"><div id='gallery-1' data-gutter-width='5' data-columns='3' class='gallery wc-gallery-captions-onhover gallery-link-file gallery-masonry galleryid-3934 gallery-columns-3 gallery-size-thumbnail wc-gallery-bottomspace-default wc-gallery-clear'><div class='gallery-item gallery-item-position-1 gallery-item-attachment-5515'>\n\t\t\t\t<div class='gallery-icon landscape'>\n\t\t\t\t\t<a href='https:\/\/www.infraestruturameioambiente.sp.gov.br\/institutoflorestal\/wp-content\/uploads\/sites\/234\/2013\/08\/angatuba3-600x450.jpg' title='' target='_self'><img width=\"150\" height=\"150\" src=\"https:\/\/www.infraestruturameioambiente.sp.gov.br\/institutoflorestal\/wp-content\/uploads\/sites\/234\/2013\/08\/angatuba3-150x150.jpg\" class=\"attachment-thumbnail size-thumbnail\" alt=\"\" decoding=\"async\" loading=\"lazy\" \/><\/a>\n\t\t\t\t<\/div><\/div><div class='gallery-item gallery-item-position-2 gallery-item-attachment-7384'>\n\t\t\t\t<div class='gallery-icon portrait'>\n\t\t\t\t\t<a href='https:\/\/www.infraestruturameioambiente.sp.gov.br\/institutoflorestal\/wp-content\/uploads\/sites\/234\/2013\/09\/E.Ec_.-Angatuba-600x752.jpg' title='' target='_self'><img width=\"150\" height=\"150\" src=\"https:\/\/www.infraestruturameioambiente.sp.gov.br\/institutoflorestal\/wp-content\/uploads\/sites\/234\/2013\/09\/E.Ec_.-Angatuba-150x150.jpg\" class=\"attachment-thumbnail size-thumbnail\" alt=\"\" decoding=\"async\" loading=\"lazy\" \/><\/a>\n\t\t\t\t<\/div><\/div><\/div>\n<\/div>\n<ul>\n<li><strong>Nome:<\/strong> Esta\u00e7\u00e3o Ecol\u00f3gica Angatuba<\/li>\n<li><strong>Munic\u00edpios:<\/strong> Angatuba, Guare\u00ed<\/li>\n<li><strong>Divis\u00e3o:<\/strong> DFEE<\/li>\n<li><strong>Diploma Legal:<\/strong> Dec. 23.790 de 13\/08\/85<\/li>\n<li><strong>Se\u00e7\u00e3o:<\/strong> Se\u00e7\u00e3o de Esta\u00e7\u00e3o Experimental de Itapetininga<\/li>\n<li><strong>Respons\u00e1vel:<\/strong> Jos\u00e9 Antonio de Freitas<\/li>\n<li><strong>Endere\u00e7o:<\/strong> <a href=\"https:\/\/www.google.com.br\/maps\/preview#!q=Rod.+Jo%C3%A3o+Ciriaco+Ramos%2C+Angatuba+-+S%C3%A3o+Paulo&amp;data=!2m1!1e3!4m10!1m9!4m8!1m3!1d69302!2d-48.4966338!3d-23.4777044!3m2!1i1280!2i909!4f13.1&amp;fid=7\" target=\"_blank\" rel=\"noopener noreferrer\">Rodovia SP-268, km 06. Estrada Vicinal Jo\u00e3o Ciriaco Ramos.<\/a><\/li>\n<li><strong>Bairro:<\/strong> Bairro da Conquista<\/li>\n<li><strong>CEP:<\/strong> 18200-000<\/li>\n<li><strong>Via de Acesso:<\/strong> Raposo Tavares<\/li>\n<li><strong>Caixa Postal:<\/strong> 143<\/li>\n<li><strong>Telefone:<\/strong> (15) 3271-3866<\/li>\n<\/ul>\n<ul>\n<li><strong>\u00c1rea (ha):<\/strong> 1394,15<\/li>\n<li><strong>Latitude:<\/strong> 23\u00ba23\u00b4 a 23\u00ba27\u00b4 Lat S<\/li>\n<li><strong>Longitude:<\/strong> 48\u00ba19\u00b4 48\u00ba23\u00b4 Long W<\/li>\n<li><strong>Amplitude Altitudinal:<\/strong> de 620 a 750 m<\/li>\n<li><strong>Clima:<\/strong> Cfa quente de inverno seco<\/li>\n<li><strong>Temperatura:<\/strong> Temperatura m\u00e9dia anual em torno de 19\u00b0C, com m\u00e1ximas em janeiro entre 26\u00b0C e 30\u00b0C e m\u00ednimas em julho entre 8\u00b0C e 10\u00b0C.<\/li>\n<\/ul>\n<ul>\n<li><strong>Topografia:<\/strong> Relevo dominado por colinas m\u00e9dias, com altitudes entre 620 e 750 metros.<\/li>\n<li><strong>Solo:<\/strong> Latossol vermelho amarelo, hidrom\u00f3rfico e litossolo.<\/li>\n<li><strong>Uso do Solo:<\/strong> Conserva\u00e7\u00e3o<\/li>\n<li><strong>Ecossistema:<\/strong> Floresta Estacional Semidecidual Montana, Floresta Estacional Semidecidual Aluvial (Floresta Ribeirinha), Cerrad\u00e3o, Cerrado Denso, Cerrado T\u00edpico e Campo Sujo \u00damido.<\/li>\n<li><strong>Fauna:<\/strong><\/li>\n<li><strong>Popula\u00e7\u00f5es animais ou vegetais chave para conserva\u00e7\u00e3o<\/strong>: S\u00e3o conhecidas para a \u00e1rea protegida 713 esp\u00e9cies vegetais. Destacam-se a peroba <em>Aspidosperma quirandy<\/em>, a ju\u00e7ara <em>Euterpe edulis<\/em>, a <em>Calea cymosa<\/em>, o ip\u00ea-felpudo <em>Zeyheria tuberculosa<\/em>, o angelim <em>Andira vermifuga<\/em>, a <em>Clitoria densiflora<\/em>, o jacarand\u00e1-paulista <em>Machaerium villosum<\/em>, a canela <em>Aiouea acarodomatifera<\/em>, a <em>Nectandra barbellata<\/em>, o cedro-rosa <em>Cedrela fissilis<\/em>, o guabiju <em>Myrcianthes pungens<\/em>, a <em>Bothriochloa laguroides<\/em>, a <em>Gouania ulmifolia<\/em>, o pau-marfim <em>Balfourodendron riedelianum<\/em> e a <em>Urvillea glabra<\/em>. Para a fauna de vertebrados foram registradas 29 esp\u00e9cies de peixes, 31 de anf\u00edbios, 26 de mam\u00edferos, 04 de r\u00e9pteis e 207 de aves. Destacam-se o tamandu\u00e1-bandeira <em>Myrmecophaga tridactyla<\/em>, o mico-le\u00e3o-preto <em>Leontopithecus chrysopygus<\/em>, a on\u00e7a-parda <em>Puma concolor<\/em>, a jaguatirica <em>Leopardus pardalis<\/em>, o lobo-guar\u00e1 <em>Chrysocyon brachyurus<\/em>, a raposinha-do-campo <em>Lycalopex vetulus<\/em>, a lontra <em>Lontra longicaudis<\/em>, o veado-mateiro <em>Mazama americana<\/em> e a araponga <em>Procnias nudicollis<\/em>.<\/li>\n<li><strong>Flora:<\/strong> Vegeta\u00e7\u00e3o remanescente de floresta estacional semidecidual em diversos est\u00e1gios de sucess\u00e3o, onde se destacam representantes das fam\u00edlias <em>Myrtaceae, Fabaceae, Lauraceae, Euphorbiaceae, Rutaceae, Rubiaceae, Mimosaceae e Caesalpinaceae<\/em>. Ao todo, j\u00e1 foram catalogadas na \u00e1rea 257 esp\u00e9cies vegetais.<\/li>\n<li><strong>Turismo:\u00a0<\/strong>Cachoeiras; Lagos, lagoas e rios; mirante; caminhada, trekking; observa\u00e7\u00e3o da fauna e flora silvestre.<\/li>\n<li><strong>Plano de Manejo:<\/strong>\u00a0<a href=\"https:\/\/smastr16.blob.core.windows.net\/iflorestal\/2013\/03\/Plano_de_Manejo_EEc_Angatuba.pdf\">https:\/\/smastr16.blob.core.windows.net\/iflorestal\/2013\/03\/Plano_de_Manejo_EEc_Angatuba.pdf<\/a><\/li>\n<li><strong>Ficha com resumo da \u00e1rea protegida:<\/strong>\u00a0<a href=\"https:\/\/smastr16.blob.core.windows.net\/iflorestal\/2018\/09\/EEc-Angatuba.pdf\">https:\/\/smastr16.blob.core.windows.net\/iflorestal\/2018\/09\/EEc-Angatuba.pdf<\/a><\/li>\n<\/ul>\n<p><b>O Minist\u00e9rio da Sa\u00fade recomenda a vacina da febre amarela aos visitantes que forem para a regi\u00e3o<\/b><\/p>\n","protected":false},"excerpt":{"rendered":"<p>Nome: Esta\u00e7\u00e3o Ecol\u00f3gica Angatuba Munic\u00edpios: Angatuba, Guare\u00ed Divis\u00e3o: DFEE Diploma Legal: Dec. 23.790 de 13\/08\/85 Se\u00e7\u00e3o: Se\u00e7\u00e3o de Esta\u00e7\u00e3o Experimental de Itapetininga Respons\u00e1vel: Jos\u00e9 Antonio de Freitas Endere\u00e7o: Rodovia SP-268, km 06. Estrada Vicinal Jo\u00e3o Ciriaco Ramos. Bairro: Bairro da Conquista CEP: 18200-000 Via de Acesso: Raposo Tavares Caixa Postal: 143 Telefone: (15) 3271-3866 \u00c1rea [&hellip;]<\/p>\n","protected":false},"author":102,"featured_media":0,"parent":3914,"menu_order":0,"comment_status":"closed","ping_status":"open","template":"","meta":[],"_links":{"self":[{"href":"https:\/\/www.infraestruturameioambiente.sp.gov.br\/institutoflorestal\/wp-json\/wp\/v2\/pages\/3934"}],"collection":[{"href":"https:\/\/www.infraestruturameioambiente.sp.gov.br\/institutoflorestal\/wp-json\/wp\/v2\/pages"}],"about":[{"href":"https:\/\/www.infraestruturameioambiente.sp.gov.br\/institutoflorestal\/wp-json\/wp\/v2\/types\/page"}],"author":[{"embeddable":true,"href":"https:\/\/www.infraestruturameioambiente.sp.gov.br\/institutoflorestal\/wp-json\/wp\/v2\/users\/102"}],"replies":[{"embeddable":true,"href":"https:\/\/www.infraestruturameioambiente.sp.gov.br\/institutoflorestal\/wp-json\/wp\/v2\/comments?post=3934"}],"version-history":[{"count":24,"href":"https:\/\/www.infraestruturameioambiente.sp.gov.br\/institutoflorestal\/wp-json\/wp\/v2\/pages\/3934\/revisions"}],"predecessor-version":[{"id":20167,"href":"https:\/\/www.infraestruturameioambiente.sp.gov.br\/institutoflorestal\/wp-json\/wp\/v2\/pages\/3934\/revisions\/20167"}],"up":[{"embeddable":true,"href":"https:\/\/www.infraestruturameioambiente.sp.gov.br\/institutoflorestal\/wp-json\/wp\/v2\/pages\/3914"}],"wp:attachment":[{"href":"https:\/\/www.infraestruturameioambiente.sp.gov.br\/institutoflorestal\/wp-json\/wp\/v2\/media?parent=3934"}],"curies":[{"name":"wp","href":"https:\/\/api.w.org\/{rel}","templated":true}]}}