{"id":3669,"date":"2013-08-09T11:57:35","date_gmt":"2013-08-09T14:57:35","guid":{"rendered":"https:\/\/www.infraestruturameioambiente.sp.gov.br\/institutoflorestal\/?page_id=3669"},"modified":"2013-12-18T10:29:24","modified_gmt":"2013-12-18T12:29:24","slug":"sumario_n39","status":"publish","type":"page","link":"https:\/\/www.infraestruturameioambiente.sp.gov.br\/institutoflorestal\/publicacoes-if\/if-serie-registros\/sumario_n39\/","title":{"rendered":"IF S\u00e9rie Registros n\u00ba 39"},"content":{"rendered":"<p><strong>S\u00c9RIE REGISTROS N. 39, Mai. 2009: <a href=\"http:\/\/www.iflorestal.sp.gov.br\/RIF\/SerieRegistros\/IFSR39\/IFSR39.pdf\" target=\"_blank\">Revista Completa<\/a><\/strong><\/p>\n<p><strong>CONTE\u00daDO<\/strong><\/p>\n<ul>\n<li>Manejo experimental de clareiras no Parque Estadual de Porto Ferreira. Experimental management of canopy gaps of Porto Ferreira State Park. Sonia Aparecida de SOUZA; Ernesto Pedro DICKFELDT; Andr\u00e9 Lu\u00eds Teixeira de LUCCA; Jo\u00e3o Bosco MONTEIRO<strong><\/strong><\/li>\n<\/ul>\n<p style=\"text-align: right\"><strong><\/strong><strong><\/strong><a href=\"http:\/\/www.iflorestal.sp.gov.br\/RIF\/SerieRegistros\/IFSR39\/IFSR39_1-13.pdf\" target=\"_blank\"><strong>1-13<\/strong><\/a><\/p>\n<ul>\n<li>Morfometria da microbacia do c\u00f3rrego \u00c1gua Limpa. \u00c1gua Limpa river micro-watershed morphometry. Valdemir Antonio RODRIGUES; Wolmar Apparecida CARVALHO<\/li>\n<\/ul>\n<p style=\"text-align: right\"><strong><\/strong><strong><a href=\"http:\/\/www.iflorestal.sp.gov.br\/RIF\/SerieRegistros\/IFSR39\/IFSR39_15-24.pdf\">15-24<\/a><\/strong><\/p>\n<ul>\n<li>Levantamento e propostas de a\u00e7\u00e3o para as principais zoonoses dos parques estaduais Alberto L\u00f6fgren e da Cantareira. Survey and proposals for action to the main zoonoses of Alberto L\u00f6fgren and Cantareira State Parks. K\u00e1tia MAZZEI; Adriana R\u00fcckert da ROSA; Ana L\u00facia ARROMBA; Ana Maria de Castro DUARTE; Cl\u00e1udia BARLETA; Chang Chung Sing WALDMAN; Cleir SANTANA; Cristina SABBO; Dulce Maria de Almeida Gomes JUNQUEIRA; Elisabete Aparecida da SILVA; Eudina Agar Miranda Freitas BARATA; Fernanda Pires OHLWEILLER; Fernando DESCIO; Gizelda KATZ; Hugo da Fonseca Alves PEREIRA; In\u00eas Suarez ROMANO; Iole Arumi SEI; Izilda CURADO; Jos\u00e9 Ol\u00edmpio Moura de ALBUQUERQUE; Julio C\u00e9sar de Magalh\u00e3es ALVES; Lourdes Bernadete S. P. ALEXANDRE; Maria das Gra\u00e7as Soares dos SANTOS; M\u00e1rcia Regina BUZZAR; Marcio Port CARVALHO; Marilda Rapp de ESTON; Miriam Martos Sodr\u00e9 SILVA; Nath\u00e1lia Cristina Soares FRANCESCHI; Paula Regina GLASSER; Regina C\u00e9lia GENTIL; Rejane Calixto GON\u00c7ALVES; Roldon Santos do PA\u00c7O; Rosane Correa de OLIVEIRA; Rubens Antonio da SILVA; Sandra Regina Nicoletti D\u2019AURIA; Sandro MARQUES; Val\u00e9ria Cristina de ARAUJO; V\u00e2nia Soares de Azevedo TARDELLI; Wilma Tiemi Miyake MORIMOTO<\/li>\n<\/ul>\n<p style=\"text-align: right\"><strong><\/strong><strong><a href=\"http:\/\/www.iflorestal.sp.gov.br\/RIF\/SerieRegistros\/IFSR39\/IFSR39_25-41.pdf\">25-41<\/a><\/strong><\/p>\n","protected":false},"excerpt":{"rendered":"<p>S\u00c9RIE REGISTROS N. 39, Mai. 2009: Revista Completa CONTE\u00daDO Manejo experimental de clareiras no Parque Estadual de Porto Ferreira. Experimental management of canopy gaps of Porto Ferreira State Park. Sonia Aparecida de SOUZA; Ernesto Pedro DICKFELDT; Andr\u00e9 Lu\u00eds Teixeira de LUCCA; Jo\u00e3o Bosco MONTEIRO 1-13 Morfometria da microbacia do c\u00f3rrego \u00c1gua Limpa. \u00c1gua Limpa river [&hellip;]<\/p>\n","protected":false},"author":49,"featured_media":0,"parent":2992,"menu_order":0,"comment_status":"closed","ping_status":"open","template":"","meta":[],"_links":{"self":[{"href":"https:\/\/www.infraestruturameioambiente.sp.gov.br\/institutoflorestal\/wp-json\/wp\/v2\/pages\/3669"}],"collection":[{"href":"https:\/\/www.infraestruturameioambiente.sp.gov.br\/institutoflorestal\/wp-json\/wp\/v2\/pages"}],"about":[{"href":"https:\/\/www.infraestruturameioambiente.sp.gov.br\/institutoflorestal\/wp-json\/wp\/v2\/types\/page"}],"author":[{"embeddable":true,"href":"https:\/\/www.infraestruturameioambiente.sp.gov.br\/institutoflorestal\/wp-json\/wp\/v2\/users\/49"}],"replies":[{"embeddable":true,"href":"https:\/\/www.infraestruturameioambiente.sp.gov.br\/institutoflorestal\/wp-json\/wp\/v2\/comments?post=3669"}],"version-history":[{"count":5,"href":"https:\/\/www.infraestruturameioambiente.sp.gov.br\/institutoflorestal\/wp-json\/wp\/v2\/pages\/3669\/revisions"}],"predecessor-version":[{"id":6009,"href":"https:\/\/www.infraestruturameioambiente.sp.gov.br\/institutoflorestal\/wp-json\/wp\/v2\/pages\/3669\/revisions\/6009"}],"up":[{"embeddable":true,"href":"https:\/\/www.infraestruturameioambiente.sp.gov.br\/institutoflorestal\/wp-json\/wp\/v2\/pages\/2992"}],"wp:attachment":[{"href":"https:\/\/www.infraestruturameioambiente.sp.gov.br\/institutoflorestal\/wp-json\/wp\/v2\/media?parent=3669"}],"curies":[{"name":"wp","href":"https:\/\/api.w.org\/{rel}","templated":true}]}}

IF Série Registros nº 39

<p><strong>SÉRIE REGISTROS N. 39, Mai. 2009: <a href="http://www.iflorestal.sp.gov.br/RIF/SerieRegistros/IFSR39/IFSR39.pdf" target="_blank">Revista Completa</a></strong></p>
<p><strong>CONTEÚDO</strong></p>
<ul>
<li>Manejo experimental de clareiras no Parque Estadual de Porto Ferreira. Experimental management of canopy gaps of Porto Ferreira State Park. Sonia Aparecida de SOUZA; Ernesto Pedro DICKFELDT; André Luís Teixeira de LUCCA; João Bosco MONTEIRO<strong></strong></li>
</ul>
<p style="text-align: right"><strong></strong><strong></strong><a href="http://www.iflorestal.sp.gov.br/RIF/SerieRegistros/IFSR39/IFSR39_1-13.pdf" target="_blank"><strong>1-13</strong></a></p>
<ul>
<li>Morfometria da microbacia do córrego Água Limpa. Água Limpa river micro-watershed morphometry. Valdemir Antonio RODRIGUES; Wolmar Apparecida CARVALHO</li>
</ul>
<p style="text-align: right"><strong></strong><strong><a href="http://www.iflorestal.sp.gov.br/RIF/SerieRegistros/IFSR39/IFSR39_15-24.pdf">15-24</a></strong></p>
<ul>
<li>Levantamento e propostas de ação para as principais zoonoses dos parques estaduais Alberto Löfgren e da Cantareira. Survey and proposals for action to the main zoonoses of Alberto Löfgren and Cantareira State Parks. Kátia MAZZEI; Adriana Rückert da ROSA; Ana Lúcia ARROMBA; Ana Maria de Castro DUARTE; Cláudia BARLETA; Chang Chung Sing WALDMAN; Cleir SANTANA; Cristina SABBO; Dulce Maria de Almeida Gomes JUNQUEIRA; Elisabete Aparecida da SILVA; Eudina Agar Miranda Freitas BARATA; Fernanda Pires OHLWEILLER; Fernando DESCIO; Gizelda KATZ; Hugo da Fonseca Alves PEREIRA; Inês Suarez ROMANO; Iole Arumi SEI; Izilda CURADO; José Olímpio Moura de ALBUQUERQUE; Julio César de Magalhães ALVES; Lourdes Bernadete S. P. ALEXANDRE; Maria das Graças Soares dos SANTOS; Márcia Regina BUZZAR; Marcio Port CARVALHO; Marilda Rapp de ESTON; Miriam Martos Sodré SILVA; Nathália Cristina Soares FRANCESCHI; Paula Regina GLASSER; Regina Célia GENTIL; Rejane Calixto GONÇALVES; Roldon Santos do PAÇO; Rosane Correa de OLIVEIRA; Rubens Antonio da SILVA; Sandra Regina Nicoletti D’AURIA; Sandro MARQUES; Valéria Cristina de ARAUJO; Vânia Soares de Azevedo TARDELLI; Wilma Tiemi Miyake MORIMOTO</li>
</ul>
<p style="text-align: right"><strong></strong><strong><a href="http://www.iflorestal.sp.gov.br/RIF/SerieRegistros/IFSR39/IFSR39_25-41.pdf">25-41</a></strong></p>

<p>SÉRIE REGISTROS N. 39, Mai. 2009: Revista Completa CONTEÚDO Manejo experimental de clareiras no Parque Estadual de Porto Ferreira. Experimental management of canopy gaps of Porto Ferreira State Park. Sonia Aparecida de SOUZA; Ernesto Pedro DICKFELDT; André Luís Teixeira de LUCCA; João Bosco MONTEIRO 1-13 Morfometria da microbacia do córrego Água Limpa. Água Limpa river [&hellip;]</p>
