{"id":2992,"date":"2013-05-16T11:13:51","date_gmt":"2013-05-16T14:13:51","guid":{"rendered":"https:\/\/www.infraestruturameioambiente.sp.gov.br\/institutoflorestal\/?page_id=2992"},"modified":"2022-06-09T12:52:42","modified_gmt":"2022-06-09T15:52:42","slug":"if-serie-registros","status":"publish","type":"page","link":"https:\/\/www.infraestruturameioambiente.sp.gov.br\/institutoflorestal\/publicacoes-if\/if-serie-registros\/","title":{"rendered":"IF S\u00e9rie Registros"},"content":{"rendered":"<p style=\"text-align: justify\">A IF S\u00e9rie Registros \u00e9 um peri\u00f3dico cient\u00edfico, seriado, com periodicidade anual. Surgiu em 1989, substituindo a Publica\u00e7\u00e3o IF, de 1972.<\/p>\n<p style=\"text-align: left\">Publica trabalhos in\u00e9ditos em Ci\u00eancias Florestais e afins, na forma de artigos cient\u00edficos, artigos t\u00e9cnico-cient\u00edficos e artigos de revis\u00e3o, redigidos em portugu\u00eas, ingl\u00eas ou espanhol.<\/p>\n<p style=\"text-align: left\">Est\u00e1 indexada em Sum\u00e1rios de Revistas Brasileiras.<\/p>\n<p>At\u00e9 o n. 40 (julho\/2009) foi publicada online e impressa com os seguintes ISSN:<\/p>\n<ul>\n<li>online &#8211; ISSN 2179-2372<\/li>\n<li>impressa &#8211; ISSN 0103-3360<\/li>\n<\/ul>\n<p>A partir do n. 41 (maio\/2010) passou a ser publicada online.<\/p>\n<p>As instru\u00e7\u00f5es aos autores podem ser conferidas nos links abaixo.\u00a0Os manuscritos submetidos \u00e0 publica\u00e7\u00e3o s\u00e3o avaliados pelo sistema de Revis\u00e3o por Pares, tipo Duplo-cego.\u00a0N\u00e3o h\u00e1 taxas para submiss\u00e3o ou publica\u00e7\u00e3o.<\/p>\n<ul>\n<li><a href=\"https:\/\/smastr16.blob.core.windows.net\/iflorestal\/sites\/234\/2022\/06\/if-serie-registros_instrucoes-aos-autores.pdf\">Instru\u00e7\u00f5es aos autores<\/a><\/li>\n<li><a href=\"http:\/\/www.fapesp.br\/boaspraticas\/FAPESP-Codigo_de_Boas_Praticas_Cientificas_2014.pdf\">C\u00f3digo de Boas Pr\u00e1ticas Cient\u00edficas da FAPESP<\/a><\/li>\n<\/ul>\n<p style=\"text-align: left\"><strong> <img decoding=\"async\" loading=\"lazy\" class=\"alignnone size-full wp-image-8456\" style=\"border: 0px;margin: 0px\" src=\"https:\/\/smastr16.blob.core.windows.net\/iflorestal\/2013\/05\/copyright1.png\" alt=\"copyright\" width=\"88\" height=\"31\" srcset=\"https:\/\/www.infraestruturameioambiente.sp.gov.br\/institutoflorestal\/wp-content\/uploads\/sites\/234\/2013\/05\/copyright1.png 88w, https:\/\/www.infraestruturameioambiente.sp.gov.br\/institutoflorestal\/wp-content\/uploads\/sites\/234\/2013\/05\/copyright1-68x23.png 68w, https:\/\/www.infraestruturameioambiente.sp.gov.br\/institutoflorestal\/wp-content\/uploads\/sites\/234\/2013\/05\/copyright1-70x24.png 70w, https:\/\/www.infraestruturameioambiente.sp.gov.br\/institutoflorestal\/wp-content\/uploads\/sites\/234\/2013\/05\/copyright1-69x24.png 69w\" sizes=\"(max-width: 88px) 100vw, 88px\" \/>\u00a0<\/strong><strong>O seu acesso \u00e9 livre.\u00a0<\/strong><strong>Solicita-se citar a fonte original dos trabalhos.<\/strong><\/p>\n<p>Submiss\u00f5es pelo e-mail: <strong><a href=\"http:\/\/periodicos.if@gmail.com\">periodicos.if@gmail.com<\/a><\/strong><\/p>\n<h2><\/h2>\n<h2 style=\"text-align: left\"><strong>CORPO EDITORIAL<\/strong><\/h2>\n<p>&nbsp;<\/p>\n<ul>\n<li><span style=\"font-size: 15px\"><strong>Editor-chefe<\/strong><\/span><br \/>\nFrederico Alexandre Roccia Dal Pozzo Arzolla, Instituto Florestal<\/li>\n<li><span style=\"font-size: 15px\"><strong>Editor-assistente<\/strong><\/span><br \/>\nEduardo Luiz Longui, Instituto Florestal<br \/>\nMaur\u00edcio Ranzini, Instituto Florestal<\/li>\n<li><strong>Editores de \u00e1rea<\/strong><br \/>\nAdriano Wagner Ballarin (Faculdade de Ci\u00eancias Agron\u00f4micas da Universidade Estadual Paulista &#8220;J\u00falio de Mesquita Filho&#8221;, Campus Botucatu, Brasil)<br \/>\nAntonio Ludovico Beraldo (Faculdade de Engenharia Agr\u00edcola da Universidade de Campinas, Brasil)<br \/>\nCarla Daniela C\u00e2mara, (Universidade Tecnol\u00f3gica Federal do Paran\u00e1, Campus Medianeira, Brasil)<br \/>\nClaudio de Moura\u00a0(Instituto Florestal, Brasil)<br \/>\nDaniela Fessel Bertani\u00a0(Instituto Florestal, Brasil)<br \/>\nGl\u00e1ucia Cortez Ramos de Paula\u00a0(Instituto Florestal, Brasil)<br \/>\nHumberto Gallo Junior\u00a0(Instituto Florestal, Brasil)<br \/>\nPaulo Eduardo Telles dos Santos (Empresa Brasileira de Agropecu\u00e1ria, Embrapa Florestas, Brasil)<br \/>\nRoseli Buzanelli Torres (aposentada &#8211; Instituto Agron\u00f4mico de Campinas, Brasil)<\/li>\n<li><strong>Secret\u00e1ria<br \/>\n<\/strong>Regina Maria Lopes (Instituto Florestal, Brasil)<\/li>\n<li><strong>Divulga\u00e7\u00e3o Cient\u00edfica<\/strong><br \/>\nPaulo Andreetto de Muzio (Instituto Florestal, Brasil)<\/li>\n<\/ul>\n","protected":false},"excerpt":{"rendered":"<p>A IF S\u00e9rie Registros \u00e9 um peri\u00f3dico cient\u00edfico, seriado, com periodicidade anual. Surgiu em 1989, substituindo a Publica\u00e7\u00e3o IF, de 1972. Publica trabalhos in\u00e9ditos em Ci\u00eancias Florestais e afins, na forma de artigos cient\u00edficos, artigos t\u00e9cnico-cient\u00edficos e artigos de revis\u00e3o, redigidos em portugu\u00eas, ingl\u00eas ou espanhol. Est\u00e1 indexada em Sum\u00e1rios de Revistas Brasileiras. At\u00e9 o [&hellip;]<\/p>\n","protected":false},"author":102,"featured_media":0,"parent":2223,"menu_order":0,"comment_status":"closed","ping_status":"open","template":"","meta":[],"_links":{"self":[{"href":"https:\/\/www.infraestruturameioambiente.sp.gov.br\/institutoflorestal\/wp-json\/wp\/v2\/pages\/2992"}],"collection":[{"href":"https:\/\/www.infraestruturameioambiente.sp.gov.br\/institutoflorestal\/wp-json\/wp\/v2\/pages"}],"about":[{"href":"https:\/\/www.infraestruturameioambiente.sp.gov.br\/institutoflorestal\/wp-json\/wp\/v2\/types\/page"}],"author":[{"embeddable":true,"href":"https:\/\/www.infraestruturameioambiente.sp.gov.br\/institutoflorestal\/wp-json\/wp\/v2\/users\/102"}],"replies":[{"embeddable":true,"href":"https:\/\/www.infraestruturameioambiente.sp.gov.br\/institutoflorestal\/wp-json\/wp\/v2\/comments?post=2992"}],"version-history":[{"count":63,"href":"https:\/\/www.infraestruturameioambiente.sp.gov.br\/institutoflorestal\/wp-json\/wp\/v2\/pages\/2992\/revisions"}],"predecessor-version":[{"id":20912,"href":"https:\/\/www.infraestruturameioambiente.sp.gov.br\/institutoflorestal\/wp-json\/wp\/v2\/pages\/2992\/revisions\/20912"}],"up":[{"embeddable":true,"href":"https:\/\/www.infraestruturameioambiente.sp.gov.br\/institutoflorestal\/wp-json\/wp\/v2\/pages\/2223"}],"wp:attachment":[{"href":"https:\/\/www.infraestruturameioambiente.sp.gov.br\/institutoflorestal\/wp-json\/wp\/v2\/media?parent=2992"}],"curies":[{"name":"wp","href":"https:\/\/api.w.org\/{rel}","templated":true}]}}

IF Série Registros

<p style="text-align: justify">A IF Série Registros é um periódico científico, seriado, com periodicidade anual. Surgiu em 1989, substituindo a Publicação IF, de 1972.</p>
<p style="text-align: left">Publica trabalhos inéditos em Ciências Florestais e afins, na forma de artigos científicos, artigos técnico-científicos e artigos de revisão, redigidos em português, inglês ou espanhol.</p>
<p style="text-align: left">Está indexada em Sumários de Revistas Brasileiras.</p>
<p>Até o n. 40 (julho/2009) foi publicada online e impressa com os seguintes ISSN:</p>
<ul>
<li>online &#8211; ISSN 2179-2372</li>
<li>impressa &#8211; ISSN 0103-3360</li>
</ul>
<p>A partir do n. 41 (maio/2010) passou a ser publicada online.</p>
<p>As instruções aos autores podem ser conferidas nos links abaixo. Os manuscritos submetidos à publicação são avaliados pelo sistema de Revisão por Pares, tipo Duplo-cego. Não há taxas para submissão ou publicação.</p>
<ul>
<li><a href="https://smastr16.blob.core.windows.net/iflorestal/sites/234/2022/06/if-serie-registros_instrucoes-aos-autores.pdf">Instruções aos autores</a></li>
<li><a href="http://www.fapesp.br/boaspraticas/FAPESP-Codigo_de_Boas_Praticas_Cientificas_2014.pdf">Código de Boas Práticas Científicas da FAPESP</a></li>
</ul>
<p style="text-align: left"><strong> <img decoding="async" loading="lazy" class="alignnone size-full wp-image-8456" style="border: 0px;margin: 0px" src="https://smastr16.blob.core.windows.net/iflorestal/2013/05/copyright1.png" alt="copyright" width="88" height="31" srcset="https://www.infraestruturameioambiente.sp.gov.br/institutoflorestal/wp-content/uploads/sites/234/2013/05/copyright1.png 88w, https://www.infraestruturameioambiente.sp.gov.br/institutoflorestal/wp-content/uploads/sites/234/2013/05/copyright1-68x23.png 68w, https://www.infraestruturameioambiente.sp.gov.br/institutoflorestal/wp-content/uploads/sites/234/2013/05/copyright1-70x24.png 70w, https://www.infraestruturameioambiente.sp.gov.br/institutoflorestal/wp-content/uploads/sites/234/2013/05/copyright1-69x24.png 69w" sizes="(max-width: 88px) 100vw, 88px" /> </strong><strong>O seu acesso é livre. </strong><strong>Solicita-se citar a fonte original dos trabalhos.</strong></p>
<p>Submissões pelo e-mail: <strong><a href="http://periodicos.if@gmail.com">periodicos.if@gmail.com</a></strong></p>
<h2></h2>
<h2 style="text-align: left"><strong>CORPO EDITORIAL</strong></h2>
<p>&nbsp;</p>
<ul>
<li><span style="font-size: 15px"><strong>Editor-chefe</strong></span><br />
Frederico Alexandre Roccia Dal Pozzo Arzolla, Instituto Florestal</li>
<li><span style="font-size: 15px"><strong>Editor-assistente</strong></span><br />
Eduardo Luiz Longui, Instituto Florestal<br />
Maurício Ranzini, Instituto Florestal</li>
<li><strong>Editores de área</strong><br />
Adriano Wagner Ballarin (Faculdade de Ciências Agronômicas da Universidade Estadual Paulista &#8220;Júlio de Mesquita Filho&#8221;, Campus Botucatu, Brasil)<br />
Antonio Ludovico Beraldo (Faculdade de Engenharia Agrícola da Universidade de Campinas, Brasil)<br />
Carla Daniela Câmara, (Universidade Tecnológica Federal do Paraná, Campus Medianeira, Brasil)<br />
Claudio de Moura (Instituto Florestal, Brasil)<br />
Daniela Fessel Bertani (Instituto Florestal, Brasil)<br />
Gláucia Cortez Ramos de Paula (Instituto Florestal, Brasil)<br />
Humberto Gallo Junior (Instituto Florestal, Brasil)<br />
Paulo Eduardo Telles dos Santos (Empresa Brasileira de Agropecuária, Embrapa Florestas, Brasil)<br />
Roseli Buzanelli Torres (aposentada &#8211; Instituto Agronômico de Campinas, Brasil)</li>
<li><strong>Secretária<br />
</strong>Regina Maria Lopes (Instituto Florestal, Brasil)</li>
<li><strong>Divulgação Científica</strong><br />
Paulo Andreetto de Muzio (Instituto Florestal, Brasil)</li>
</ul>

<p>A IF Série Registros é um periódico científico, seriado, com periodicidade anual. Surgiu em 1989, substituindo a Publicação IF, de 1972. Publica trabalhos inéditos em Ciências Florestais e afins, na forma de artigos científicos, artigos técnico-científicos e artigos de revisão, redigidos em português, inglês ou espanhol. Está indexada em Sumários de Revistas Brasileiras. Até o [&hellip;]</p>
