{"id":20836,"date":"2022-02-25T11:59:39","date_gmt":"2022-02-25T14:59:39","guid":{"rendered":"https:\/\/www.infraestruturameioambiente.sp.gov.br\/institutoflorestal\/?page_id=20836"},"modified":"2022-12-20T18:24:41","modified_gmt":"2022-12-20T20:24:41","slug":"if-serie-registros-no-60","status":"publish","type":"page","link":"https:\/\/www.infraestruturameioambiente.sp.gov.br\/institutoflorestal\/publicacoes-if\/if-serie-registros\/if-serie-registros-no-60\/","title":{"rendered":"IF S\u00e9rie Registros n\u00ba 60"},"content":{"rendered":"<p><strong>IF S\u00c9RIE REGISTROS N. 60, jun.\/dez 2022<\/strong><\/p>\n<ul>\n<li>Altera\u00e7\u00f5es propostas na lei do Cerrado teriam consequ\u00eancias desastrosas para a conserva\u00e7\u00e3o do Bioma no Estado de S\u00e3o Paulo. Law of Cerrado amendments would lead to severe consequences to the bioma conservation in the S\u00e3o Paulo State, Brazil. Jo\u00e3o GIUDICE-NETO; Helena DUTRA-LUTGENS; Sibele EZAKI<\/li>\n<\/ul>\n<p style=\"text-align: right\"><a href=\"https:\/\/smastr16.blob.core.windows.net\/iflorestal\/sites\/234\/2022\/03\/ifsr60_5-31.pdf\">p. 5-31<\/a><\/p>\n<ul>\n<li>Avalia\u00e7\u00e3o sobre o aumento de \u00e1rea com vegeta\u00e7\u00e3o nativa e o decr\u00e9scimo de popula\u00e7\u00e3o residente no interior do Parque Estadual do Jurupar\u00e1. Evaluation about the increase of area with native vegetation and the resident population decrease inside the Jurupara State Park. Fernando Menino Ribeiro de ALMEIDA; Larissa Felicidade Werkhauser DEMARCO<\/li>\n<\/ul>\n<p style=\"text-align: right\"><a href=\"https:\/\/smastr16.blob.core.windows.net\/iflorestal\/sites\/234\/2022\/12\/ifsr60_32-40.pdf\">p.32-40<\/a><\/p>\n","protected":false},"excerpt":{"rendered":"<p>IF S\u00c9RIE REGISTROS N. 60, jun.\/dez 2022 Altera\u00e7\u00f5es propostas na lei do Cerrado teriam consequ\u00eancias desastrosas para a conserva\u00e7\u00e3o do Bioma no Estado de S\u00e3o Paulo. Law of Cerrado amendments would lead to severe consequences to the bioma conservation in the S\u00e3o Paulo State, Brazil. Jo\u00e3o GIUDICE-NETO; Helena DUTRA-LUTGENS; Sibele EZAKI p. 5-31 Avalia\u00e7\u00e3o sobre [&hellip;]<\/p>\n","protected":false},"author":101,"featured_media":0,"parent":2992,"menu_order":0,"comment_status":"closed","ping_status":"closed","template":"","meta":[],"_links":{"self":[{"href":"https:\/\/www.infraestruturameioambiente.sp.gov.br\/institutoflorestal\/wp-json\/wp\/v2\/pages\/20836"}],"collection":[{"href":"https:\/\/www.infraestruturameioambiente.sp.gov.br\/institutoflorestal\/wp-json\/wp\/v2\/pages"}],"about":[{"href":"https:\/\/www.infraestruturameioambiente.sp.gov.br\/institutoflorestal\/wp-json\/wp\/v2\/types\/page"}],"author":[{"embeddable":true,"href":"https:\/\/www.infraestruturameioambiente.sp.gov.br\/institutoflorestal\/wp-json\/wp\/v2\/users\/101"}],"replies":[{"embeddable":true,"href":"https:\/\/www.infraestruturameioambiente.sp.gov.br\/institutoflorestal\/wp-json\/wp\/v2\/comments?post=20836"}],"version-history":[{"count":7,"href":"https:\/\/www.infraestruturameioambiente.sp.gov.br\/institutoflorestal\/wp-json\/wp\/v2\/pages\/20836\/revisions"}],"predecessor-version":[{"id":20965,"href":"https:\/\/www.infraestruturameioambiente.sp.gov.br\/institutoflorestal\/wp-json\/wp\/v2\/pages\/20836\/revisions\/20965"}],"up":[{"embeddable":true,"href":"https:\/\/www.infraestruturameioambiente.sp.gov.br\/institutoflorestal\/wp-json\/wp\/v2\/pages\/2992"}],"wp:attachment":[{"href":"https:\/\/www.infraestruturameioambiente.sp.gov.br\/institutoflorestal\/wp-json\/wp\/v2\/media?parent=20836"}],"curies":[{"name":"wp","href":"https:\/\/api.w.org\/{rel}","templated":true}]}}