{"id":20735,"date":"2021-12-06T02:00:54","date_gmt":"2021-12-06T04:00:54","guid":{"rendered":"https:\/\/www.infraestruturameioambiente.sp.gov.br\/institutoflorestal\/?page_id=20735"},"modified":"2021-12-16T16:52:47","modified_gmt":"2021-12-16T18:52:47","slug":"revista-v-33-n-2","status":"publish","type":"page","link":"https:\/\/www.infraestruturameioambiente.sp.gov.br\/institutoflorestal\/publicacoes-if\/revista-do-if\/revista-v-33-n-2\/","title":{"rendered":"REVISTA V. 33, N. 2"},"content":{"rendered":"<p><strong>REVISTA V. 33, N. 2- Dez. 2021 &#8211; <a href=\"https:\/\/smastr16.blob.core.windows.net\/iflorestal\/sites\/234\/2021\/12\/rif33-2.pdf\">Revista Completa (PDF)<\/a><\/strong><\/p>\n<p><strong>ARTIGOS CIENT\u00cdFICOS\/ SCIENTIFIC ARTICLES<\/strong><\/p>\n<ul>\n<li style=\"text-align: justify\">As anatomical features of the xylem could influence wound healing process? Como as caracter\u00edsticas anat\u00f4micas do xilema podem influenciar no processo de cura de ferimentos em \u00e1rvores? Diego ROMEIRO; Camila Moura SANTOS; Lu\u00eds Alberto BUCCI; Eduardo Luiz LONGUI<\/li>\n<\/ul>\n<p style=\"text-align: right\"><a href=\"https:\/\/smastr16.blob.core.windows.net\/iflorestal\/sites\/234\/2021\/12\/rif33-2_119-138.pdf\">p. 119-138<\/a><\/p>\n<ul>\n<li style=\"text-align: justify\">Wood evaluation of\u00a0<em>Eucalyptus pellita<\/em>\u00a0F. Muell. and\u00a0<em>Eucalyptus tereticornis<\/em>\u00a0Smith as potential for pulp and paper production. Avalia\u00e7\u00e3o da madeira de\u00a0<em>Eucalyptus pellita\u00a0<\/em>F.Muell. e\u00a0<em>Eucalyptus tereticornis<\/em>\u00a0Smith como potencial para produ\u00e7\u00e3o de polpa e papel. Erick Phelipe AMORIM; Jo\u00e3o Roberto MENUCELLI; Caio Henrique SANTOS; Miguel Luiz Menezes FREITAS; Teresa Cristina Tarle PISSARRA; Simone da Gra\u00e7a Pinto VARANDAS; Maria Em\u00edlia Calv\u00e3o Moreira da SILVA; Marcelo ZANATA; Eduardo Luiz LONGUI<\/li>\n<\/ul>\n<p style=\"text-align: right\"><a href=\"https:\/\/smastr16.blob.core.windows.net\/iflorestal\/sites\/234\/2021\/12\/rif33-2_139-149.pdf\">p. 139-149<\/a><\/p>\n<ul>\n<li style=\"text-align: justify\">Varia\u00e7\u00f5es longitudinais nas propriedades f\u00edsicas da madeira de\u00a0<em>Mimosa tenuiflora.\u00a0<\/em>Longitudinal variation in the physical properties of\u00a0<em>Mimosa tenuiflora\u00a0<\/em>wood. Sara Sebastiana NOGUEIRA; Vinicius Gomes de CASTRO<\/li>\n<\/ul>\n<p style=\"text-align: right\"><a href=\"https:\/\/smastr16.blob.core.windows.net\/iflorestal\/sites\/234\/2021\/12\/rif33-2_150-155.pdf\">p.\u00a0 150-155<\/a><\/p>\n<ul>\n<li style=\"text-align: justify\">Linter reciclado de algod\u00e3o: alternativa sustent\u00e1vel para a produ\u00e7\u00e3o de celulose e papel. Linter recycled cotton: sustainable alternative for the Pulp and paper production. Fabricio Junki Blanco KUMABE; Cl\u00e1udio Angeli SANS\u00cdGOLO; Isabel HOMCZINSKI<\/li>\n<\/ul>\n<p style=\"text-align: right\"><a href=\"https:\/\/smastr16.blob.core.windows.net\/iflorestal\/sites\/234\/2021\/12\/rif33-2_156-163.pdf\">p. 156-163<\/a><\/p>\n<ul>\n<li style=\"text-align: justify\">Uso de lodo de esgoto compostado e diferentes l\u00e2minas de \u00e1gua para a produ\u00e7\u00e3o de mudas de <em>Erythrina speciosa<\/em> Andrews. Use of composed sewage sludge and different water slides for the production of <em>Erythrina speciosa<\/em> Andrews seedling. Izabella OLHER; Marcos Vinicius Bohrer Monteiro SIQUEIRA; Thomaz Figueiredo LOBO<\/li>\n<\/ul>\n<p style=\"text-align: right\"><a href=\"https:\/\/smastr16.blob.core.windows.net\/iflorestal\/sites\/234\/2021\/12\/rif33-2_164-171.pdf\">p. 164-171<\/a><\/p>\n<ul>\n<li style=\"text-align: justify\">Evaluation of\u00a0<em>Myracrodruon urundeuva<\/em>\u00a0Fr. All. progenies for different planting systems aiming at genetic conservation. Avalia\u00e7\u00e3o de prog\u00eanies de\u00a0<em>Myracrodruon urundeuva<\/em>\u00a0Fr. All. em diferentes sistemas de plantio para fins de conserva\u00e7\u00e3o gen\u00e9ticas. Francieli Alves Caldeira SAUL; Silvelise PUPIN; Luciane Missae SATO; Daniele Fernanda ZULIAN; Lara Comar RIVA; Jos\u00e9 CAMBUIM; Miguel Luiz Menezes FREITAS; Mario Luiz Teixeira de MORAES<\/li>\n<\/ul>\n<p style=\"text-align: right\"><a href=\"https:\/\/smastr16.blob.core.windows.net\/iflorestal\/sites\/234\/2021\/12\/rif33-2_172-181.pdf\">p. 172-181<\/a><\/p>\n<ul>\n<li style=\"text-align: justify\">Phytossociological assessment of a natural regeneration site in the southeast Atlantic Forest Biome. Avalia\u00e7\u00e3o fitossociol\u00f3gica de uma \u00e1rea de regenera\u00e7\u00e3o natural no sudeste do Bioma Mata Atl\u00e2ntica. Lu\u00eds Gustavo de Paula SILVA; Kl\u00e9cia Gili MASSI; Marivaldo Garcia MARTINS; Tharc\u00edsio Pelosato NOGUEIRA; Jaur\u00e9s Barbosa GUISARD; Rodrigo Leite Marco SANTOS; Jordano Roma BUZATI; Rodrigo DAMETTO; Jo\u00e3o Marcos PAIVA; \u00c1dila Hanna Justiniana RODRIGUES; Natan Rodrigues Ferreira de MELO E SILVA; Marco Aur\u00e9lio Silva LEITE; Marcos Pellegrini COUTINHO; Dalmo Arantes de BARROS; Soraya Alvarenga BOTELHO<\/li>\n<\/ul>\n<p style=\"text-align: right\"><a href=\"https:\/\/smastr16.blob.core.windows.net\/iflorestal\/sites\/234\/2021\/12\/rif33-2_182-191.pdf\">p. 182-191<\/a><\/p>\n<ul>\n<li style=\"text-align: justify\">Terrestrial vertebrate fauna of Assis\u2019 State Forest: a Cerrado remnant in the state of S\u00e3o Paulo; Brazil. Vertebrados Terrestres da Floresta Estadual de Assis; um remanescente de Cerrado do Estado de S\u00e3o Paulo; Brasil. Paula Ribeiro PRIST; Douglas William CIRINO; Artur LUPINETTI; Ana Yoko Ykeuti MEIGA; Vinicius ALBERICI; Adriana CALABONI; Fabio MAFFEI; Marcelo MAGIOLI; Cesar MEDOLAGO; Thais PAGOTTO; Osnir GIACON; Fernanda Delborgo ABRA; Katia Maria Paschoaletto Micchi de Barros FERRAZ<\/li>\n<\/ul>\n<p style=\"text-align: right\"><a href=\"https:\/\/smastr16.blob.core.windows.net\/iflorestal\/sites\/234\/2021\/12\/rif33-2_192-218.pdf\">p. 192-218<\/a><\/p>\n<p style=\"text-align: right\">\n","protected":false},"excerpt":{"rendered":"<p>REVISTA V. 33, N. 2- Dez. 2021 &#8211; Revista Completa (PDF) ARTIGOS CIENT\u00cdFICOS\/ SCIENTIFIC ARTICLES As anatomical features of the xylem could influence wound healing process? Como as caracter\u00edsticas anat\u00f4micas do xilema podem influenciar no processo de cura de ferimentos em \u00e1rvores? Diego ROMEIRO; Camila Moura SANTOS; Lu\u00eds Alberto BUCCI; Eduardo Luiz LONGUI p. 119-138 [&hellip;]<\/p>\n","protected":false},"author":97,"featured_media":0,"parent":2998,"menu_order":0,"comment_status":"closed","ping_status":"closed","template":"","meta":[],"_links":{"self":[{"href":"https:\/\/www.infraestruturameioambiente.sp.gov.br\/institutoflorestal\/wp-json\/wp\/v2\/pages\/20735"}],"collection":[{"href":"https:\/\/www.infraestruturameioambiente.sp.gov.br\/institutoflorestal\/wp-json\/wp\/v2\/pages"}],"about":[{"href":"https:\/\/www.infraestruturameioambiente.sp.gov.br\/institutoflorestal\/wp-json\/wp\/v2\/types\/page"}],"author":[{"embeddable":true,"href":"https:\/\/www.infraestruturameioambiente.sp.gov.br\/institutoflorestal\/wp-json\/wp\/v2\/users\/97"}],"replies":[{"embeddable":true,"href":"https:\/\/www.infraestruturameioambiente.sp.gov.br\/institutoflorestal\/wp-json\/wp\/v2\/comments?post=20735"}],"version-history":[{"count":11,"href":"https:\/\/www.infraestruturameioambiente.sp.gov.br\/institutoflorestal\/wp-json\/wp\/v2\/pages\/20735\/revisions"}],"predecessor-version":[{"id":20759,"href":"https:\/\/www.infraestruturameioambiente.sp.gov.br\/institutoflorestal\/wp-json\/wp\/v2\/pages\/20735\/revisions\/20759"}],"up":[{"embeddable":true,"href":"https:\/\/www.infraestruturameioambiente.sp.gov.br\/institutoflorestal\/wp-json\/wp\/v2\/pages\/2998"}],"wp:attachment":[{"href":"https:\/\/www.infraestruturameioambiente.sp.gov.br\/institutoflorestal\/wp-json\/wp\/v2\/media?parent=20735"}],"curies":[{"name":"wp","href":"https:\/\/api.w.org\/{rel}","templated":true}]}}