{"id":19849,"date":"2020-11-11T15:28:13","date_gmt":"2020-11-11T17:28:13","guid":{"rendered":"https:\/\/www.infraestruturameioambiente.sp.gov.br\/institutoflorestal\/?page_id=19849"},"modified":"2021-06-01T21:57:46","modified_gmt":"2021-06-02T00:57:46","slug":"revista-v-32-no2","status":"publish","type":"page","link":"https:\/\/www.infraestruturameioambiente.sp.gov.br\/institutoflorestal\/publicacoes-if\/revista-do-if\/revista-v-32-no2\/","title":{"rendered":"REVISTA V.32, N\u00ba2"},"content":{"rendered":"<p><strong>REVISTA V. 32, N. 2- Dez. 2020 &#8211; Revista completa (<a href=\"https:\/\/smastr16.blob.core.windows.net\/iflorestal\/sites\/234\/2021\/03\/rif32-2.pdf\">PDF<\/a>)<\/strong><\/p>\n<p><strong>ARTIGOS CIENT\u00cdFICOS\/ SCIENTIFIC ARTICLES<\/strong><\/p>\n<ul>\n<li style=\"text-align: justify\">Bioenergy potential of 30-year-old <em>Balfourodendron riedellianum<\/em> (Engl.) Engl. and 32-year-old <em>Peltophorum dubium<\/em> (Spreng.) Taub. wood from homogeneous plantations. Potencial bioenerg\u00e9tico das madeiras de <em>Balfourodendron riedellianum<\/em> (Engl.) Engl. aos 30 anos e <em>Peltophorum dubium<\/em> (Spreng.) Taub. aos 32 anos provenientes de plantios homog\u00eaneos. Erick Phelipe AMORIM; Rami Amanda Padua MELO; F\u00e1bio Minoru YAMAJI; Eduardo Luiz LONGUI<\/li>\n<\/ul>\n<p style=\"text-align: right\"><strong><a href=\"https:\/\/smastr16.blob.core.windows.net\/iflorestal\/sites\/234\/2020\/12\/rif32-2_117-127.pdf\">p. 117-127<\/a><\/strong><\/p>\n<ul>\n<li style=\"text-align: justify\">Materiais lignocelul\u00f3sicos em uso pelo setor produtivo de casas de madeira no Brasil.<sup>\u00a0<\/sup>Lignocellulosic materials in use by the production sector of timber houses in Brazil.<sup>\u00a0<\/sup>Victor Almeida DE ARAUJO; Jo\u00e3o Carlos BIAZZON; Elen Aparecida Martines MORALES; Juliana CORTEZ-BARBOSA; Maristela GAVA; Jos\u00e9 Nivaldo GARCIA<\/li>\n<\/ul>\n<p style=\"text-align: right\"><a href=\"https:\/\/smastr16.blob.core.windows.net\/iflorestal\/sites\/234\/2020\/12\/rif32-2_129-141.pdf\"><strong>p. 129-141<\/strong><\/a><\/p>\n<ul>\n<li style=\"text-align: justify\">Plasticidade fenot\u00edpica em folhas de <em>Eucalyptus dunnii<\/em> Maiden e <em>Eucalyptus benthamii<\/em> Maiden &amp; Cambage sob diferentes n\u00edveis de sombreamento.<sup>. <\/sup>Fenotypic plasticity in leaves of <em>Eucalyptus dunnii<\/em> Maiden and <em>Eucalyptus benthamii<\/em> Maiden &amp; Cambage under different shading levels. Aline BIREAHLS; Paulo Cesar Poeta FERMINO JUNIOR<\/li>\n<\/ul>\n<p style=\"text-align: right\"><a href=\"https:\/\/smastr16.blob.core.windows.net\/iflorestal\/sites\/234\/2021\/03\/rif32-2_143-157.pdf\"><strong>p. 143-157<\/strong><\/a><\/p>\n<ul>\n<li style=\"text-align: justify\">Lagartos da Esta\u00e7\u00e3o Ecol\u00f3gica de Angatuba, estado de S\u00e3o Paulo, Brasil. Lizards from Angatuba Ecological Station, state of S\u00e3o Paulo, Brazil. Cybele de Oliveira ARAUJO<\/li>\n<\/ul>\n<p style=\"text-align: right\"><strong><a href=\"https:\/\/smastr16.blob.core.windows.net\/iflorestal\/sites\/234\/2021\/01\/rif32-2_159-170.pdf\">p. 159-170<\/a><\/strong><\/p>\n<ul>\n<li style=\"text-align: justify\">Influence of soil type on wood density and mean annual increment in two commercial <em>Eucalyptus<\/em> clones. Influ\u00eancia do tipo de solo na densidade da madeira e incremento m\u00e9dio anual em dois clones comerciais de <em>Eucalyptus<\/em>. Gustavo Torres Galv\u00e3o da SILVA; Karina MARTINS; Larissa de Lima BELINAZI; Alex Passos dos SANTOS; M\u00e1rcio ROSSI; Eduardo Luiz LONGUI<\/li>\n<\/ul>\n<p style=\"text-align: right\"><a href=\"https:\/\/smastr16.blob.core.windows.net\/iflorestal\/sites\/234\/2021\/03\/rif32-2_171-186.pdf\"><strong>p. 171-186<\/strong><\/a><\/p>\n<ul>\n<li style=\"text-align: justify\">Estrat\u00e9gias para a preserva\u00e7\u00e3o da <em>Araucaria angustifolia<\/em> (Bertol.) Kuntze em Cunha-SP, Brasil: aspectos ambientais, socioecon\u00f4micos e jur\u00eddicos. Strategies for the preservation of <em>Araucaria angustifolia<\/em> (Bertol.) Kuntze in Cunha-SP, Brazil: environmental, socioeconomic and legal aspects. Roberto STARZYNSKI; Marco Aur\u00e9lio NALON; Cesar Gon\u00e7alves Afonso FRIZO; Priscilla Menezes de SOUZA<\/li>\n<\/ul>\n<p style=\"text-align: right\"><a href=\"https:\/\/smastr16.blob.core.windows.net\/iflorestal\/sites\/234\/2020\/12\/rif32-2_187-201.pdf\"><strong>p. 187-201<\/strong><\/a><\/p>\n<ul>\n<li style=\"text-align: justify\">Wood potential of 33-year-old <em>Corymbia citriodora<\/em> for pulp and paper in three soil types. Potencial da madeira de <em>Corymbia citriodora<\/em> de 33 anos de idade para papel e celulose em tr\u00eas tipos de solos. Willyam de Lima VIEIRA; Erick Phelipe AMORIM; Miguel Luiz Menezes FREITAS; Ira\u00ea Amaral GUERRINI; M\u00e1rcio ROSSI; Eduardo Luiz LONGUI<\/li>\n<\/ul>\n<p style=\"text-align: right\"><a href=\"https:\/\/smastr16.blob.core.windows.net\/iflorestal\/sites\/234\/2021\/01\/rif32-2_203-214.pdf\"><strong>p. 203-214<\/strong><\/a><\/p>\n<ul>\n<li style=\"text-align: justify\">Estrutura de clareiras de origem antr\u00f3pica na Serra da Cantareira, SP, Brasil. Structures of man-made clearings in the Serra da Cantareira, SP, Brazil. Frederico Alexandre Roccia Dal Pozzo ARZOLLA; Francisco Eduardo Silva Pinto VILELA; Gl\u00e1ucia Cortez Ramos de PAULA; George John SHEPHERD<\/li>\n<\/ul>\n<p style=\"text-align: right\"><a href=\"https:\/\/smastr16.blob.core.windows.net\/iflorestal\/sites\/234\/2021\/03\/rif32-2_215-237.pdf\"><strong>p. 215-237<\/strong><\/a><\/p>\n<p><strong>NOTA CIENT\u00cdFICA\/ SCIENTIFIC NOTE<\/strong><\/p>\n<ul>\n<li style=\"text-align: justify\">Registros de irara <em>Eira barbara<\/em> (Linnaeus, 1758) com colora\u00e7\u00e3o an\u00f4mala em remanescente de Floresta Estacional Semidecidual no estado de S\u00e3o Paulo, Brasil. Records of tayra <em>Eira barbara<\/em> (Linnaeus, 1758) with anomalous coloring in remnant of Semideciduos Seasonal Forest in S\u00e3o Paulo state, Brazil. Walter Daniel GREGHI; Marina CARBONI; Frederico Fregolente Faracco MAZZIERO; Fabio MAFFEI<\/li>\n<\/ul>\n<p style=\"text-align: right\"><a href=\"https:\/\/smastr16.blob.core.windows.net\/iflorestal\/sites\/234\/2021\/01\/rif32-2_239-245.pdf\"><strong>p. 239-245<\/strong><\/a><\/p>\n","protected":false},"excerpt":{"rendered":"<p>REVISTA V. 32, N. 2- Dez. 2020 &#8211; Revista completa (PDF) ARTIGOS CIENT\u00cdFICOS\/ SCIENTIFIC ARTICLES Bioenergy potential of 30-year-old Balfourodendron riedellianum (Engl.) Engl. and 32-year-old Peltophorum dubium (Spreng.) Taub. wood from homogeneous plantations. Potencial bioenerg\u00e9tico das madeiras de Balfourodendron riedellianum (Engl.) Engl. aos 30 anos e Peltophorum dubium (Spreng.) Taub. aos 32 anos provenientes de [&hellip;]<\/p>\n","protected":false},"author":101,"featured_media":0,"parent":2998,"menu_order":0,"comment_status":"closed","ping_status":"closed","template":"","meta":[],"_links":{"self":[{"href":"https:\/\/www.infraestruturameioambiente.sp.gov.br\/institutoflorestal\/wp-json\/wp\/v2\/pages\/19849"}],"collection":[{"href":"https:\/\/www.infraestruturameioambiente.sp.gov.br\/institutoflorestal\/wp-json\/wp\/v2\/pages"}],"about":[{"href":"https:\/\/www.infraestruturameioambiente.sp.gov.br\/institutoflorestal\/wp-json\/wp\/v2\/types\/page"}],"author":[{"embeddable":true,"href":"https:\/\/www.infraestruturameioambiente.sp.gov.br\/institutoflorestal\/wp-json\/wp\/v2\/users\/101"}],"replies":[{"embeddable":true,"href":"https:\/\/www.infraestruturameioambiente.sp.gov.br\/institutoflorestal\/wp-json\/wp\/v2\/comments?post=19849"}],"version-history":[{"count":22,"href":"https:\/\/www.infraestruturameioambiente.sp.gov.br\/institutoflorestal\/wp-json\/wp\/v2\/pages\/19849\/revisions"}],"predecessor-version":[{"id":20532,"href":"https:\/\/www.infraestruturameioambiente.sp.gov.br\/institutoflorestal\/wp-json\/wp\/v2\/pages\/19849\/revisions\/20532"}],"up":[{"embeddable":true,"href":"https:\/\/www.infraestruturameioambiente.sp.gov.br\/institutoflorestal\/wp-json\/wp\/v2\/pages\/2998"}],"wp:attachment":[{"href":"https:\/\/www.infraestruturameioambiente.sp.gov.br\/institutoflorestal\/wp-json\/wp\/v2\/media?parent=19849"}],"curies":[{"name":"wp","href":"https:\/\/api.w.org\/{rel}","templated":true}]}}