{"id":1945,"date":"2013-03-20T15:46:27","date_gmt":"2013-03-20T18:46:27","guid":{"rendered":"https:\/\/www.infraestruturameioambiente.sp.gov.br\/institutoflorestal\/?page_id=1945"},"modified":"2014-01-30T14:56:30","modified_gmt":"2014-01-30T16:56:30","slug":"dados-metereologicos","status":"publish","type":"page","link":"https:\/\/www.infraestruturameioambiente.sp.gov.br\/institutoflorestal\/pesquisa\/engenharia-florestal\/dados-metereologicos\/","title":{"rendered":"Dados Meteorol\u00f3gicos Hist\u00f3ricos"},"content":{"rendered":"<p><a href=\"https:\/\/www.infraestruturameioambiente.sp.gov.br\/institutoflorestal\/wp-content\/uploads\/sites\/234\/2013\/03\/Esta\u00e7\u00e3o-Metereol\u00f3gica-do-IF1.jpg\"><img decoding=\"async\" loading=\"lazy\" class=\"alignleft size-thumbnail wp-image-1950\" title=\"Esta\u00e7\u00e3o Metereol\u00f3gica do IF\" alt=\"\" src=\"https:\/\/www.infraestruturameioambiente.sp.gov.br\/institutoflorestal\/wp-content\/uploads\/sites\/234\/2013\/03\/Esta\u00e7\u00e3o-Metereol\u00f3gica-do-IF1-150x150.jpg\" width=\"150\" height=\"150\" \/><\/a><\/p>\n<p>Clique sobre o ano para obter os dados meteorol\u00f3gicos<\/p>\n<p><strong>Anos:<\/strong>\u00a0<a href=\"https:\/\/www.infraestruturameioambiente.sp.gov.br\/institutoflorestal\/wp-content\/uploads\/sites\/234\/2013\/03\/SP1992.xls\">1992<\/a> | <a href=\"https:\/\/www.infraestruturameioambiente.sp.gov.br\/institutoflorestal\/wp-content\/uploads\/sites\/234\/2013\/03\/SP1993.xls\">1993<\/a>\u00a0| <a href=\"https:\/\/www.infraestruturameioambiente.sp.gov.br\/institutoflorestal\/wp-content\/uploads\/sites\/234\/2013\/03\/SP1994.xls\">1994<\/a>\u00a0| <a href=\"https:\/\/www.infraestruturameioambiente.sp.gov.br\/institutoflorestal\/wp-content\/uploads\/sites\/234\/2013\/03\/SP1995.xls\">1995<\/a>\u00a0| <a href=\"https:\/\/www.infraestruturameioambiente.sp.gov.br\/institutoflorestal\/wp-content\/uploads\/sites\/234\/2013\/03\/SP1996.xls\">1996<\/a>\u00a0| <a href=\"https:\/\/www.infraestruturameioambiente.sp.gov.br\/institutoflorestal\/wp-content\/uploads\/sites\/234\/2013\/03\/SP1997.xls\">1997<\/a>\u00a0| <a href=\"https:\/\/www.infraestruturameioambiente.sp.gov.br\/institutoflorestal\/wp-content\/uploads\/sites\/234\/2013\/03\/SP1998.xls\">1998<\/a>\u00a0| <a href=\"https:\/\/www.infraestruturameioambiente.sp.gov.br\/institutoflorestal\/wp-content\/uploads\/sites\/234\/2013\/03\/SP1999.xls\">1999<\/a>\u00a0| <a href=\"https:\/\/www.infraestruturameioambiente.sp.gov.br\/institutoflorestal\/wp-content\/uploads\/sites\/234\/2013\/03\/SP2000.xls\">2000<\/a>\u00a0| <a href=\"https:\/\/www.infraestruturameioambiente.sp.gov.br\/institutoflorestal\/wp-content\/uploads\/sites\/234\/2013\/03\/SP2001.xls\">2001<\/a>\u00a0| <a href=\"https:\/\/www.infraestruturameioambiente.sp.gov.br\/institutoflorestal\/wp-content\/uploads\/sites\/234\/2013\/03\/SP2002.xls\">2002<\/a>\u00a0| <a href=\"https:\/\/www.infraestruturameioambiente.sp.gov.br\/institutoflorestal\/wp-content\/uploads\/sites\/234\/2013\/03\/SP2003.xls\">2003<\/a>\u00a0| <a href=\"https:\/\/www.infraestruturameioambiente.sp.gov.br\/institutoflorestal\/wp-content\/uploads\/sites\/234\/2013\/03\/SP2004.xls\">2004<\/a>\u00a0| <a href=\"https:\/\/www.infraestruturameioambiente.sp.gov.br\/institutoflorestal\/wp-content\/uploads\/sites\/234\/2013\/03\/SP2005.xls\">2005<\/a>\u00a0| <a href=\"https:\/\/www.infraestruturameioambiente.sp.gov.br\/institutoflorestal\/wp-content\/uploads\/sites\/234\/2013\/03\/SP2006.xls\">2006<\/a>\u00a0| <a href=\"https:\/\/www.infraestruturameioambiente.sp.gov.br\/institutoflorestal\/wp-content\/uploads\/sites\/234\/2013\/03\/SP2007.xls\">2007<\/a>\u00a0| <a href=\"https:\/\/www.infraestruturameioambiente.sp.gov.br\/institutoflorestal\/wp-content\/uploads\/sites\/234\/2013\/03\/SP2008.xls\">2008<\/a>\u00a0| <a href=\"https:\/\/www.infraestruturameioambiente.sp.gov.br\/institutoflorestal\/wp-content\/uploads\/sites\/234\/2013\/03\/SP2009.xls\">2009<\/a>\u00a0| <a href=\"https:\/\/www.infraestruturameioambiente.sp.gov.br\/institutoflorestal\/wp-content\/uploads\/sites\/234\/2013\/03\/SP2010.xls\">2010<\/a>\u00a0|\u00a0<a href=\"https:\/\/www.infraestruturameioambiente.sp.gov.br\/institutoflorestal\/wp-content\/uploads\/sites\/234\/2013\/03\/sp2011.xls\">2011<\/a><\/p>\n","protected":false},"excerpt":{"rendered":"<p>Clique sobre o ano para obter os dados meteorol\u00f3gicos Anos:\u00a01992 | 1993\u00a0| 1994\u00a0| 1995\u00a0| 1996\u00a0| 1997\u00a0| 1998\u00a0| 1999\u00a0| 2000\u00a0| 2001\u00a0| 2002\u00a0| 2003\u00a0| 2004\u00a0| 2005\u00a0| 2006\u00a0| 2007\u00a0| 2008\u00a0| 2009\u00a0| 2010\u00a0|\u00a02011<\/p>\n","protected":false},"author":8,"featured_media":0,"parent":1913,"menu_order":2,"comment_status":"closed","ping_status":"open","template":"","meta":[],"_links":{"self":[{"href":"https:\/\/www.infraestruturameioambiente.sp.gov.br\/institutoflorestal\/wp-json\/wp\/v2\/pages\/1945"}],"collection":[{"href":"https:\/\/www.infraestruturameioambiente.sp.gov.br\/institutoflorestal\/wp-json\/wp\/v2\/pages"}],"about":[{"href":"https:\/\/www.infraestruturameioambiente.sp.gov.br\/institutoflorestal\/wp-json\/wp\/v2\/types\/page"}],"author":[{"embeddable":true,"href":"https:\/\/www.infraestruturameioambiente.sp.gov.br\/institutoflorestal\/wp-json\/wp\/v2\/users\/8"}],"replies":[{"embeddable":true,"href":"https:\/\/www.infraestruturameioambiente.sp.gov.br\/institutoflorestal\/wp-json\/wp\/v2\/comments?post=1945"}],"version-history":[{"count":8,"href":"https:\/\/www.infraestruturameioambiente.sp.gov.br\/institutoflorestal\/wp-json\/wp\/v2\/pages\/1945\/revisions"}],"predecessor-version":[{"id":7108,"href":"https:\/\/www.infraestruturameioambiente.sp.gov.br\/institutoflorestal\/wp-json\/wp\/v2\/pages\/1945\/revisions\/7108"}],"up":[{"embeddable":true,"href":"https:\/\/www.infraestruturameioambiente.sp.gov.br\/institutoflorestal\/wp-json\/wp\/v2\/pages\/1913"}],"wp:attachment":[{"href":"https:\/\/www.infraestruturameioambiente.sp.gov.br\/institutoflorestal\/wp-json\/wp\/v2\/media?parent=1945"}],"curies":[{"name":"wp","href":"https:\/\/api.w.org\/{rel}","templated":true}]}}